{"id":10060,"date":"2022-03-02T11:43:08","date_gmt":"2022-03-02T10:43:08","guid":{"rendered":"https:\/\/v31.es\/booksonline\/?post_type=product&#038;p=10060"},"modified":"2022-03-25T13:10:46","modified_gmt":"2022-03-25T12:10:46","slug":"esquiar-fuera-de-pista","status":"publish","type":"product","link":"https:\/\/v31.es\/booksonline\/producto\/esquiar-fuera-de-pista\/","title":{"rendered":"Esquiar Fuera de Pista"},"content":{"rendered":"<p>Una sociedad sin nieve virgen.<\/p>\n<p>Esquiar fuera de pista es una imagen deportiva con la que el autor de esta obra se enfrenta al fen\u00f3meno patente del apogeo de lo p\u00fablico y cuantitativo frente a la vida \u00aboriginaria\u00bb que asoma t\u00edmidamente en cada uno. R. Gab\u00e1s, que contribuy\u00f3 en su momento a difundir la \u00abteor\u00eda cr\u00edtica\u00bb (Escuela de Frankfurt), muestra el peligro del \u00abantropocentrismo\u00bb de la Ilustraci\u00f3n. Por eso, en la variedad de dimensiones que descubre en la personalidad humana, insiste en la apertura del hombre hacia regiones que est\u00e1n m\u00e1s all\u00e1 del yo y de la sociedad. En la actualidad, el \u00e9nfasis est\u00e1 cargado sobre lo p\u00fablico, lo social, la conducta observable, las estad\u00edsticas, los grandes n\u00fameros (big data). La informaci\u00f3n invade los sentidos del individuo y, como el asfalto en la pradera, reprime la semilla que aspira a desplegarse all\u00ed. Los augurios mundiales de la pol\u00edtica futura pronostican la victoria de la gran organizaci\u00f3n. Los lemas \u00abtodav\u00eda\u00bb actuales de la pol\u00edtica, en concreto \u00ablibertad\u00bb y \u00abdignidad\u00bb, han sido arrancados de su suelo nutricio y son ahora una simple vociferaci\u00f3n de las masas. Con ello est\u00e1 amenazada Europa en su peculiaridad y est\u00e1 amenazado cada uno de nosotros. El autor, con un lenguaje deportivo y rico en im\u00e1genes, dirige constantemente al lector la exhortaci\u00f3n: \u00absalva tu vida\u00bb.<\/p>\n<p>&nbsp;<\/p>\n","protected":false},"excerpt":{"rendered":"<p>Una sociedad sin nieve virgen. Esquiar fuera de pista es una imagen deportiva con la que el autor de esta obra se enfrenta al fen\u00f3meno patente del apogeo de lo p\u00fablico y cuantitativo frente a la vida \u00aboriginaria\u00bb que asoma t\u00edmidamente en cada uno. R. Gab\u00e1s, que contribuy\u00f3 en su momento a difundir la \u00abteor\u00eda [&hellip;]<\/p>\n","protected":false},"featured_media":10076,"comment_status":"open","ping_status":"closed","template":"","meta":{"_et_pb_use_builder":"off","_et_pb_old_content":"\u201cNada es lo que parece, nada parece lo que es\u201d\r\n\r\n[learn_more caption=\"leer m\u00e1s\"]Nos pasamos la mayor parte de nuestra existencia sumidos en una profunda oscuridad, y no somos conscientes de que con un simple gesto, podemos pulsar el interruptor que llenar\u00eda nuestra vida de luz y felicidad. Pocas son las personas capaces de ver que malgastando nuestro tiempo en esa pelea constante con nosotros mismos y con los dem\u00e1s nunca llegaremos a encontrar lo que realmente buscamos, el amor. El amor llegar\u00e1 a ti si le abres la puerta, o al menos una ventana. El amor no es perfecto, pero es lo \u00fanico por lo que merece la pena sufrir, y sobre todo vivir.[\/learn_more]","_et_gb_content_width":""},"product_brand":[],"product_cat":[350],"product_tag":[],"class_list":{"0":"post-10060","1":"product","2":"type-product","3":"status-publish","4":"has-post-thumbnail","6":"product_cat-kiosco-de-libros","7":"product_shipping_class-envio-estandar","9":"first","10":"instock","11":"taxable","12":"shipping-taxable","13":"purchasable","14":"product-type-simple"},"_links":{"self":[{"href":"https:\/\/v31.es\/booksonline\/wp-json\/wp\/v2\/product\/10060","targetHints":{"allow":["GET"]}}],"collection":[{"href":"https:\/\/v31.es\/booksonline\/wp-json\/wp\/v2\/product"}],"about":[{"href":"https:\/\/v31.es\/booksonline\/wp-json\/wp\/v2\/types\/product"}],"replies":[{"embeddable":true,"href":"https:\/\/v31.es\/booksonline\/wp-json\/wp\/v2\/comments?post=10060"}],"wp:featuredmedia":[{"embeddable":true,"href":"https:\/\/v31.es\/booksonline\/wp-json\/wp\/v2\/media\/10076"}],"wp:attachment":[{"href":"https:\/\/v31.es\/booksonline\/wp-json\/wp\/v2\/media?parent=10060"}],"wp:term":[{"taxonomy":"product_brand","embeddable":true,"href":"https:\/\/v31.es\/booksonline\/wp-json\/wp\/v2\/product_brand?post=10060"},{"taxonomy":"product_cat","embeddable":true,"href":"https:\/\/v31.es\/booksonline\/wp-json\/wp\/v2\/product_cat?post=10060"},{"taxonomy":"product_tag","embeddable":true,"href":"https:\/\/v31.es\/booksonline\/wp-json\/wp\/v2\/product_tag?post=10060"}],"curies":[{"name":"wp","href":"https:\/\/api.w.org\/{rel}","templated":true}]}}