{"id":10274,"date":"2022-05-31T09:10:44","date_gmt":"2022-05-31T07:10:44","guid":{"rendered":"https:\/\/v31.es\/booksonline\/?post_type=product&#038;p=10274"},"modified":"2024-06-03T11:18:33","modified_gmt":"2024-06-03T09:18:33","slug":"tiempos-inciertos","status":"publish","type":"product","link":"https:\/\/v31.es\/booksonline\/producto\/tiempos-inciertos\/","title":{"rendered":"Tiempos Inciertos"},"content":{"rendered":"<p>En los \u00faltimos a\u00f1os del franquismo, muerto Carrero y en medio de una lucha sorda entre los poderes f\u00e1cticos para controlar un r\u00e9gimen moribundo, un joven busca una identidad que sustituya la fe perdida. Se mueve en un pa\u00eds que \u00a0espera la muerte del dictador entre esc\u00e9ptico y esperanzado, indiferente y temeroso, complaciente y luchador. \u00a0Esa exploraci\u00f3n de su interior y de la sociedad conservadora que le envuelve, le lleva a sumergirse en una aventura de lucha contra la represi\u00f3n y consecuci\u00f3n de los derechos civiles, envuelto en una relaci\u00f3n pasional que le espolea.<\/p>\n<p>Los personajes en esta historia se presentan sin avisar desde los diversos espacios de la realidad espa\u00f1ola de aquellos a\u00f1os, constituyendo una\u00a0 miscel\u00e1nea hist\u00f3rica que nutre el ambiente social y familiar del \u00faltimo franquismo. La madre vigilante, los padres conservadores, el republicano adaptado, el polic\u00eda acomodaticio, los amigos contestatarios,\u00a0 el l\u00edder estudiantil, el cura obrero\u2026 \u00a0Cada uno aporta su visi\u00f3n, configurando entre todos la trama de tensi\u00f3n e intriga que mantiene el inter\u00e9s hasta la \u00faltima p\u00e1gina.<\/p>\n<p>Esta novela interesar\u00e1 a aquellos\/as que vivieron los \u00faltimos a\u00f1os del franquismo. Tambi\u00e9n a las generaciones que no conocieron la dictadura. Un episodio de nuestra historia reciente que, en este tiempo de tanto desconcierto y medias verdades, resulta imprescindible conocer. \u00a0Una antesala de nuestra democracia, poblada con otros protagonistas de la transici\u00f3n,\u00a0 gente corriente que se fogue\u00f3 buscando una vida m\u00e1s intensa, un mundo en el que respirar libertad. Donde muchos de ellos vivieron, adem\u00e1s, momentos intensos, cargados de pasi\u00f3n y misterio.<\/p>\n<p>Gustar\u00e1 porque, como dice <u>Jos\u00e9 Luis Corral<\/u> en el pr\u00f3logo <em>\u201c\u2026esta no es solo una novela sobre la reciente historia pol\u00edtica espa\u00f1ola, es tambi\u00e9n una novela de amor y de sentimientos.\u201d\u00a0<\/em><\/p>\n<p>&nbsp;<\/p>\n","protected":false},"excerpt":{"rendered":"<p>En los \u00faltimos a\u00f1os del franquismo, muerto Carrero y en medio de una lucha sorda entre los poderes f\u00e1cticos para controlar un r\u00e9gimen moribundo, un joven busca una identidad que sustituya la fe perdida. Se mueve en un pa\u00eds que \u00a0espera la muerte del dictador entre esc\u00e9ptico y esperanzado, indiferente y temeroso, complaciente y luchador. [&hellip;]<\/p>\n","protected":false},"featured_media":10275,"comment_status":"open","ping_status":"closed","template":"","meta":{"_et_pb_use_builder":"off","_et_pb_old_content":"\u201cNada es lo que parece, nada parece lo que es\u201d\r\n\r\n[learn_more caption=\"leer m\u00e1s\"]Nos pasamos la mayor parte de nuestra existencia sumidos en una profunda oscuridad, y no somos conscientes de que con un simple gesto, podemos pulsar el interruptor que llenar\u00eda nuestra vida de luz y felicidad. Pocas son las personas capaces de ver que malgastando nuestro tiempo en esa pelea constante con nosotros mismos y con los dem\u00e1s nunca llegaremos a encontrar lo que realmente buscamos, el amor. El amor llegar\u00e1 a ti si le abres la puerta, o al menos una ventana. El amor no es perfecto, pero es lo \u00fanico por lo que merece la pena sufrir, y sobre todo vivir.[\/learn_more]","_et_gb_content_width":""},"product_brand":[],"product_cat":[222,361,360],"product_tag":[214],"class_list":{"0":"post-10274","1":"product","2":"type-product","3":"status-publish","4":"has-post-thumbnail","6":"product_cat-editorial-anteo","7":"product_cat-itziar-tesan-onrubia","8":"product_cat-javier-casamian","9":"product_tag-crecimiento-personal","10":"product_shipping_class-envio-estandar","12":"first","13":"instock","14":"taxable","15":"shipping-taxable","16":"purchasable","17":"product-type-simple"},"_links":{"self":[{"href":"https:\/\/v31.es\/booksonline\/wp-json\/wp\/v2\/product\/10274","targetHints":{"allow":["GET"]}}],"collection":[{"href":"https:\/\/v31.es\/booksonline\/wp-json\/wp\/v2\/product"}],"about":[{"href":"https:\/\/v31.es\/booksonline\/wp-json\/wp\/v2\/types\/product"}],"replies":[{"embeddable":true,"href":"https:\/\/v31.es\/booksonline\/wp-json\/wp\/v2\/comments?post=10274"}],"wp:featuredmedia":[{"embeddable":true,"href":"https:\/\/v31.es\/booksonline\/wp-json\/wp\/v2\/media\/10275"}],"wp:attachment":[{"href":"https:\/\/v31.es\/booksonline\/wp-json\/wp\/v2\/media?parent=10274"}],"wp:term":[{"taxonomy":"product_brand","embeddable":true,"href":"https:\/\/v31.es\/booksonline\/wp-json\/wp\/v2\/product_brand?post=10274"},{"taxonomy":"product_cat","embeddable":true,"href":"https:\/\/v31.es\/booksonline\/wp-json\/wp\/v2\/product_cat?post=10274"},{"taxonomy":"product_tag","embeddable":true,"href":"https:\/\/v31.es\/booksonline\/wp-json\/wp\/v2\/product_tag?post=10274"}],"curies":[{"name":"wp","href":"https:\/\/api.w.org\/{rel}","templated":true}]}}

<p>En los últimos años del franquismo, muerto Carrero y en medio de una lucha sorda entre los poderes fácticos para controlar un régimen moribundo, un joven busca una identidad que sustituya la fe perdida. Se mueve en un país que  espera la muerte del dictador entre escéptico y esperanzado, indiferente y temeroso, complaciente y luchador.  Esa exploración de su interior y de la sociedad conservadora que le envuelve, le lleva a sumergirse en una aventura de lucha contra la represión y consecución de los derechos civiles, envuelto en una relación pasional que le espolea.</p>
<p>Los personajes en esta historia se presentan sin avisar desde los diversos espacios de la realidad española de aquellos años, constituyendo una  miscelánea histórica que nutre el ambiente social y familiar del último franquismo. La madre vigilante, los padres conservadores, el republicano adaptado, el policía acomodaticio, los amigos contestatarios,  el líder estudiantil, el cura obrero…  Cada uno aporta su visión, configurando entre todos la trama de tensión e intriga que mantiene el interés hasta la última página.</p>
<p>Esta novela interesará a aquellos/as que vivieron los últimos años del franquismo. También a las generaciones que no conocieron la dictadura. Un episodio de nuestra historia reciente que, en este tiempo de tanto desconcierto y medias verdades, resulta imprescindible conocer.  Una antesala de nuestra democracia, poblada con otros protagonistas de la transición,  gente corriente que se fogueó buscando una vida más intensa, un mundo en el que respirar libertad. Donde muchos de ellos vivieron, además, momentos intensos, cargados de pasión y misterio.</p>
<p>Gustará porque, como dice <u>José Luis Corral</u> en el prólogo <em>“…esta no es solo una novela sobre la reciente historia política española, es también una novela de amor y de sentimientos.” </em></p>
<p>&nbsp;</p>

<p>En los últimos años del franquismo, muerto Carrero y en medio de una lucha sorda entre los poderes fácticos para controlar un régimen moribundo, un joven busca una identidad que sustituya la fe perdida. Se mueve en un país que  espera la muerte del dictador entre escéptico y esperanzado, indiferente y temeroso, complaciente y luchador. [&hellip;]</p>

“Nada es lo que parece, nada parece lo que es”

[learn_more caption="leer más"]Nos pasamos la mayor parte de nuestra existencia sumidos en una profunda oscuridad, y no somos conscientes de que con un simple gesto, podemos pulsar el interruptor que llenaría nuestra vida de luz y felicidad. Pocas son las personas capaces de ver que malgastando nuestro tiempo en esa pelea constante con nosotros mismos y con los demás nunca llegaremos a encontrar lo que realmente buscamos, el amor. El amor llegará a ti si le abres la puerta, o al menos una ventana. El amor no es perfecto, pero es lo único por lo que merece la pena sufrir, y sobre todo vivir.[/learn_more]
