{"id":10306,"date":"2022-11-30T09:22:49","date_gmt":"2022-11-30T08:22:49","guid":{"rendered":"https:\/\/v31.es\/booksonline\/?post_type=product&#038;p=10306"},"modified":"2024-06-03T10:56:30","modified_gmt":"2024-06-03T08:56:30","slug":"historias-dantis-mas-de-biscarrues-2","status":"publish","type":"product","link":"https:\/\/v31.es\/booksonline\/producto\/historias-dantis-mas-de-biscarrues-2\/","title":{"rendered":"Historias d&#8217;antis m\u00e1s de Biscarru\u00e9s"},"content":{"rendered":"<p>Recordar, contar, escribir<br \/>\nUna historia siempre surge cuando se juntan varias personas y repasan el fluir de su vida frente a una mirada que ye capaz de escuchar.<br \/>\nAs\u00ed nace este libro de las manos de Sandra Aragu\u00e1s que crea l\u00edneas a partir de varios encuentros con muchas mujeres, y alg\u00fan hombre, con edades desde los 60 hasta m\u00e1s de 90 a\u00f1os, de nuestro municipio formado por Biscarru\u00e9s, Piedramorrera, Er\u00e9s y La Presa del G\u00e1llego.<br \/>\nDe esta forma gracias a la iniciativa de la Asociaci\u00f3n de Amas de Casa \u00abVirgen de Vallipuerto\u00bb, el ciclo del a\u00f1o, de la vida va pasando por estos cap\u00edtulos con el invierno y as tronadas, la primavera y as flores, el verano con a siega, el oto\u00f1o y as almendras y enseguida a matazia d&#8217;o tozino para que el ciclo vuelva a empezar.<br \/>\nEn Biscarru\u00e9s se plasman historias de cuando una naranja era un tesoro, de los trabajos del campo, de gitanos, de la Semana Santa y sus rezos, de la escuela y sus ca-rra\u00f1azos, del calor y sus fiestas, con cuentos como el del zagardacho y otros poemas y cantas que perduran en la memoria.<br \/>\nEn Piedramorrera se encuentra la escuela llena, las modistillas, los bailes, las judia-das y esa forma tan aragonesa de vivir, con gracia y humor socarr\u00f3n, la dura vida de los a\u00f1os 1950-1960.<\/p>\n","protected":false},"excerpt":{"rendered":"<p>Recordar, contar, escribir Una historia siempre surge cuando se juntan varias personas y repasan el fluir de su vida frente a una mirada que ye capaz de escuchar. As\u00ed nace este libro de las manos de Sandra Aragu\u00e1s que crea l\u00edneas a partir de varios encuentros con muchas mujeres, y alg\u00fan hombre, con edades desde [&hellip;]<\/p>\n","protected":false},"featured_media":10303,"comment_status":"open","ping_status":"closed","template":"","meta":{"_et_pb_use_builder":"off","_et_pb_old_content":"\u201cNada es lo que parece, nada parece lo que es\u201d\r\n\r\n[learn_more caption=\"leer m\u00e1s\"]Nos pasamos la mayor parte de nuestra existencia sumidos en una profunda oscuridad, y no somos conscientes de que con un simple gesto, podemos pulsar el interruptor que llenar\u00eda nuestra vida de luz y felicidad. Pocas son las personas capaces de ver que malgastando nuestro tiempo en esa pelea constante con nosotros mismos y con los dem\u00e1s nunca llegaremos a encontrar lo que realmente buscamos, el amor. El amor llegar\u00e1 a ti si le abres la puerta, o al menos una ventana. El amor no es perfecto, pero es lo \u00fanico por lo que merece la pena sufrir, y sobre todo vivir.[\/learn_more]","_et_gb_content_width":""},"product_brand":[],"product_cat":[367,372,370,371,255,369],"product_tag":[373],"class_list":{"0":"post-10306","1":"product","2":"type-product","3":"status-publish","4":"has-post-thumbnail","6":"product_cat-beatriz-lacruz","7":"product_cat-efemera","8":"product_cat-lola-gimenez-banzo","9":"product_cat-rosa-mai","10":"product_cat-sandra-araguas","11":"product_cat-toni-de-la-rosa","12":"product_tag-cultura-y-tradicion","13":"product_shipping_class-envio-estandar","15":"first","16":"instock","17":"taxable","18":"shipping-taxable","19":"purchasable","20":"product-type-simple"},"_links":{"self":[{"href":"https:\/\/v31.es\/booksonline\/wp-json\/wp\/v2\/product\/10306","targetHints":{"allow":["GET"]}}],"collection":[{"href":"https:\/\/v31.es\/booksonline\/wp-json\/wp\/v2\/product"}],"about":[{"href":"https:\/\/v31.es\/booksonline\/wp-json\/wp\/v2\/types\/product"}],"replies":[{"embeddable":true,"href":"https:\/\/v31.es\/booksonline\/wp-json\/wp\/v2\/comments?post=10306"}],"wp:featuredmedia":[{"embeddable":true,"href":"https:\/\/v31.es\/booksonline\/wp-json\/wp\/v2\/media\/10303"}],"wp:attachment":[{"href":"https:\/\/v31.es\/booksonline\/wp-json\/wp\/v2\/media?parent=10306"}],"wp:term":[{"taxonomy":"product_brand","embeddable":true,"href":"https:\/\/v31.es\/booksonline\/wp-json\/wp\/v2\/product_brand?post=10306"},{"taxonomy":"product_cat","embeddable":true,"href":"https:\/\/v31.es\/booksonline\/wp-json\/wp\/v2\/product_cat?post=10306"},{"taxonomy":"product_tag","embeddable":true,"href":"https:\/\/v31.es\/booksonline\/wp-json\/wp\/v2\/product_tag?post=10306"}],"curies":[{"name":"wp","href":"https:\/\/api.w.org\/{rel}","templated":true}]}}