{"id":10336,"date":"2023-03-13T11:08:36","date_gmt":"2023-03-13T10:08:36","guid":{"rendered":"https:\/\/v31.es\/booksonline\/?post_type=product&#038;p=10336"},"modified":"2024-06-03T10:43:47","modified_gmt":"2024-06-03T08:43:47","slug":"cachitos-de-espiritualidad","status":"publish","type":"product","link":"https:\/\/v31.es\/booksonline\/producto\/cachitos-de-espiritualidad\/","title":{"rendered":"Cachitos de Espiritualidad"},"content":{"rendered":"<p><i>\u00bfHay algo m\u00e1s apasionante que la vida?<\/i><br \/>\n<i>\u00bfBuscas razones por las que merece la pena vivir?<\/i><br \/>\nLa \u00fanica raz\u00f3n de la existencia\u2026 eres t\u00fa.<br \/>\nEstas p\u00e1ginas contienen pensamientos nacidos del silencio, escritos entre melod\u00edas suaves y ritmos de baile, formando un\u00a0crisol de emociones donde el tiempo se detiene y se muestra lo\u00a0invisible a los ojos de la mente. Son peque\u00f1os Cachitos de Espiritualidad que te invitan a reflexionar sobre diversos aspectos\u00a0de la naturaleza humana. La muerte, el sexo, las relaciones, la fe,\u00a0el amor\u2026 Son sencillas palabras que esconden la necesidad de\u00a0entender nuestro mundo en busca de la paz interior que haga\u00a0de nuestro paso por la Tierra una aventura excitante. Tambi\u00e9n\u00a0puedes utilizar este libro eligiendo un texto al azar para meditar\u00a0sobre \u00e9l y tomar conciencia de lo que te sugiere en el momento\u00a0presente. Siento decirle a tu mente que no existe absolutamente\u00a0nada fuera de ti que pueda darte la felicidad. Todo lo que contemplas con los ojos es ef\u00edmero. Solo en el centro de tu coraz\u00f3n\u00a0hallar\u00e1s el motivo de tu existencia. Y a tu coraz\u00f3n le hablo a\u00a0trav\u00e9s de estas p\u00e1ginas, entreg\u00e1ndote este ramo de palabras con\u00a0toda la fuerza, el humor y el Amor de mi Ser.<\/p>\n","protected":false},"excerpt":{"rendered":"<p>\u00bfHay algo m\u00e1s apasionante que la vida? \u00bfBuscas razones por las que merece la pena vivir? La \u00fanica raz\u00f3n de la existencia\u2026 eres t\u00fa. Estas p\u00e1ginas contienen pensamientos nacidos del silencio, escritos entre melod\u00edas suaves y ritmos de baile, formando un\u00a0crisol de emociones donde el tiempo se detiene y se muestra lo\u00a0invisible a los ojos [&hellip;]<\/p>\n","protected":false},"featured_media":10337,"comment_status":"open","ping_status":"closed","template":"","meta":{"_et_pb_use_builder":"off","_et_pb_old_content":"\u201cNada es lo que parece, nada parece lo que es\u201d\r\n\r\n[learn_more caption=\"leer m\u00e1s\"]Nos pasamos la mayor parte de nuestra existencia sumidos en una profunda oscuridad, y no somos conscientes de que con un simple gesto, podemos pulsar el interruptor que llenar\u00eda nuestra vida de luz y felicidad. Pocas son las personas capaces de ver que malgastando nuestro tiempo en esa pelea constante con nosotros mismos y con los dem\u00e1s nunca llegaremos a encontrar lo que realmente buscamos, el amor. El amor llegar\u00e1 a ti si le abres la puerta, o al menos una ventana. El amor no es perfecto, pero es lo \u00fanico por lo que merece la pena sufrir, y sobre todo vivir.[\/learn_more]","_et_gb_content_width":""},"product_brand":[],"product_cat":[383,381],"product_tag":[214],"class_list":{"0":"post-10336","1":"product","2":"type-product","3":"status-publish","4":"has-post-thumbnail","6":"product_cat-circulo-rojo","7":"product_cat-victor-gonzalez-lopez-antar","8":"product_tag-crecimiento-personal","9":"product_shipping_class-envio-estandar","11":"first","12":"instock","13":"taxable","14":"shipping-taxable","15":"purchasable","16":"product-type-simple"},"_links":{"self":[{"href":"https:\/\/v31.es\/booksonline\/wp-json\/wp\/v2\/product\/10336","targetHints":{"allow":["GET"]}}],"collection":[{"href":"https:\/\/v31.es\/booksonline\/wp-json\/wp\/v2\/product"}],"about":[{"href":"https:\/\/v31.es\/booksonline\/wp-json\/wp\/v2\/types\/product"}],"replies":[{"embeddable":true,"href":"https:\/\/v31.es\/booksonline\/wp-json\/wp\/v2\/comments?post=10336"}],"wp:featuredmedia":[{"embeddable":true,"href":"https:\/\/v31.es\/booksonline\/wp-json\/wp\/v2\/media\/10337"}],"wp:attachment":[{"href":"https:\/\/v31.es\/booksonline\/wp-json\/wp\/v2\/media?parent=10336"}],"wp:term":[{"taxonomy":"product_brand","embeddable":true,"href":"https:\/\/v31.es\/booksonline\/wp-json\/wp\/v2\/product_brand?post=10336"},{"taxonomy":"product_cat","embeddable":true,"href":"https:\/\/v31.es\/booksonline\/wp-json\/wp\/v2\/product_cat?post=10336"},{"taxonomy":"product_tag","embeddable":true,"href":"https:\/\/v31.es\/booksonline\/wp-json\/wp\/v2\/product_tag?post=10336"}],"curies":[{"name":"wp","href":"https:\/\/api.w.org\/{rel}","templated":true}]}}