{"id":10496,"date":"2023-12-21T07:42:47","date_gmt":"2023-12-21T06:42:47","guid":{"rendered":"https:\/\/v31.es\/booksonline\/?post_type=product&#038;p=10496"},"modified":"2024-06-03T10:24:41","modified_gmt":"2024-06-03T08:24:41","slug":"mariposas-diurnas-y","status":"publish","type":"product","link":"https:\/\/v31.es\/booksonline\/producto\/mariposas-diurnas-y\/","title":{"rendered":"Mariposas diurnas y &#8230;"},"content":{"rendered":"<p>Alfredo de la Llana Molina, Javier Cambra Mur y Jos\u00e9 Vicente Ferr\u00e1ndez Palacio, 2010,<\/p>\n<p>Cat\u00e1logo realizado a trav\u00e9s de un estudio de campo y por el cual se han concretado especies y se estudia su taxonom\u00eda, morfolog\u00eda, biolog\u00eda, h\u00e1bitat, \u00e9poca de vuelo, plantas nutricias, localizaci\u00f3n, abundancia y estado de conservaci\u00f3n de sus poblaciones.<\/p>\n","protected":false},"excerpt":{"rendered":"<p>Alfredo de la Llana Molina, Javier Cambra Mur y Jos\u00e9 Vicente Ferr\u00e1ndez Palacio, 2010, Cat\u00e1logo realizado a trav\u00e9s de un estudio de campo y por el cual se han concretado especies y se estudia su taxonom\u00eda, morfolog\u00eda, biolog\u00eda, h\u00e1bitat, \u00e9poca de vuelo, plantas nutricias, localizaci\u00f3n, abundancia y estado de conservaci\u00f3n de sus poblaciones.<\/p>\n","protected":false},"featured_media":10497,"comment_status":"open","ping_status":"closed","template":"","meta":{"_et_pb_use_builder":"off","_et_pb_old_content":"\u201cNada es lo que parece, nada parece lo que es\u201d\r\n\r\n[learn_more caption=\"leer m\u00e1s\"]Nos pasamos la mayor parte de nuestra existencia sumidos en una profunda oscuridad, y no somos conscientes de que con un simple gesto, podemos pulsar el interruptor que llenar\u00eda nuestra vida de luz y felicidad. Pocas son las personas capaces de ver que malgastando nuestro tiempo en esa pelea constante con nosotros mismos y con los dem\u00e1s nunca llegaremos a encontrar lo que realmente buscamos, el amor. El amor llegar\u00e1 a ti si le abres la puerta, o al menos una ventana. El amor no es perfecto, pero es lo \u00fanico por lo que merece la pena sufrir, y sobre todo vivir.[\/learn_more]","_et_gb_content_width":""},"product_brand":[],"product_cat":[397,390,398,269],"product_tag":[392],"class_list":{"0":"post-10496","1":"product","2":"type-product","3":"status-publish","4":"has-post-thumbnail","6":"product_cat-alfredo-de-la-llana-molina","7":"product_cat-cehimo","8":"product_cat-javier-cambra-mur","9":"product_cat-jose-vicente-ferrandez-palacio","10":"product_tag-colecciones","11":"product_shipping_class-envio-estandar","13":"first","14":"instock","15":"taxable","16":"shipping-taxable","17":"purchasable","18":"product-type-simple"},"_links":{"self":[{"href":"https:\/\/v31.es\/booksonline\/wp-json\/wp\/v2\/product\/10496","targetHints":{"allow":["GET"]}}],"collection":[{"href":"https:\/\/v31.es\/booksonline\/wp-json\/wp\/v2\/product"}],"about":[{"href":"https:\/\/v31.es\/booksonline\/wp-json\/wp\/v2\/types\/product"}],"replies":[{"embeddable":true,"href":"https:\/\/v31.es\/booksonline\/wp-json\/wp\/v2\/comments?post=10496"}],"wp:featuredmedia":[{"embeddable":true,"href":"https:\/\/v31.es\/booksonline\/wp-json\/wp\/v2\/media\/10497"}],"wp:attachment":[{"href":"https:\/\/v31.es\/booksonline\/wp-json\/wp\/v2\/media?parent=10496"}],"wp:term":[{"taxonomy":"product_brand","embeddable":true,"href":"https:\/\/v31.es\/booksonline\/wp-json\/wp\/v2\/product_brand?post=10496"},{"taxonomy":"product_cat","embeddable":true,"href":"https:\/\/v31.es\/booksonline\/wp-json\/wp\/v2\/product_cat?post=10496"},{"taxonomy":"product_tag","embeddable":true,"href":"https:\/\/v31.es\/booksonline\/wp-json\/wp\/v2\/product_tag?post=10496"}],"curies":[{"name":"wp","href":"https:\/\/api.w.org\/{rel}","templated":true}]}}