{"id":10516,"date":"2024-01-03T10:58:42","date_gmt":"2024-01-03T09:58:42","guid":{"rendered":"https:\/\/v31.es\/booksonline\/?post_type=product&#038;p=10516"},"modified":"2024-06-03T10:22:34","modified_gmt":"2024-06-03T08:22:34","slug":"manolo-campo","status":"publish","type":"product","link":"https:\/\/v31.es\/booksonline\/producto\/manolo-campo\/","title":{"rendered":"Manolo Campo"},"content":{"rendered":"<p><strong>MANOLO CAMPO Y EL BEL\u00c9N DE MONZ\u00d3N<\/strong><\/p>\n<p>Pedro Garc\u00eda Sena (texto) Mar\u00e7al Abella Bresc\u00f3 (ilustraciones)<\/p>\n<p>Presentado en la Navidad de 2020 es un c\u00f3mic homenaje al creador del bel\u00e9n m\u00e1s grande de Espa\u00f1a, al producirse su fallecimiento a principios de este a\u00f1o. Tras unas palabras de reconocimiento de las personalidades m\u00e1s significativas de la vida local, comarcal y provincial a la figura de Manolo Campo y la transcripci\u00f3n de una entrevista que realiz\u00f3 explicando sus recuerdos, se desarrolla una trama en forma de c\u00f3mic para recordar la historia desde su nacimiento hasta la actualidad de este bel\u00e9n, entremezclado con escenas de fantas\u00eda y an\u00e9cdotas, que hacen una lectura amena y entretenida con un punto de humor.<\/p>\n","protected":false},"excerpt":{"rendered":"<p>MANOLO CAMPO Y EL BEL\u00c9N DE MONZ\u00d3N Pedro Garc\u00eda Sena (texto) Mar\u00e7al Abella Bresc\u00f3 (ilustraciones) Presentado en la Navidad de 2020 es un c\u00f3mic homenaje al creador del bel\u00e9n m\u00e1s grande de Espa\u00f1a, al producirse su fallecimiento a principios de este a\u00f1o. Tras unas palabras de reconocimiento de las personalidades m\u00e1s significativas de la vida [&hellip;]<\/p>\n","protected":false},"featured_media":10517,"comment_status":"open","ping_status":"closed","template":"","meta":{"_et_pb_use_builder":"off","_et_pb_old_content":"\u201cNada es lo que parece, nada parece lo que es\u201d\r\n\r\n[learn_more caption=\"leer m\u00e1s\"]Nos pasamos la mayor parte de nuestra existencia sumidos en una profunda oscuridad, y no somos conscientes de que con un simple gesto, podemos pulsar el interruptor que llenar\u00eda nuestra vida de luz y felicidad. Pocas son las personas capaces de ver que malgastando nuestro tiempo en esa pelea constante con nosotros mismos y con los dem\u00e1s nunca llegaremos a encontrar lo que realmente buscamos, el amor. El amor llegar\u00e1 a ti si le abres la puerta, o al menos una ventana. El amor no es perfecto, pero es lo \u00fanico por lo que merece la pena sufrir, y sobre todo vivir.[\/learn_more]","_et_gb_content_width":""},"product_brand":[],"product_cat":[390,401,400],"product_tag":[392,399],"class_list":{"0":"post-10516","1":"product","2":"type-product","3":"status-publish","4":"has-post-thumbnail","6":"product_cat-cehimo","7":"product_cat-marcal-abella-bresco","8":"product_cat-pedro-garcia-sena","9":"product_tag-colecciones","10":"product_tag-comic","11":"product_shipping_class-envio-estandar","13":"first","14":"instock","15":"taxable","16":"shipping-taxable","17":"purchasable","18":"product-type-simple"},"_links":{"self":[{"href":"https:\/\/v31.es\/booksonline\/wp-json\/wp\/v2\/product\/10516","targetHints":{"allow":["GET"]}}],"collection":[{"href":"https:\/\/v31.es\/booksonline\/wp-json\/wp\/v2\/product"}],"about":[{"href":"https:\/\/v31.es\/booksonline\/wp-json\/wp\/v2\/types\/product"}],"replies":[{"embeddable":true,"href":"https:\/\/v31.es\/booksonline\/wp-json\/wp\/v2\/comments?post=10516"}],"wp:featuredmedia":[{"embeddable":true,"href":"https:\/\/v31.es\/booksonline\/wp-json\/wp\/v2\/media\/10517"}],"wp:attachment":[{"href":"https:\/\/v31.es\/booksonline\/wp-json\/wp\/v2\/media?parent=10516"}],"wp:term":[{"taxonomy":"product_brand","embeddable":true,"href":"https:\/\/v31.es\/booksonline\/wp-json\/wp\/v2\/product_brand?post=10516"},{"taxonomy":"product_cat","embeddable":true,"href":"https:\/\/v31.es\/booksonline\/wp-json\/wp\/v2\/product_cat?post=10516"},{"taxonomy":"product_tag","embeddable":true,"href":"https:\/\/v31.es\/booksonline\/wp-json\/wp\/v2\/product_tag?post=10516"}],"curies":[{"name":"wp","href":"https:\/\/api.w.org\/{rel}","templated":true}]}}

<p><strong>MANOLO CAMPO Y EL BELÉN DE MONZÓN</strong></p>
<p>Pedro García Sena (texto) Marçal Abella Brescó (ilustraciones)</p>
<p>Presentado en la Navidad de 2020 es un cómic homenaje al creador del belén más grande de España, al producirse su fallecimiento a principios de este año. Tras unas palabras de reconocimiento de las personalidades más significativas de la vida local, comarcal y provincial a la figura de Manolo Campo y la transcripción de una entrevista que realizó explicando sus recuerdos, se desarrolla una trama en forma de cómic para recordar la historia desde su nacimiento hasta la actualidad de este belén, entremezclado con escenas de fantasía y anécdotas, que hacen una lectura amena y entretenida con un punto de humor.</p>

<p>MANOLO CAMPO Y EL BELÉN DE MONZÓN Pedro García Sena (texto) Marçal Abella Brescó (ilustraciones) Presentado en la Navidad de 2020 es un cómic homenaje al creador del belén más grande de España, al producirse su fallecimiento a principios de este año. Tras unas palabras de reconocimiento de las personalidades más significativas de la vida [&hellip;]</p>

“Nada es lo que parece, nada parece lo que es”

[learn_more caption="leer más"]Nos pasamos la mayor parte de nuestra existencia sumidos en una profunda oscuridad, y no somos conscientes de que con un simple gesto, podemos pulsar el interruptor que llenaría nuestra vida de luz y felicidad. Pocas son las personas capaces de ver que malgastando nuestro tiempo en esa pelea constante con nosotros mismos y con los demás nunca llegaremos a encontrar lo que realmente buscamos, el amor. El amor llegará a ti si le abres la puerta, o al menos una ventana. El amor no es perfecto, pero es lo único por lo que merece la pena sufrir, y sobre todo vivir.[/learn_more]
