{"id":10528,"date":"2024-01-09T10:24:56","date_gmt":"2024-01-09T09:24:56","guid":{"rendered":"https:\/\/v31.es\/booksonline\/?post_type=product&#038;p=10528"},"modified":"2024-02-13T07:43:21","modified_gmt":"2024-02-13T06:43:21","slug":"peralta-de-la-sal-en-el-recuerdo-copia","status":"publish","type":"product","link":"https:\/\/v31.es\/booksonline\/producto\/peralta-de-la-sal-en-el-recuerdo-copia\/","title":{"rendered":"Peralta de la Sal en el Recuerdo"},"content":{"rendered":"<p>Encontramos: Los a\u00f1os que hubo m\u00e1s nacidos y fallecidos desde que se fundo el registro civil. Veremos que el 7 de Enero de 1932, hubo un entierro escoltado con Orquesta y \u00absense Capella\u00bb . Conoceremos la \u00e9poca que en Peralta de la Sal Hab\u00eda tres m\u00e9dicos. Durante los d\u00edas 20 al 27 de septiembre de 1906 hubo un refuerzo de civiles por el cobro del consumo&#8230;<\/p>\n","protected":false},"excerpt":{"rendered":"<p>Encontramos: Los a\u00f1os que hubo m\u00e1s nacidos y fallecidos desde que se fundo el registro civil. Veremos que el 7 de Enero de 1932, hubo un entierro escoltado con Orquesta y \u00absense Capella\u00bb . Conoceremos la \u00e9poca que en Peralta de la Sal Hab\u00eda tres m\u00e9dicos. Durante los d\u00edas 20 al 27 de septiembre de [&hellip;]<\/p>\n","protected":false},"featured_media":10142,"comment_status":"open","ping_status":"closed","template":"","meta":{"_et_pb_use_builder":"off","_et_pb_old_content":"\u201cNada es lo que parece, nada parece lo que es\u201d\r\n\r\n[learn_more caption=\"leer m\u00e1s\"]Nos pasamos la mayor parte de nuestra existencia sumidos en una profunda oscuridad, y no somos conscientes de que con un simple gesto, podemos pulsar el interruptor que llenar\u00eda nuestra vida de luz y felicidad. Pocas son las personas capaces de ver que malgastando nuestro tiempo en esa pelea constante con nosotros mismos y con los dem\u00e1s nunca llegaremos a encontrar lo que realmente buscamos, el amor. El amor llegar\u00e1 a ti si le abres la puerta, o al menos una ventana. El amor no es perfecto, pero es lo \u00fanico por lo que merece la pena sufrir, y sobre todo vivir.[\/learn_more]","_et_gb_content_width":""},"product_brand":[],"product_cat":[350],"product_tag":[214],"class_list":{"0":"post-10528","1":"product","2":"type-product","3":"status-publish","4":"has-post-thumbnail","6":"product_cat-kiosco-de-libros","7":"product_tag-crecimiento-personal","8":"product_shipping_class-envio-estandar","10":"first","11":"outofstock","12":"taxable","13":"shipping-taxable","14":"purchasable","15":"product-type-simple"},"_links":{"self":[{"href":"https:\/\/v31.es\/booksonline\/wp-json\/wp\/v2\/product\/10528","targetHints":{"allow":["GET"]}}],"collection":[{"href":"https:\/\/v31.es\/booksonline\/wp-json\/wp\/v2\/product"}],"about":[{"href":"https:\/\/v31.es\/booksonline\/wp-json\/wp\/v2\/types\/product"}],"replies":[{"embeddable":true,"href":"https:\/\/v31.es\/booksonline\/wp-json\/wp\/v2\/comments?post=10528"}],"wp:featuredmedia":[{"embeddable":true,"href":"https:\/\/v31.es\/booksonline\/wp-json\/wp\/v2\/media\/10142"}],"wp:attachment":[{"href":"https:\/\/v31.es\/booksonline\/wp-json\/wp\/v2\/media?parent=10528"}],"wp:term":[{"taxonomy":"product_brand","embeddable":true,"href":"https:\/\/v31.es\/booksonline\/wp-json\/wp\/v2\/product_brand?post=10528"},{"taxonomy":"product_cat","embeddable":true,"href":"https:\/\/v31.es\/booksonline\/wp-json\/wp\/v2\/product_cat?post=10528"},{"taxonomy":"product_tag","embeddable":true,"href":"https:\/\/v31.es\/booksonline\/wp-json\/wp\/v2\/product_tag?post=10528"}],"curies":[{"name":"wp","href":"https:\/\/api.w.org\/{rel}","templated":true}]}}

<p>Encontramos: Los años que hubo más nacidos y fallecidos desde que se fundo el registro civil. Veremos que el 7 de Enero de 1932, hubo un entierro escoltado con Orquesta y «sense Capella» . Conoceremos la época que en Peralta de la Sal Había tres médicos. Durante los días 20 al 27 de septiembre de 1906 hubo un refuerzo de civiles por el cobro del consumo&#8230;</p>

<p>Encontramos: Los años que hubo más nacidos y fallecidos desde que se fundo el registro civil. Veremos que el 7 de Enero de 1932, hubo un entierro escoltado con Orquesta y «sense Capella» . Conoceremos la época que en Peralta de la Sal Había tres médicos. Durante los días 20 al 27 de septiembre de [&hellip;]</p>

“Nada es lo que parece, nada parece lo que es”

[learn_more caption="leer más"]Nos pasamos la mayor parte de nuestra existencia sumidos en una profunda oscuridad, y no somos conscientes de que con un simple gesto, podemos pulsar el interruptor que llenaría nuestra vida de luz y felicidad. Pocas son las personas capaces de ver que malgastando nuestro tiempo en esa pelea constante con nosotros mismos y con los demás nunca llegaremos a encontrar lo que realmente buscamos, el amor. El amor llegará a ti si le abres la puerta, o al menos una ventana. El amor no es perfecto, pero es lo único por lo que merece la pena sufrir, y sobre todo vivir.[/learn_more]
