{"id":10577,"date":"2024-06-03T09:51:02","date_gmt":"2024-06-03T07:51:02","guid":{"rendered":"https:\/\/v31.es\/booksonline\/?post_type=product&#038;p=10577"},"modified":"2025-10-10T09:56:00","modified_gmt":"2025-10-10T07:56:00","slug":"caligrafia-historica-2","status":"publish","type":"product","link":"https:\/\/v31.es\/booksonline\/producto\/caligrafia-historica-2\/","title":{"rendered":"Caligraf\u00eda Hist\u00f3rica 2"},"content":{"rendered":"<p>De donde se dan instrucciones menos o m\u00e1s precisas dirigidas a principiantes, diletantes o profesionales para adquirir los secretos<br \/>\nde diversas escrituras caligr\u00e1ficas de los siglos XV, XVI y XVII.<\/p>\n<p>Ricardo Vicente, cal\u00edgrafo.<br \/>\nHace m\u00e1s de veinte a\u00f1os que intenta perfeccionar letras en todos sus estilos. Inicialmente estudia caligraf\u00eda \u00e1rabe en T\u00fanez y m\u00e1s tarde, formado como arabista en la Universidad Aut\u00f3noma de Madrid, se traslada a Egipto donde reside durante varios a\u00f1os como profesor en varias universidades; profundiza en el estudio de la caligraf\u00eda \u00e1rabe en la Universidad de al-Azhar y en la Escuela de Perfeccionamiento de Caligraf\u00eda \u00c1rabe de El Cairo.<\/p>\n<p>En la actualidad es cal\u00edgrafo aut\u00f3nomo y atiende encargos en su estudio AULARIUM, en Bin\u00e9far (Huesca), lugar en el que da clases de caligraf\u00eda a lo largo<br \/>\nde todo el a\u00f1o. Es instructor habitual en el Museo de la Biblioteca Nacional de Madrid, tambi\u00e9n en Casa \u00c1rabe de Madrid y C\u00f3rdoba, Museo Sefard\u00ed de Toledo, Museo Arqueol\u00f3gico Nacional de Madrid, entre otras instituciones; imparte charlas, cursos y talleres en centros de ense\u00f1anza de Primaria y de Secundaria, Escuelas de Arte, Universidades y all\u00ed donde se le requiera. Sigue trabajando en los pr\u00f3ximos t\u00edtulos de la colecci\u00f3n CALIGRAF\u00cdA HIST\u00d3RICA.<\/p>\n<p>&nbsp;<\/p>\n<p>&nbsp;<\/p>\n","protected":false},"excerpt":{"rendered":"<p>De donde se dan instrucciones menos o m\u00e1s precisas dirigidas a principiantes, diletantes o profesionales para adquirir los secretos de diversas escrituras caligr\u00e1ficas de los siglos XV, XVI y XVII. Ricardo Vicente, cal\u00edgrafo. Hace m\u00e1s de veinte a\u00f1os que intenta perfeccionar letras en todos sus estilos. Inicialmente estudia caligraf\u00eda \u00e1rabe en T\u00fanez y m\u00e1s tarde, [&hellip;]<\/p>\n","protected":false},"featured_media":10578,"comment_status":"open","ping_status":"closed","template":"","meta":{"_et_pb_use_builder":"","_et_pb_old_content":"","_et_gb_content_width":""},"product_brand":[],"product_cat":[218,346],"product_tag":[347],"class_list":{"0":"post-10577","1":"product","2":"type-product","3":"status-publish","4":"has-post-thumbnail","6":"product_cat-booksonline","7":"product_cat-ricardo-vicente","8":"product_tag-caligrafia","9":"product_shipping_class-envio-estandar","11":"first","12":"instock","13":"taxable","14":"shipping-taxable","15":"purchasable","16":"product-type-simple"},"_links":{"self":[{"href":"https:\/\/v31.es\/booksonline\/wp-json\/wp\/v2\/product\/10577","targetHints":{"allow":["GET"]}}],"collection":[{"href":"https:\/\/v31.es\/booksonline\/wp-json\/wp\/v2\/product"}],"about":[{"href":"https:\/\/v31.es\/booksonline\/wp-json\/wp\/v2\/types\/product"}],"replies":[{"embeddable":true,"href":"https:\/\/v31.es\/booksonline\/wp-json\/wp\/v2\/comments?post=10577"}],"wp:featuredmedia":[{"embeddable":true,"href":"https:\/\/v31.es\/booksonline\/wp-json\/wp\/v2\/media\/10578"}],"wp:attachment":[{"href":"https:\/\/v31.es\/booksonline\/wp-json\/wp\/v2\/media?parent=10577"}],"wp:term":[{"taxonomy":"product_brand","embeddable":true,"href":"https:\/\/v31.es\/booksonline\/wp-json\/wp\/v2\/product_brand?post=10577"},{"taxonomy":"product_cat","embeddable":true,"href":"https:\/\/v31.es\/booksonline\/wp-json\/wp\/v2\/product_cat?post=10577"},{"taxonomy":"product_tag","embeddable":true,"href":"https:\/\/v31.es\/booksonline\/wp-json\/wp\/v2\/product_tag?post=10577"}],"curies":[{"name":"wp","href":"https:\/\/api.w.org\/{rel}","templated":true}]}}

Caligrafía Histórica 2

<p>De donde se dan instrucciones menos o más precisas dirigidas a principiantes, diletantes o profesionales para adquirir los secretos<br />
de diversas escrituras caligráficas de los siglos XV, XVI y XVII.</p>
<p>Ricardo Vicente, calígrafo.<br />
Hace más de veinte años que intenta perfeccionar letras en todos sus estilos. Inicialmente estudia caligrafía árabe en Túnez y más tarde, formado como arabista en la Universidad Autónoma de Madrid, se traslada a Egipto donde reside durante varios años como profesor en varias universidades; profundiza en el estudio de la caligrafía árabe en la Universidad de al-Azhar y en la Escuela de Perfeccionamiento de Caligrafía Árabe de El Cairo.</p>
<p>En la actualidad es calígrafo autónomo y atiende encargos en su estudio AULARIUM, en Binéfar (Huesca), lugar en el que da clases de caligrafía a lo largo<br />
de todo el año. Es instructor habitual en el Museo de la Biblioteca Nacional de Madrid, también en Casa Árabe de Madrid y Córdoba, Museo Sefardí de Toledo, Museo Arqueológico Nacional de Madrid, entre otras instituciones; imparte charlas, cursos y talleres en centros de enseñanza de Primaria y de Secundaria, Escuelas de Arte, Universidades y allí donde se le requiera. Sigue trabajando en los próximos títulos de la colección CALIGRAFÍA HISTÓRICA.</p>
<p>&nbsp;</p>
<p>&nbsp;</p>

<p>De donde se dan instrucciones menos o más precisas dirigidas a principiantes, diletantes o profesionales para adquirir los secretos de diversas escrituras caligráficas de los siglos XV, XVI y XVII. Ricardo Vicente, calígrafo. Hace más de veinte años que intenta perfeccionar letras en todos sus estilos. Inicialmente estudia caligrafía árabe en Túnez y más tarde, [&hellip;]</p>
