{"id":10819,"date":"2025-06-24T15:58:13","date_gmt":"2025-06-24T13:58:13","guid":{"rendered":"https:\/\/v31.es\/booksonline\/?post_type=product&#038;p=10819"},"modified":"2025-06-24T16:08:23","modified_gmt":"2025-06-24T14:08:23","slug":"cuadernos-04","status":"publish","type":"product","link":"https:\/\/v31.es\/booksonline\/producto\/cuadernos-04\/","title":{"rendered":"Cuadernos 04"},"content":{"rendered":"<p><strong>COLECCI\u00d3N CUADERNOS<\/strong><\/p>\n<p>Del Centro de Estudios de la Historia de Monz\u00f3n\u00a0 &#8211; N\u00famero 04, Junio 1986<\/p>\n<p>\u2022 II Campo Internacional de Trabajo en el Castillo de Monz\u00f3n<br \/>\n\u2022 Las monedas ib\u00e9ricas de Masonsa. (A. Beltr\u00e1n)<br \/>\n\u2022 Dos nuevos yacimientos en las proximidades del r\u00edo Sosa. (A. Flor\u00eda<br \/>\nPons, J.A. Sol\u00e1ns Torres y M.C. Sopena Vici\u00e9n)<br \/>\n\u2022 De la Edad de Piedra a la Edad del Hierro (IV). (J.L. Montaner<br \/>\nBuil)<br \/>\n\u2022 Estado actual de las investigaciones prehist\u00f3ricas en la comarca<br \/>\nde Monz\u00f3n. (J.L. Montaner, M.C. Sopena, J.M. Rodan\u00e9s,<br \/>\nM.L. Montes, C. Mazo)<br \/>\n\u2022 El an\u00e1lisis espacial en torno a Monz\u00f3n. (J.A. Til Olivera)<br \/>\n\u2022 Monz\u00f3n en versi\u00f3n de Pascual Madoz e Ib\u00e1\u00f1ez (1806-1870). (J.A.<br \/>\nTil Olivera)<br \/>\n\u2022 Hospital de San Francisco, esperanza de salvaci\u00f3n. (C. Arenillas<br \/>\nMoli)<\/p>\n<p>&nbsp;<\/p>\n<p>&nbsp;<\/p>\n","protected":false},"excerpt":{"rendered":"<p>COLECCI\u00d3N CUADERNOS Del Centro de Estudios de la Historia de Monz\u00f3n\u00a0 &#8211; N\u00famero 04, Junio 1986 \u2022 II Campo Internacional de Trabajo en el Castillo de Monz\u00f3n \u2022 Las monedas ib\u00e9ricas de Masonsa. (A. Beltr\u00e1n) \u2022 Dos nuevos yacimientos en las proximidades del r\u00edo Sosa. (A. Flor\u00eda Pons, J.A. Sol\u00e1ns Torres y M.C. Sopena Vici\u00e9n) [&hellip;]<\/p>\n","protected":false},"featured_media":10820,"comment_status":"open","ping_status":"closed","template":"","meta":{"_et_pb_use_builder":"off","_et_pb_old_content":"\u201cNada es lo que parece, nada parece lo que es\u201d\r\n\r\n[learn_more caption=\"leer m\u00e1s\"]Nos pasamos la mayor parte de nuestra existencia sumidos en una profunda oscuridad, y no somos conscientes de que con un simple gesto, podemos pulsar el interruptor que llenar\u00eda nuestra vida de luz y felicidad. Pocas son las personas capaces de ver que malgastando nuestro tiempo en esa pelea constante con nosotros mismos y con los dem\u00e1s nunca llegaremos a encontrar lo que realmente buscamos, el amor. El amor llegar\u00e1 a ti si le abres la puerta, o al menos una ventana. El amor no es perfecto, pero es lo \u00fanico por lo que merece la pena sufrir, y sobre todo vivir.[\/learn_more]","_et_gb_content_width":""},"product_brand":[],"product_cat":[390,445],"product_tag":[392,446],"class_list":{"0":"post-10819","1":"product","2":"type-product","3":"status-publish","4":"has-post-thumbnail","6":"product_cat-cehimo","7":"product_cat-j-montaner-buil","8":"product_tag-colecciones","9":"product_tag-cuadernos","10":"product_shipping_class-envio-estandar","12":"first","13":"instock","14":"taxable","15":"shipping-taxable","16":"purchasable","17":"product-type-simple"},"_links":{"self":[{"href":"https:\/\/v31.es\/booksonline\/wp-json\/wp\/v2\/product\/10819","targetHints":{"allow":["GET"]}}],"collection":[{"href":"https:\/\/v31.es\/booksonline\/wp-json\/wp\/v2\/product"}],"about":[{"href":"https:\/\/v31.es\/booksonline\/wp-json\/wp\/v2\/types\/product"}],"replies":[{"embeddable":true,"href":"https:\/\/v31.es\/booksonline\/wp-json\/wp\/v2\/comments?post=10819"}],"wp:featuredmedia":[{"embeddable":true,"href":"https:\/\/v31.es\/booksonline\/wp-json\/wp\/v2\/media\/10820"}],"wp:attachment":[{"href":"https:\/\/v31.es\/booksonline\/wp-json\/wp\/v2\/media?parent=10819"}],"wp:term":[{"taxonomy":"product_brand","embeddable":true,"href":"https:\/\/v31.es\/booksonline\/wp-json\/wp\/v2\/product_brand?post=10819"},{"taxonomy":"product_cat","embeddable":true,"href":"https:\/\/v31.es\/booksonline\/wp-json\/wp\/v2\/product_cat?post=10819"},{"taxonomy":"product_tag","embeddable":true,"href":"https:\/\/v31.es\/booksonline\/wp-json\/wp\/v2\/product_tag?post=10819"}],"curies":[{"name":"wp","href":"https:\/\/api.w.org\/{rel}","templated":true}]}}