{"id":10823,"date":"2025-06-24T16:14:08","date_gmt":"2025-06-24T14:14:08","guid":{"rendered":"https:\/\/v31.es\/booksonline\/?post_type=product&#038;p=10823"},"modified":"2025-06-24T16:22:42","modified_gmt":"2025-06-24T14:22:42","slug":"cuadernos-07","status":"publish","type":"product","link":"https:\/\/v31.es\/booksonline\/producto\/cuadernos-07\/","title":{"rendered":"Cuadernos 07"},"content":{"rendered":"<p><strong>COLECCI\u00d3N CUADERNOS<\/strong><\/p>\n<p><strong>CUADERNOS N.\u00ba 7. DICIEMBRE 1986<\/strong><\/p>\n<p>\u2022 Nuevos materiales cer\u00e1micos del yacimiento ibero-romano de la<br \/>\nAlegr\u00eda (Monz\u00f3n-Huesca). (A. Flor\u00eda Pons y J.A. Solans Torres)<br \/>\n\u2022 De la Edad de Piedra a la Edad del Hierro (V). (J.L. Montaner<br \/>\nBuil)<br \/>\n\u2022 Desde el Golfo de Vizcaya al plegamiento pirenaico (I). (E. Ferrer<br \/>\nGuarga)<br \/>\n\u2022 La Azucarera de Monz\u00f3n. (J. Lanao, G. Toro, C. Barrera,<br \/>\nJ.C. Truc, D. Fauquer, J. Galindo)<br \/>\n\u2022 La Juder\u00eda de Monz\u00f3n. Notas para su estudio. (J.M. Vilad\u00e9s Castillo)<br \/>\n\u2022 Monz\u00f3n y su historia moderna (I). (R. Raluy Atanasio).<\/p>\n<p>&nbsp;<\/p>\n","protected":false},"excerpt":{"rendered":"<p>COLECCI\u00d3N CUADERNOS CUADERNOS N.\u00ba 7. DICIEMBRE 1986 \u2022 Nuevos materiales cer\u00e1micos del yacimiento ibero-romano de la Alegr\u00eda (Monz\u00f3n-Huesca). (A. Flor\u00eda Pons y J.A. Solans Torres) \u2022 De la Edad de Piedra a la Edad del Hierro (V). (J.L. Montaner Buil) \u2022 Desde el Golfo de Vizcaya al plegamiento pirenaico (I). (E. Ferrer Guarga) \u2022 La [&hellip;]<\/p>\n","protected":false},"featured_media":10824,"comment_status":"open","ping_status":"closed","template":"","meta":{"_et_pb_use_builder":"off","_et_pb_old_content":"\u201cNada es lo que parece, nada parece lo que es\u201d\r\n\r\n[learn_more caption=\"leer m\u00e1s\"]Nos pasamos la mayor parte de nuestra existencia sumidos en una profunda oscuridad, y no somos conscientes de que con un simple gesto, podemos pulsar el interruptor que llenar\u00eda nuestra vida de luz y felicidad. Pocas son las personas capaces de ver que malgastando nuestro tiempo en esa pelea constante con nosotros mismos y con los dem\u00e1s nunca llegaremos a encontrar lo que realmente buscamos, el amor. El amor llegar\u00e1 a ti si le abres la puerta, o al menos una ventana. El amor no es perfecto, pero es lo \u00fanico por lo que merece la pena sufrir, y sobre todo vivir.[\/learn_more]","_et_gb_content_width":""},"product_brand":[],"product_cat":[390,445],"product_tag":[392,446],"class_list":{"0":"post-10823","1":"product","2":"type-product","3":"status-publish","4":"has-post-thumbnail","6":"product_cat-cehimo","7":"product_cat-j-montaner-buil","8":"product_tag-colecciones","9":"product_tag-cuadernos","10":"product_shipping_class-envio-estandar","12":"first","13":"instock","14":"taxable","15":"shipping-taxable","16":"purchasable","17":"product-type-simple"},"_links":{"self":[{"href":"https:\/\/v31.es\/booksonline\/wp-json\/wp\/v2\/product\/10823","targetHints":{"allow":["GET"]}}],"collection":[{"href":"https:\/\/v31.es\/booksonline\/wp-json\/wp\/v2\/product"}],"about":[{"href":"https:\/\/v31.es\/booksonline\/wp-json\/wp\/v2\/types\/product"}],"replies":[{"embeddable":true,"href":"https:\/\/v31.es\/booksonline\/wp-json\/wp\/v2\/comments?post=10823"}],"wp:featuredmedia":[{"embeddable":true,"href":"https:\/\/v31.es\/booksonline\/wp-json\/wp\/v2\/media\/10824"}],"wp:attachment":[{"href":"https:\/\/v31.es\/booksonline\/wp-json\/wp\/v2\/media?parent=10823"}],"wp:term":[{"taxonomy":"product_brand","embeddable":true,"href":"https:\/\/v31.es\/booksonline\/wp-json\/wp\/v2\/product_brand?post=10823"},{"taxonomy":"product_cat","embeddable":true,"href":"https:\/\/v31.es\/booksonline\/wp-json\/wp\/v2\/product_cat?post=10823"},{"taxonomy":"product_tag","embeddable":true,"href":"https:\/\/v31.es\/booksonline\/wp-json\/wp\/v2\/product_tag?post=10823"}],"curies":[{"name":"wp","href":"https:\/\/api.w.org\/{rel}","templated":true}]}}