{"id":10830,"date":"2025-06-24T16:32:10","date_gmt":"2025-06-24T14:32:10","guid":{"rendered":"https:\/\/v31.es\/booksonline\/?post_type=product&#038;p=10830"},"modified":"2025-06-24T16:38:05","modified_gmt":"2025-06-24T14:38:05","slug":"cuadernos-10","status":"publish","type":"product","link":"https:\/\/v31.es\/booksonline\/producto\/cuadernos-10\/","title":{"rendered":"Cuadernos 10"},"content":{"rendered":"<p><strong>COLECCI\u00d3N CUADERNOS<\/strong><\/p>\n<p><strong>CUADERNOS N.\u00ba 10. JUNIO 1988<\/strong><\/p>\n<p>\u2022 Documentos: Los Fueros de Arag\u00f3n y la Recopilaci\u00f3n de Monz\u00f3n<br \/>\n(IX LIBROS)<br \/>\n\u2022 IV Campo de Trabajo en el Castillo de Monz\u00f3n<br \/>\n\u2022 Sociedad Econ\u00f3mica Aragonesa e Ilustraci\u00f3n. Conferencia del<br \/>\nprofesor J.A. Salas Aus\u00e9ns. (E. Naval Maizal)<br \/>\n\u2022 El retablo de San Antonio Abad de Monz\u00f3n. (F. Castill\u00f3n Cortada)<br \/>\n\u2022 Binaced y el catastro de 1758. (J. Sanz Ledesma)<br \/>\n\u2022 Yacimientos prehist\u00f3ricos en los t\u00e9rminos de Binaced y Pueyo de<br \/>\nSanta Cruz (Huesca). (M.C. Sopena Vici\u00e9n).<br \/>\n\u2022 Hacia una pol\u00edtica industrial de Monz\u00f3n y su comarca. An\u00e1lisis de<br \/>\nalgunos aspectos. (J.A. Til Olivera)<\/p>\n","protected":false},"excerpt":{"rendered":"<p>COLECCI\u00d3N CUADERNOS CUADERNOS N.\u00ba 10. JUNIO 1988 \u2022 Documentos: Los Fueros de Arag\u00f3n y la Recopilaci\u00f3n de Monz\u00f3n (IX LIBROS) \u2022 IV Campo de Trabajo en el Castillo de Monz\u00f3n \u2022 Sociedad Econ\u00f3mica Aragonesa e Ilustraci\u00f3n. Conferencia del profesor J.A. Salas Aus\u00e9ns. (E. Naval Maizal) \u2022 El retablo de San Antonio Abad de Monz\u00f3n. (F. [&hellip;]<\/p>\n","protected":false},"featured_media":10831,"comment_status":"open","ping_status":"closed","template":"","meta":{"_et_pb_use_builder":"off","_et_pb_old_content":"\u201cNada es lo que parece, nada parece lo que es\u201d\r\n\r\n[learn_more caption=\"leer m\u00e1s\"]Nos pasamos la mayor parte de nuestra existencia sumidos en una profunda oscuridad, y no somos conscientes de que con un simple gesto, podemos pulsar el interruptor que llenar\u00eda nuestra vida de luz y felicidad. Pocas son las personas capaces de ver que malgastando nuestro tiempo en esa pelea constante con nosotros mismos y con los dem\u00e1s nunca llegaremos a encontrar lo que realmente buscamos, el amor. El amor llegar\u00e1 a ti si le abres la puerta, o al menos una ventana. El amor no es perfecto, pero es lo \u00fanico por lo que merece la pena sufrir, y sobre todo vivir.[\/learn_more]","_et_gb_content_width":""},"product_brand":[],"product_cat":[390,445],"product_tag":[392,446],"class_list":{"0":"post-10830","1":"product","2":"type-product","3":"status-publish","4":"has-post-thumbnail","6":"product_cat-cehimo","7":"product_cat-j-montaner-buil","8":"product_tag-colecciones","9":"product_tag-cuadernos","10":"product_shipping_class-envio-estandar","12":"first","13":"instock","14":"taxable","15":"shipping-taxable","16":"purchasable","17":"product-type-simple"},"_links":{"self":[{"href":"https:\/\/v31.es\/booksonline\/wp-json\/wp\/v2\/product\/10830","targetHints":{"allow":["GET"]}}],"collection":[{"href":"https:\/\/v31.es\/booksonline\/wp-json\/wp\/v2\/product"}],"about":[{"href":"https:\/\/v31.es\/booksonline\/wp-json\/wp\/v2\/types\/product"}],"replies":[{"embeddable":true,"href":"https:\/\/v31.es\/booksonline\/wp-json\/wp\/v2\/comments?post=10830"}],"wp:featuredmedia":[{"embeddable":true,"href":"https:\/\/v31.es\/booksonline\/wp-json\/wp\/v2\/media\/10831"}],"wp:attachment":[{"href":"https:\/\/v31.es\/booksonline\/wp-json\/wp\/v2\/media?parent=10830"}],"wp:term":[{"taxonomy":"product_brand","embeddable":true,"href":"https:\/\/v31.es\/booksonline\/wp-json\/wp\/v2\/product_brand?post=10830"},{"taxonomy":"product_cat","embeddable":true,"href":"https:\/\/v31.es\/booksonline\/wp-json\/wp\/v2\/product_cat?post=10830"},{"taxonomy":"product_tag","embeddable":true,"href":"https:\/\/v31.es\/booksonline\/wp-json\/wp\/v2\/product_tag?post=10830"}],"curies":[{"name":"wp","href":"https:\/\/api.w.org\/{rel}","templated":true}]}}

<p><strong>COLECCIÓN CUADERNOS</strong></p>
<p><strong>CUADERNOS N.º 10. JUNIO 1988</strong></p>
<p>• Documentos: Los Fueros de Aragón y la Recopilación de Monzón<br />
(IX LIBROS)<br />
• IV Campo de Trabajo en el Castillo de Monzón<br />
• Sociedad Económica Aragonesa e Ilustración. Conferencia del<br />
profesor J.A. Salas Auséns. (E. Naval Maizal)<br />
• El retablo de San Antonio Abad de Monzón. (F. Castillón Cortada)<br />
• Binaced y el catastro de 1758. (J. Sanz Ledesma)<br />
• Yacimientos prehistóricos en los términos de Binaced y Pueyo de<br />
Santa Cruz (Huesca). (M.C. Sopena Vicién).<br />
• Hacia una política industrial de Monzón y su comarca. Análisis de<br />
algunos aspectos. (J.A. Til Olivera)</p>

<p>COLECCIÓN CUADERNOS CUADERNOS N.º 10. JUNIO 1988 • Documentos: Los Fueros de Aragón y la Recopilación de Monzón (IX LIBROS) • IV Campo de Trabajo en el Castillo de Monzón • Sociedad Económica Aragonesa e Ilustración. Conferencia del profesor J.A. Salas Auséns. (E. Naval Maizal) • El retablo de San Antonio Abad de Monzón. (F. [&hellip;]</p>

“Nada es lo que parece, nada parece lo que es”

[learn_more caption="leer más"]Nos pasamos la mayor parte de nuestra existencia sumidos en una profunda oscuridad, y no somos conscientes de que con un simple gesto, podemos pulsar el interruptor que llenaría nuestra vida de luz y felicidad. Pocas son las personas capaces de ver que malgastando nuestro tiempo en esa pelea constante con nosotros mismos y con los demás nunca llegaremos a encontrar lo que realmente buscamos, el amor. El amor llegará a ti si le abres la puerta, o al menos una ventana. El amor no es perfecto, pero es lo único por lo que merece la pena sufrir, y sobre todo vivir.[/learn_more]
