{"id":10832,"date":"2025-06-24T16:38:13","date_gmt":"2025-06-24T14:38:13","guid":{"rendered":"https:\/\/v31.es\/booksonline\/?post_type=product&#038;p=10832"},"modified":"2025-06-24T17:52:54","modified_gmt":"2025-06-24T15:52:54","slug":"cuadernos-11","status":"publish","type":"product","link":"https:\/\/v31.es\/booksonline\/producto\/cuadernos-11\/","title":{"rendered":"Cuadernos 11"},"content":{"rendered":"<p><strong>COLECCI\u00d3N CUADERNOS<\/strong><\/p>\n<p><strong>CUADERNOS N.\u00ba 11. DICIEMBRE 1988<\/strong><\/p>\n<p>\u2022 DOCUMENTOS: Los Benedet. (G. Garc\u00eda Cipr\u00e9s)<br \/>\n\u2022 Balance del IV Campo de Trabajo en el Castillo de Monz\u00f3n<br \/>\n\u2022 Posible pallofa in\u00e9dita. (J.L. Montaner Buil y P. L\u00f3pez S\u00e1nchez)<br \/>\n\u2022 Monz\u00f3n y su historia moderna (III). (R. Raluy Atanasio)<br \/>\n\u2022 Algunos aspectos del pensamiento geopol\u00edtico de J. Costa<br \/>\n(1882-1950). (J. Baila Sarrado)<br \/>\n\u2022 Los materiales arqueol\u00f3gicos del Tozal de Manzana (Fonz-<br \/>\nHuesca). Algunas notas sobre el marco geomorfol\u00f3gico del yacimiento.<br \/>\n(M.C. Sopena Vici\u00e9n, L. Arag\u00fcas Arag\u00fcas, J.A. Solans<br \/>\nTorres, A. Flor\u00eda Pons, O. Garc\u00eda Mu\u00f1oz)<\/p>\n","protected":false},"excerpt":{"rendered":"<p>COLECCI\u00d3N CUADERNOS CUADERNOS N.\u00ba 11. DICIEMBRE 1988 \u2022 DOCUMENTOS: Los Benedet. (G. Garc\u00eda Cipr\u00e9s) \u2022 Balance del IV Campo de Trabajo en el Castillo de Monz\u00f3n \u2022 Posible pallofa in\u00e9dita. (J.L. Montaner Buil y P. L\u00f3pez S\u00e1nchez) \u2022 Monz\u00f3n y su historia moderna (III). (R. Raluy Atanasio) \u2022 Algunos aspectos del pensamiento geopol\u00edtico de J. [&hellip;]<\/p>\n","protected":false},"featured_media":10831,"comment_status":"open","ping_status":"closed","template":"","meta":{"_et_pb_use_builder":"off","_et_pb_old_content":"\u201cNada es lo que parece, nada parece lo que es\u201d\r\n\r\n[learn_more caption=\"leer m\u00e1s\"]Nos pasamos la mayor parte de nuestra existencia sumidos en una profunda oscuridad, y no somos conscientes de que con un simple gesto, podemos pulsar el interruptor que llenar\u00eda nuestra vida de luz y felicidad. Pocas son las personas capaces de ver que malgastando nuestro tiempo en esa pelea constante con nosotros mismos y con los dem\u00e1s nunca llegaremos a encontrar lo que realmente buscamos, el amor. El amor llegar\u00e1 a ti si le abres la puerta, o al menos una ventana. El amor no es perfecto, pero es lo \u00fanico por lo que merece la pena sufrir, y sobre todo vivir.[\/learn_more]","_et_gb_content_width":""},"product_brand":[],"product_cat":[390,445],"product_tag":[392,446],"class_list":{"0":"post-10832","1":"product","2":"type-product","3":"status-publish","4":"has-post-thumbnail","6":"product_cat-cehimo","7":"product_cat-j-montaner-buil","8":"product_tag-colecciones","9":"product_tag-cuadernos","10":"product_shipping_class-envio-estandar","12":"first","13":"instock","14":"taxable","15":"shipping-taxable","16":"purchasable","17":"product-type-simple"},"_links":{"self":[{"href":"https:\/\/v31.es\/booksonline\/wp-json\/wp\/v2\/product\/10832","targetHints":{"allow":["GET"]}}],"collection":[{"href":"https:\/\/v31.es\/booksonline\/wp-json\/wp\/v2\/product"}],"about":[{"href":"https:\/\/v31.es\/booksonline\/wp-json\/wp\/v2\/types\/product"}],"replies":[{"embeddable":true,"href":"https:\/\/v31.es\/booksonline\/wp-json\/wp\/v2\/comments?post=10832"}],"wp:featuredmedia":[{"embeddable":true,"href":"https:\/\/v31.es\/booksonline\/wp-json\/wp\/v2\/media\/10831"}],"wp:attachment":[{"href":"https:\/\/v31.es\/booksonline\/wp-json\/wp\/v2\/media?parent=10832"}],"wp:term":[{"taxonomy":"product_brand","embeddable":true,"href":"https:\/\/v31.es\/booksonline\/wp-json\/wp\/v2\/product_brand?post=10832"},{"taxonomy":"product_cat","embeddable":true,"href":"https:\/\/v31.es\/booksonline\/wp-json\/wp\/v2\/product_cat?post=10832"},{"taxonomy":"product_tag","embeddable":true,"href":"https:\/\/v31.es\/booksonline\/wp-json\/wp\/v2\/product_tag?post=10832"}],"curies":[{"name":"wp","href":"https:\/\/api.w.org\/{rel}","templated":true}]}}