{"id":10897,"date":"2025-10-21T15:23:36","date_gmt":"2025-10-21T13:23:36","guid":{"rendered":"https:\/\/v31.es\/booksonline\/?post_type=product&#038;p=10897"},"modified":"2026-02-11T20:12:57","modified_gmt":"2026-02-11T19:12:57","slug":"huellas-del-pasado","status":"publish","type":"product","link":"https:\/\/v31.es\/booksonline\/producto\/huellas-del-pasado\/","title":{"rendered":"Huellas del Pasado"},"content":{"rendered":"<p>HUELLAS DEL PASADO nos invita a recorrer la memoria de Onti\u00f1ena y de sus gentes a trav\u00e9s de documentos, relatos y vestigios que a\u00fan hoy respiran entre piedras, casas y calles.<br \/>\nCon rigor hist\u00f3rico y cercan\u00eda humana, el libro rescata episodios que van desde la presencia templaria y los ecos de reyes y guerras, hasta las vivencias cotidianas de agricultores, comerciantes, artesanos y familias que levantaron el pueblo con esfuerzo y dignidad.<\/p>\n<p>Cada p\u00e1gina revela la riqueza de una comunidad que supo adaptarse al tiempo sin perder sus ra\u00edces: la arquitectura popular, los oficios, las fiestas, los motes familiares, la dureza de las guerras, la emigraci\u00f3n y los recuerdos de quienes partieron y regresaron.<\/p>\n<p>Es tambi\u00e9n un homenaje a la memoria oral, a los testimonios de abuelos y descendientes que transmitieron con emoci\u00f3n su v\u00ednculo con la tierra. Porque en las huellas del pasado no solo late la historia, sino tambi\u00e9n la identidad colectiva que a\u00fan une a generaciones.<\/p>\n<p>Este libro es un espejo del ayer para comprender mejor el presente y preservar el legado de un pueblo que se resiste al olvido.<\/p>\n","protected":false},"excerpt":{"rendered":"<p>HUELLAS DEL PASADO nos invita a recorrer la memoria de Onti\u00f1ena y de sus gentes a trav\u00e9s de documentos, relatos y vestigios que a\u00fan hoy respiran entre piedras, casas y calles. Con rigor hist\u00f3rico y cercan\u00eda humana, el libro rescata episodios que van desde la presencia templaria y los ecos de reyes y guerras, hasta [&hellip;]<\/p>\n","protected":false},"featured_media":10898,"comment_status":"open","ping_status":"closed","template":"","meta":{"_et_pb_use_builder":"off","_et_pb_old_content":"\u201cNada es lo que parece, nada parece lo que es\u201d\r\n\r\n[learn_more caption=\"leer m\u00e1s\"]Nos pasamos la mayor parte de nuestra existencia sumidos en una profunda oscuridad, y no somos conscientes de que con un simple gesto, podemos pulsar el interruptor que llenar\u00eda nuestra vida de luz y felicidad. Pocas son las personas capaces de ver que malgastando nuestro tiempo en esa pelea constante con nosotros mismos y con los dem\u00e1s nunca llegaremos a encontrar lo que realmente buscamos, el amor. El amor llegar\u00e1 a ti si le abres la puerta, o al menos una ventana. El amor no es perfecto, pero es lo \u00fanico por lo que merece la pena sufrir, y sobre todo vivir.[\/learn_more]","_et_gb_content_width":""},"product_brand":[],"product_cat":[218,224],"product_tag":[449],"class_list":{"0":"post-10897","1":"product","2":"type-product","3":"status-publish","4":"has-post-thumbnail","6":"product_cat-booksonline","7":"product_cat-inma-ferrer","8":"product_tag-psicologia","9":"product_shipping_class-envio-estandar","11":"first","12":"instock","13":"taxable","14":"shipping-taxable","15":"purchasable","16":"product-type-simple"},"_links":{"self":[{"href":"https:\/\/v31.es\/booksonline\/wp-json\/wp\/v2\/product\/10897","targetHints":{"allow":["GET"]}}],"collection":[{"href":"https:\/\/v31.es\/booksonline\/wp-json\/wp\/v2\/product"}],"about":[{"href":"https:\/\/v31.es\/booksonline\/wp-json\/wp\/v2\/types\/product"}],"replies":[{"embeddable":true,"href":"https:\/\/v31.es\/booksonline\/wp-json\/wp\/v2\/comments?post=10897"}],"wp:featuredmedia":[{"embeddable":true,"href":"https:\/\/v31.es\/booksonline\/wp-json\/wp\/v2\/media\/10898"}],"wp:attachment":[{"href":"https:\/\/v31.es\/booksonline\/wp-json\/wp\/v2\/media?parent=10897"}],"wp:term":[{"taxonomy":"product_brand","embeddable":true,"href":"https:\/\/v31.es\/booksonline\/wp-json\/wp\/v2\/product_brand?post=10897"},{"taxonomy":"product_cat","embeddable":true,"href":"https:\/\/v31.es\/booksonline\/wp-json\/wp\/v2\/product_cat?post=10897"},{"taxonomy":"product_tag","embeddable":true,"href":"https:\/\/v31.es\/booksonline\/wp-json\/wp\/v2\/product_tag?post=10897"}],"curies":[{"name":"wp","href":"https:\/\/api.w.org\/{rel}","templated":true}]}}