{"id":10988,"date":"2025-12-10T08:32:55","date_gmt":"2025-12-10T07:32:55","guid":{"rendered":"https:\/\/v31.es\/booksonline\/?post_type=product&#038;p=10988"},"modified":"2025-12-10T08:51:32","modified_gmt":"2025-12-10T07:51:32","slug":"la-rosa-no15","status":"publish","type":"product","link":"https:\/\/v31.es\/booksonline\/producto\/la-rosa-no15\/","title":{"rendered":"La Rosa N\u00ba15"},"content":{"rendered":"<p>Un a\u00f1o antes del estallido de la Guerra Civil Espa\u00f1ola, Joaquina Goded deja Huesca, para trasladarse a Madrid y formar parte de uno de los Comit\u00e9s Republicanos Marxistas m\u00e1s representativos, en donde se convertir\u00e1 en vocal de la Junta de Asistencia Social del distrito de Buenavista y llegar\u00e1 a ser, pese a su juventud, la responsable de propaganda. Mientras, se ganar\u00e1 la vida como sirvienta del ministro de la CEDA Federico Salm\u00f3n y, al mismo tiempo, como costurera de la familia de Francisco Largo Caballero.<\/p>\n","protected":false},"excerpt":{"rendered":"<p>Un a\u00f1o antes del estallido de la Guerra Civil Espa\u00f1ola, Joaquina Goded deja Huesca, para trasladarse a Madrid y formar parte de uno de los Comit\u00e9s Republicanos Marxistas m\u00e1s representativos, en donde se convertir\u00e1 en vocal de la Junta de Asistencia Social del distrito de Buenavista y llegar\u00e1 a ser, pese a su juventud, la [&hellip;]<\/p>\n","protected":false},"featured_media":10989,"comment_status":"open","ping_status":"closed","template":"","meta":{"_et_pb_use_builder":"off","_et_pb_old_content":"\u201cNada es lo que parece, nada parece lo que es\u201d\r\n\r\n[learn_more caption=\"leer m\u00e1s\"]Nos pasamos la mayor parte de nuestra existencia sumidos en una profunda oscuridad, y no somos conscientes de que con un simple gesto, podemos pulsar el interruptor que llenar\u00eda nuestra vida de luz y felicidad. Pocas son las personas capaces de ver que malgastando nuestro tiempo en esa pelea constante con nosotros mismos y con los dem\u00e1s nunca llegaremos a encontrar lo que realmente buscamos, el amor. El amor llegar\u00e1 a ti si le abres la puerta, o al menos una ventana. El amor no es perfecto, pero es lo \u00fanico por lo que merece la pena sufrir, y sobre todo vivir.[\/learn_more]","_et_gb_content_width":""},"product_brand":[],"product_cat":[456,455],"product_tag":[36],"class_list":{"0":"post-10988","1":"product","2":"type-product","3":"status-publish","4":"has-post-thumbnail","6":"product_cat-ignacio-goded","7":"product_cat-inazio-laghetasc","8":"product_tag-novela","9":"product_shipping_class-envio-estandar","11":"first","12":"instock","13":"taxable","14":"shipping-taxable","15":"purchasable","16":"product-type-simple"},"_links":{"self":[{"href":"https:\/\/v31.es\/booksonline\/wp-json\/wp\/v2\/product\/10988","targetHints":{"allow":["GET"]}}],"collection":[{"href":"https:\/\/v31.es\/booksonline\/wp-json\/wp\/v2\/product"}],"about":[{"href":"https:\/\/v31.es\/booksonline\/wp-json\/wp\/v2\/types\/product"}],"replies":[{"embeddable":true,"href":"https:\/\/v31.es\/booksonline\/wp-json\/wp\/v2\/comments?post=10988"}],"wp:featuredmedia":[{"embeddable":true,"href":"https:\/\/v31.es\/booksonline\/wp-json\/wp\/v2\/media\/10989"}],"wp:attachment":[{"href":"https:\/\/v31.es\/booksonline\/wp-json\/wp\/v2\/media?parent=10988"}],"wp:term":[{"taxonomy":"product_brand","embeddable":true,"href":"https:\/\/v31.es\/booksonline\/wp-json\/wp\/v2\/product_brand?post=10988"},{"taxonomy":"product_cat","embeddable":true,"href":"https:\/\/v31.es\/booksonline\/wp-json\/wp\/v2\/product_cat?post=10988"},{"taxonomy":"product_tag","embeddable":true,"href":"https:\/\/v31.es\/booksonline\/wp-json\/wp\/v2\/product_tag?post=10988"}],"curies":[{"name":"wp","href":"https:\/\/api.w.org\/{rel}","templated":true}]}}