{"id":11000,"date":"2025-12-30T10:52:57","date_gmt":"2025-12-30T09:52:57","guid":{"rendered":"https:\/\/v31.es\/booksonline\/?post_type=product&#038;p=11000"},"modified":"2026-02-23T09:48:03","modified_gmt":"2026-02-23T08:48:03","slug":"desde-el-agujero","status":"publish","type":"product","link":"https:\/\/v31.es\/booksonline\/producto\/desde-el-agujero\/","title":{"rendered":"Desde el Agujero"},"content":{"rendered":"<p><span class=\"a-text-bold\">\u00bfC\u00f3mo reconstruir una vida condenada a ser vivida en blanco y negro; sin color?<\/span><\/p>\n<p><span class=\"a-text-bold a-text-italic\">\u00abDesde el Agujero:\u00a0<\/span><span class=\"a-text-italic\">Sobrevivir a 16 a\u00f1os de abuso emocional narcisista. Diario de un terror psicol\u00f3gico constante\u00bb<\/span>, es la primera obra de JC Aluvin.<\/p>\n<p>Se trata de un<span class=\"a-text-bold\">\u00a0relato en primera persona<\/span>\u00a0del conjunto de humillaciones, del control, el abuso emocional, la manipulaci\u00f3n y la sumisi\u00f3n a la que poco a poco fue arrastrado por la persona con la que desvivi\u00f3 durante casi dos d\u00e9cadas de su vida.<\/p>\n<p><span class=\"a-text-bold\">No se trata de un listado de claves<\/span>\u00a0para desenmascarar a estas malvadas personas, a estos narcisistas perversos,<span class=\"a-text-bold\">\u00a0sino m\u00e1s bien, del reflejo de las vivencias y experiencias\u00a0<\/span>que lograron destruir por completo su autoestima y aniquilar su personalidad. Cuenta c\u00f3mo, poco a poco, su vida se transform\u00f3 de manera gradual en una historia de manipulaci\u00f3n, dominaci\u00f3n y alienaci\u00f3n total, bajo el yugo de una persona que\u00a0<span class=\"a-text-bold\">no dej\u00f3 escapar ocasi\u00f3n alguna para ejercer un abuso emocional y un terror psicol\u00f3gico constante,\u00a0<\/span>hasta dejarlo vac\u00edo por completo, convertido en una sombra de s\u00ed mismo.<\/p>\n<p>La obra no recoge una muestra de las situaciones recabadas en una consulta con decenas de personas maltratadas por estos monstruos, sino<span class=\"a-text-bold\">\u00a0el diario de una sola vida, de una sola persona, sometida<\/span>\u00a0durante 16 largos a\u00f1os al maltrato infligido por su pareja narcisista.<\/p>\n<p>Igualmente, trata de explicar<span class=\"a-text-bold\">\u00a0c\u00f3mo logr\u00f3 reunir todas las herramientas\u00a0<\/span>que le permitieron<span class=\"a-text-bold\">\u00a0reconstruirse por dentro<\/span>\u00a0y hacer frente a la tiran\u00eda de quien le subyug\u00f3.<\/p>\n<p><span class=\"a-text-bold\">Si por desgracia su vida se halla atada a una de estas personas narcisistas<\/span>, incapaces de mantener relaciones sanas, que acaban por envolverlas en la m\u00e1s pura toxicidad, que disfrutan destrozando su equilibrio emocional y que encuentran satisfacci\u00f3n en el caos, en el sometimiento y en conducir nuestra vida a un agujero en el que s\u00f3lo se ve oscuridad y se respira toxicidad,<span class=\"a-text-bold\">\u00a0no puede dejar de leer este libro.<\/span><\/p>\n<p>Se trata de un\u00a0<span class=\"a-text-bold\">texto duro, que refleja fielmente la tiran\u00eda y la vileza<\/span>\u00a0con la que los\u00a0<span class=\"a-text-bold\">narcisistas manipulan, desprecian, abusan y someten a sus v\u00edctimas.<\/span><\/p>\n<p>Sin embargo, y pese a la crudeza de la obra, el autor consigue introducir un cierto toque de humor e iron\u00eda, que resultan refrescantes que posiblemente le har\u00e1n esbozar alguna que otra sonrisa.<\/p>\n<p>Conmovedor. Desgarrador. Pero<span class=\"a-text-bold\">\u00a0lleno de fuerza y esperanza.<\/span><\/p>\n<p><span class=\"a-text-italic\">\u00abNunca delegues la responsabilidad de quererte a ti mismo\u00bb. &#8211; JC Aluvin<\/span><\/p>\n","protected":false},"excerpt":{"rendered":"<p>\u00bfC\u00f3mo reconstruir una vida condenada a ser vivida en blanco y negro; sin color? \u00abDesde el Agujero:\u00a0Sobrevivir a 16 a\u00f1os de abuso emocional narcisista. Diario de un terror psicol\u00f3gico constante\u00bb, es la primera obra de JC Aluvin. Se trata de un\u00a0relato en primera persona\u00a0del conjunto de humillaciones, del control, el abuso emocional, la manipulaci\u00f3n y [&hellip;]<\/p>\n","protected":false},"featured_media":11045,"comment_status":"open","ping_status":"closed","template":"","meta":{"_et_pb_use_builder":"off","_et_pb_old_content":"\u201cNada es lo que parece, nada parece lo que es\u201d\r\n\r\n[learn_more caption=\"leer m\u00e1s\"]Nos pasamos la mayor parte de nuestra existencia sumidos en una profunda oscuridad, y no somos conscientes de que con un simple gesto, podemos pulsar el interruptor que llenar\u00eda nuestra vida de luz y felicidad. Pocas son las personas capaces de ver que malgastando nuestro tiempo en esa pelea constante con nosotros mismos y con los dem\u00e1s nunca llegaremos a encontrar lo que realmente buscamos, el amor. El amor llegar\u00e1 a ti si le abres la puerta, o al menos una ventana. El amor no es perfecto, pero es lo \u00fanico por lo que merece la pena sufrir, y sobre todo vivir.[\/learn_more]","_et_gb_content_width":""},"product_brand":[],"product_cat":[458],"product_tag":[36],"class_list":{"0":"post-11000","1":"product","2":"type-product","3":"status-publish","4":"has-post-thumbnail","6":"product_cat-jc-aluvin","7":"product_tag-novela","8":"product_shipping_class-envio-estandar","10":"first","11":"instock","12":"taxable","13":"shipping-taxable","14":"purchasable","15":"product-type-simple"},"_links":{"self":[{"href":"https:\/\/v31.es\/booksonline\/wp-json\/wp\/v2\/product\/11000","targetHints":{"allow":["GET"]}}],"collection":[{"href":"https:\/\/v31.es\/booksonline\/wp-json\/wp\/v2\/product"}],"about":[{"href":"https:\/\/v31.es\/booksonline\/wp-json\/wp\/v2\/types\/product"}],"replies":[{"embeddable":true,"href":"https:\/\/v31.es\/booksonline\/wp-json\/wp\/v2\/comments?post=11000"}],"wp:featuredmedia":[{"embeddable":true,"href":"https:\/\/v31.es\/booksonline\/wp-json\/wp\/v2\/media\/11045"}],"wp:attachment":[{"href":"https:\/\/v31.es\/booksonline\/wp-json\/wp\/v2\/media?parent=11000"}],"wp:term":[{"taxonomy":"product_brand","embeddable":true,"href":"https:\/\/v31.es\/booksonline\/wp-json\/wp\/v2\/product_brand?post=11000"},{"taxonomy":"product_cat","embeddable":true,"href":"https:\/\/v31.es\/booksonline\/wp-json\/wp\/v2\/product_cat?post=11000"},{"taxonomy":"product_tag","embeddable":true,"href":"https:\/\/v31.es\/booksonline\/wp-json\/wp\/v2\/product_tag?post=11000"}],"curies":[{"name":"wp","href":"https:\/\/api.w.org\/{rel}","templated":true}]}}