{"id":11037,"date":"2026-02-10T16:12:21","date_gmt":"2026-02-10T15:12:21","guid":{"rendered":"https:\/\/v31.es\/booksonline\/?post_type=product&#038;p=11037"},"modified":"2026-02-10T16:34:48","modified_gmt":"2026-02-10T15:34:48","slug":"felix-de-azara","status":"publish","type":"product","link":"https:\/\/v31.es\/booksonline\/producto\/felix-de-azara\/","title":{"rendered":"F\u00e9lix de Azara"},"content":{"rendered":"<p>La apasionada aventura del Naturalista Aragon\u00e9s F\u00e9lix de Azara.<\/p>\n<p>\u201cCuando uno se plantea transmitir a los lectores las incre\u00edbles peripecias de un aventurero de la talla de F\u00e9lix de Azara, no puede evitar dar rienda suelta a su imaginaci\u00f3n. En este libro he querido centrarme en su faceta m\u00e1s naturalista, pues es con la que me siento m\u00e1s identificado, dejando de lado otros aspectos de \u00e1mbito pol\u00edtico, militar o cultural de la \u00e9poca en que vivi\u00f3[\u2026] La historia que cuento a continuaci\u00f3n, a modo de comic, es una interpretaci\u00f3n de la vida de F\u00e9lix de Azara, tal y como yo me he figurado que fue. Y en la que, al elaborarla, me he dejado llevar por el af\u00e1n de aventura y por el enorme entusiasmo del protagonista. Con textos escuetos y dibujos sencillos, pretendo dar a conocer un poco m\u00e1s a este polifac\u00e9tico oscense que consigui\u00f3 hacer cosas tan sorprendentes en tiempos de otro ilustre aragon\u00e9s: Francisco de Goya. El libro incluye una breve biograf\u00eda que se ajusta a la realidad del momento. Espero que sea del agrado del amable lector \u201c \u2013 El autor-<\/p>\n","protected":false},"excerpt":{"rendered":"<p>La apasionada aventura del Naturalista Aragon\u00e9s F\u00e9lix de Azara. \u201cCuando uno se plantea transmitir a los lectores las incre\u00edbles peripecias de un aventurero de la talla de F\u00e9lix de Azara, no puede evitar dar rienda suelta a su imaginaci\u00f3n. En este libro he querido centrarme en su faceta m\u00e1s naturalista, pues es con la que [&hellip;]<\/p>\n","protected":false},"featured_media":11038,"comment_status":"open","ping_status":"closed","template":"","meta":{"_et_pb_use_builder":"off","_et_pb_old_content":"\u201cNada es lo que parece, nada parece lo que es\u201d\r\n\r\n[learn_more caption=\"leer m\u00e1s\"]Nos pasamos la mayor parte de nuestra existencia sumidos en una profunda oscuridad, y no somos conscientes de que con un simple gesto, podemos pulsar el interruptor que llenar\u00eda nuestra vida de luz y felicidad. Pocas son las personas capaces de ver que malgastando nuestro tiempo en esa pelea constante con nosotros mismos y con los dem\u00e1s nunca llegaremos a encontrar lo que realmente buscamos, el amor. El amor llegar\u00e1 a ti si le abres la puerta, o al menos una ventana. El amor no es perfecto, pero es lo \u00fanico por lo que merece la pena sufrir, y sobre todo vivir.[\/learn_more]","_et_gb_content_width":""},"product_brand":[],"product_cat":[459,460],"product_tag":[461],"class_list":{"0":"post-11037","1":"product","2":"type-product","3":"status-publish","4":"has-post-thumbnail","6":"product_cat-carlos-enriquez-martin","7":"product_cat-premio-felix-de-azara","8":"product_tag-infantil-juvenil","9":"product_shipping_class-envio-estandar","11":"first","12":"instock","13":"taxable","14":"shipping-taxable","15":"purchasable","16":"product-type-simple"},"_links":{"self":[{"href":"https:\/\/v31.es\/booksonline\/wp-json\/wp\/v2\/product\/11037","targetHints":{"allow":["GET"]}}],"collection":[{"href":"https:\/\/v31.es\/booksonline\/wp-json\/wp\/v2\/product"}],"about":[{"href":"https:\/\/v31.es\/booksonline\/wp-json\/wp\/v2\/types\/product"}],"replies":[{"embeddable":true,"href":"https:\/\/v31.es\/booksonline\/wp-json\/wp\/v2\/comments?post=11037"}],"wp:featuredmedia":[{"embeddable":true,"href":"https:\/\/v31.es\/booksonline\/wp-json\/wp\/v2\/media\/11038"}],"wp:attachment":[{"href":"https:\/\/v31.es\/booksonline\/wp-json\/wp\/v2\/media?parent=11037"}],"wp:term":[{"taxonomy":"product_brand","embeddable":true,"href":"https:\/\/v31.es\/booksonline\/wp-json\/wp\/v2\/product_brand?post=11037"},{"taxonomy":"product_cat","embeddable":true,"href":"https:\/\/v31.es\/booksonline\/wp-json\/wp\/v2\/product_cat?post=11037"},{"taxonomy":"product_tag","embeddable":true,"href":"https:\/\/v31.es\/booksonline\/wp-json\/wp\/v2\/product_tag?post=11037"}],"curies":[{"name":"wp","href":"https:\/\/api.w.org\/{rel}","templated":true}]}}