{"id":11047,"date":"2026-02-25T10:30:11","date_gmt":"2026-02-25T09:30:11","guid":{"rendered":"https:\/\/v31.es\/booksonline\/?post_type=product&#038;p=11047"},"modified":"2026-04-07T10:18:32","modified_gmt":"2026-04-07T08:18:32","slug":"tempus","status":"publish","type":"product","link":"https:\/\/v31.es\/booksonline\/producto\/tempus\/","title":{"rendered":"Tempus"},"content":{"rendered":"<p class=\"yiv9420252476ydp4b673ffbMsoNormal\">\u00bfY si los relojes no marcaran las horas, sino el destino?<\/p>\n<p class=\"yiv9420252476ydp4b673ffbMsoNormal\">Despu\u00e9s de su primer libro, Bajo la niebla, Antonio Fern\u00e1ndez Costa nos sumerge en una historia donde el tiempo es el protagonista. Luc\u00eda y Gonzalo cre\u00edan haberlo vencido, su amor finalmente parec\u00eda haber encontrado la felicidad, pero una muerte inesperada lo detiene todo.<\/p>\n<p class=\"yiv9420252476ydp4b673ffbMsoNormal\">Este final ser\u00e1 s\u00f3lo un principio para Gonzalo, que navegar\u00e1 entre sus recuerdos para salvar su futuro con Luc\u00eda. Descubrir\u00e1 que el tiempo tiene sus propias reglas&#8230; y t\u00fa disfrutar\u00e1s de un viaje que nunca nadie ha vivido hasta ahora.<\/p>\n<p class=\"yiv9420252476ydp4b673ffbMsoNormal\">\u00a0\u00bfHasta d\u00f3nde llegar\u00edas por la persona que amas?<\/p>\n","protected":false},"excerpt":{"rendered":"<p>\u00bfY si los relojes no marcaran las horas, sino el destino? Despu\u00e9s de su primer libro, Bajo la niebla, Antonio Fern\u00e1ndez Costa nos sumerge en una historia donde el tiempo es el protagonista. Luc\u00eda y Gonzalo cre\u00edan haberlo vencido, su amor finalmente parec\u00eda haber encontrado la felicidad, pero una muerte inesperada lo detiene todo. Este [&hellip;]<\/p>\n","protected":false},"featured_media":11085,"comment_status":"open","ping_status":"closed","template":"","meta":{"_et_pb_use_builder":"off","_et_pb_old_content":"\u201cNada es lo que parece, nada parece lo que es\u201d\r\n\r\n[learn_more caption=\"leer m\u00e1s\"]Nos pasamos la mayor parte de nuestra existencia sumidos en una profunda oscuridad, y no somos conscientes de que con un simple gesto, podemos pulsar el interruptor que llenar\u00eda nuestra vida de luz y felicidad. Pocas son las personas capaces de ver que malgastando nuestro tiempo en esa pelea constante con nosotros mismos y con los dem\u00e1s nunca llegaremos a encontrar lo que realmente buscamos, el amor. El amor llegar\u00e1 a ti si le abres la puerta, o al menos una ventana. El amor no es perfecto, pero es lo \u00fanico por lo que merece la pena sufrir, y sobre todo vivir.[\/learn_more]","_et_gb_content_width":""},"product_brand":[],"product_cat":[427,218],"product_tag":[36],"class_list":{"0":"post-11047","1":"product","2":"type-product","3":"status-publish","4":"has-post-thumbnail","6":"product_cat-antonio-fernandez-costa","7":"product_cat-booksonline","8":"product_tag-novela","9":"product_shipping_class-envio-estandar","11":"first","12":"instock","13":"taxable","14":"shipping-taxable","15":"purchasable","16":"product-type-simple"},"_links":{"self":[{"href":"https:\/\/v31.es\/booksonline\/wp-json\/wp\/v2\/product\/11047","targetHints":{"allow":["GET"]}}],"collection":[{"href":"https:\/\/v31.es\/booksonline\/wp-json\/wp\/v2\/product"}],"about":[{"href":"https:\/\/v31.es\/booksonline\/wp-json\/wp\/v2\/types\/product"}],"replies":[{"embeddable":true,"href":"https:\/\/v31.es\/booksonline\/wp-json\/wp\/v2\/comments?post=11047"}],"wp:featuredmedia":[{"embeddable":true,"href":"https:\/\/v31.es\/booksonline\/wp-json\/wp\/v2\/media\/11085"}],"wp:attachment":[{"href":"https:\/\/v31.es\/booksonline\/wp-json\/wp\/v2\/media?parent=11047"}],"wp:term":[{"taxonomy":"product_brand","embeddable":true,"href":"https:\/\/v31.es\/booksonline\/wp-json\/wp\/v2\/product_brand?post=11047"},{"taxonomy":"product_cat","embeddable":true,"href":"https:\/\/v31.es\/booksonline\/wp-json\/wp\/v2\/product_cat?post=11047"},{"taxonomy":"product_tag","embeddable":true,"href":"https:\/\/v31.es\/booksonline\/wp-json\/wp\/v2\/product_tag?post=11047"}],"curies":[{"name":"wp","href":"https:\/\/api.w.org\/{rel}","templated":true}]}}