{"id":11090,"date":"2026-04-21T09:52:33","date_gmt":"2026-04-21T07:52:33","guid":{"rendered":"https:\/\/v31.es\/booksonline\/?post_type=product&#038;p=11090"},"modified":"2026-04-21T10:18:52","modified_gmt":"2026-04-21T08:18:52","slug":"el-placer-de-vivir-pack-1-copia","status":"publish","type":"product","link":"https:\/\/v31.es\/booksonline\/producto\/el-placer-de-vivir-pack-1-copia\/","title":{"rendered":"Descubre el Placer de VIVIR &#8211; pack 2"},"content":{"rendered":"<p>\u2764\ufe0f\u200d\ud83d\udd25 Regala una sonrisa \u2764\ufe0f\u200d\ud83d\udd25<br \/>\nSe acerca un d\u00eda especial para muchas mujeres, muchos las ven solo como madres, pero tambi\u00e9n son esposas, novias , amantes y amigas.<br \/>\nA ellas tambi\u00e9n les gusta disfrutar del placer de vivir, y es por esto que te ofrezco un regalo muy especial.<br \/>\nUna buena lectura que las har\u00e1 sentirse vivas, llenas de vitalidad y hermosas.<\/p>\n<p>\u00bfTodav\u00eda te lo est\u00e1s pensando?<br \/>\nDel 20 al 30 de abril, entra en mi web y descubre los packs de regalo. Date prisa o llegar\u00e1s tarde.<\/p>\n<p>https:\/\/www.sophiehotbooks.es\/<\/p>\n<p>&nbsp;<\/p>\n","protected":false},"excerpt":{"rendered":"<p>\u2764\ufe0f\u200d\ud83d\udd25 Regala una sonrisa \u2764\ufe0f\u200d\ud83d\udd25 Se acerca un d\u00eda especial para muchas mujeres, muchos las ven solo como madres, pero tambi\u00e9n son esposas, novias , amantes y amigas. A ellas tambi\u00e9n les gusta disfrutar del placer de vivir, y es por esto que te ofrezco un regalo muy especial. Una buena lectura que las har\u00e1 [&hellip;]<\/p>\n","protected":false},"featured_media":11091,"comment_status":"open","ping_status":"closed","template":"","meta":{"_et_pb_use_builder":"off","_et_pb_old_content":"\u201cNada es lo que parece, nada parece lo que es\u201d\r\n\r\n[learn_more caption=\"leer m\u00e1s\"]Nos pasamos la mayor parte de nuestra existencia sumidos en una profunda oscuridad, y no somos conscientes de que con un simple gesto, podemos pulsar el interruptor que llenar\u00eda nuestra vida de luz y felicidad. Pocas son las personas capaces de ver que malgastando nuestro tiempo en esa pelea constante con nosotros mismos y con los dem\u00e1s nunca llegaremos a encontrar lo que realmente buscamos, el amor. El amor llegar\u00e1 a ti si le abres la puerta, o al menos una ventana. El amor no es perfecto, pero es lo \u00fanico por lo que merece la pena sufrir, y sobre todo vivir.[\/learn_more]","_et_gb_content_width":""},"product_brand":[],"product_cat":[419],"product_tag":[420],"class_list":{"0":"post-11090","1":"product","2":"type-product","3":"status-publish","4":"has-post-thumbnail","6":"product_cat-sophie-gari","7":"product_tag-erotico","8":"product_shipping_class-envio-estandar","10":"first","11":"instock","12":"taxable","13":"shipping-taxable","14":"purchasable","15":"product-type-simple"},"_links":{"self":[{"href":"https:\/\/v31.es\/booksonline\/wp-json\/wp\/v2\/product\/11090","targetHints":{"allow":["GET"]}}],"collection":[{"href":"https:\/\/v31.es\/booksonline\/wp-json\/wp\/v2\/product"}],"about":[{"href":"https:\/\/v31.es\/booksonline\/wp-json\/wp\/v2\/types\/product"}],"replies":[{"embeddable":true,"href":"https:\/\/v31.es\/booksonline\/wp-json\/wp\/v2\/comments?post=11090"}],"wp:featuredmedia":[{"embeddable":true,"href":"https:\/\/v31.es\/booksonline\/wp-json\/wp\/v2\/media\/11091"}],"wp:attachment":[{"href":"https:\/\/v31.es\/booksonline\/wp-json\/wp\/v2\/media?parent=11090"}],"wp:term":[{"taxonomy":"product_brand","embeddable":true,"href":"https:\/\/v31.es\/booksonline\/wp-json\/wp\/v2\/product_brand?post=11090"},{"taxonomy":"product_cat","embeddable":true,"href":"https:\/\/v31.es\/booksonline\/wp-json\/wp\/v2\/product_cat?post=11090"},{"taxonomy":"product_tag","embeddable":true,"href":"https:\/\/v31.es\/booksonline\/wp-json\/wp\/v2\/product_tag?post=11090"}],"curies":[{"name":"wp","href":"https:\/\/api.w.org\/{rel}","templated":true}]}}