{"id":1211,"date":"2019-07-08T09:17:48","date_gmt":"2019-07-08T07:17:48","guid":{"rendered":"http:\/\/v31.es\/booksonline\/?post_type=product&#038;p=1211"},"modified":"2021-11-30T10:38:00","modified_gmt":"2021-11-30T09:38:00","slug":"historia-de-las-casas-ontinena-copia","status":"publish","type":"product","link":"https:\/\/v31.es\/booksonline\/producto\/historia-de-las-casas-ontinena-copia\/","title":{"rendered":"Historia de las Casas&#8230; Onti\u00f1ena"},"content":{"rendered":"<p>Hace unos a\u00f1os escuch\u00e9 en una emisora de radio una expresi\u00f3n que creo que encaja perfectamente para explicar el sentido de este libro. Dec\u00eda as\u00ed: \u201cDebemos recordar lo que fuimos para entender lo que somos\u201d.<\/p>\n<p>\u201cSoy un apasionado de la historia y llegu\u00e9 a la conclusi\u00f3n de que cuando pase la generaci\u00f3n de los que ahora tenemos de 50 a 80 a\u00f1os habr\u00e1n desaparecido los motes,\u00a0 las historias de las casas donde nacieron y vivieron nuestros padres,\u00a0 abuelos o bisabuelos, sus vivencias y chascarrillos\u201d. \u201cCuando un trabajo como \u00e9ste se hace desde el cari\u00f1o y la voluntad de dejar testimonio escrito de lo que han sido las ra\u00edces de tu pueblo y sus habitantes, el resultado es siempre satisfactorio.\u201d \u201cEn este recorrido por Onti\u00f1ena vamos a encontrar historias de todo tipo que sacan a la luz toda la memoria colectiva de este pueblo,\u00a0 y que van desde lo tr\u00e1gico a lo c\u00f3mico, y desde lo individual a lo comunitario, conform\u00e1ndose \u00e9sta no solamente como un rasgo identitario, sino tambi\u00e9n como fuente de inspiraci\u00f3n de investigaciones futuras.<\/p>\n","protected":false},"excerpt":{"rendered":"<p>Hace unos a\u00f1os escuch\u00e9 en una emisora de radio una expresi\u00f3n que creo que encaja perfectamente para explicar el sentido de este libro. Dec\u00eda as\u00ed: \u201cDebemos recordar lo que fuimos para entender lo que somos\u201d. \u201cSoy un apasionado de la historia y llegu\u00e9 a la conclusi\u00f3n de que cuando pase la generaci\u00f3n de los que [&hellip;]<\/p>\n","protected":false},"featured_media":1201,"comment_status":"open","ping_status":"closed","template":"","meta":{"_et_pb_use_builder":"","_et_pb_old_content":"","_et_gb_content_width":""},"product_brand":[],"product_cat":[218,223],"product_tag":[228],"class_list":{"0":"post-1211","1":"product","2":"type-product","3":"status-publish","4":"has-post-thumbnail","6":"product_cat-booksonline","7":"product_cat-jose-pueyo-escanilla","8":"product_tag-testimonial","10":"first","11":"instock","12":"taxable","13":"shipping-taxable","14":"purchasable","15":"product-type-simple"},"_links":{"self":[{"href":"https:\/\/v31.es\/booksonline\/wp-json\/wp\/v2\/product\/1211","targetHints":{"allow":["GET"]}}],"collection":[{"href":"https:\/\/v31.es\/booksonline\/wp-json\/wp\/v2\/product"}],"about":[{"href":"https:\/\/v31.es\/booksonline\/wp-json\/wp\/v2\/types\/product"}],"replies":[{"embeddable":true,"href":"https:\/\/v31.es\/booksonline\/wp-json\/wp\/v2\/comments?post=1211"}],"wp:featuredmedia":[{"embeddable":true,"href":"https:\/\/v31.es\/booksonline\/wp-json\/wp\/v2\/media\/1201"}],"wp:attachment":[{"href":"https:\/\/v31.es\/booksonline\/wp-json\/wp\/v2\/media?parent=1211"}],"wp:term":[{"taxonomy":"product_brand","embeddable":true,"href":"https:\/\/v31.es\/booksonline\/wp-json\/wp\/v2\/product_brand?post=1211"},{"taxonomy":"product_cat","embeddable":true,"href":"https:\/\/v31.es\/booksonline\/wp-json\/wp\/v2\/product_cat?post=1211"},{"taxonomy":"product_tag","embeddable":true,"href":"https:\/\/v31.es\/booksonline\/wp-json\/wp\/v2\/product_tag?post=1211"}],"curies":[{"name":"wp","href":"https:\/\/api.w.org\/{rel}","templated":true}]}}

Historia de las Casas&#8230; Ontiñena

<p>Hace unos años escuché en una emisora de radio una expresión que creo que encaja perfectamente para explicar el sentido de este libro. Decía así: “Debemos recordar lo que fuimos para entender lo que somos”.</p>
<p>“Soy un apasionado de la historia y llegué a la conclusión de que cuando pase la generación de los que ahora tenemos de 50 a 80 años habrán desaparecido los motes,  las historias de las casas donde nacieron y vivieron nuestros padres,  abuelos o bisabuelos, sus vivencias y chascarrillos”. “Cuando un trabajo como éste se hace desde el cariño y la voluntad de dejar testimonio escrito de lo que han sido las raíces de tu pueblo y sus habitantes, el resultado es siempre satisfactorio.” “En este recorrido por Ontiñena vamos a encontrar historias de todo tipo que sacan a la luz toda la memoria colectiva de este pueblo,  y que van desde lo trágico a lo cómico, y desde lo individual a lo comunitario, conformándose ésta no solamente como un rasgo identitario, sino también como fuente de inspiración de investigaciones futuras.</p>

<p>Hace unos años escuché en una emisora de radio una expresión que creo que encaja perfectamente para explicar el sentido de este libro. Decía así: “Debemos recordar lo que fuimos para entender lo que somos”. “Soy un apasionado de la historia y llegué a la conclusión de que cuando pase la generación de los que [&hellip;]</p>
