{"id":4141,"date":"2020-01-02T10:57:54","date_gmt":"2020-01-02T09:57:54","guid":{"rendered":"http:\/\/v31.es\/booksonline\/?post_type=product&#038;p=4141"},"modified":"2020-01-02T11:06:49","modified_gmt":"2020-01-02T10:06:49","slug":"mi-pueblo-mola-un-paseo-por-aragon","status":"publish","type":"product","link":"https:\/\/v31.es\/booksonline\/producto\/mi-pueblo-mola-un-paseo-por-aragon\/","title":{"rendered":"MI PUEBLO MOLA: UN PASEO POR ARAG\u00d3N"},"content":{"rendered":"<p>\u00bfPuedes apreciar lo que no conoces? Todos los rincones de las comunidades que forman Espa\u00f1a merecen ser conocidos, y visitados, ya que junstos conforman uno de los mejores paises del mundo.<\/p>\n<div class='et-learn-more clearfix'>\n\t\t\t\t\t<h3 class='heading-more'>Leer m\u00e1s<span class='et_learnmore_arrow'><span><\/span><\/span><\/h3>\n\t\t\t\t\t<div class='learn-more-content'>Ademas de por su patrimonio cultural y natural por la grandeza de las personas que habitan la patria de Don Quijote, de Sancho y de Dulcinea&#8230; Empezamos por Arag\u00f3n. Un paseo por Arag\u00f3n recorre Huesca, Onti\u00f1ena, Albalate de Cinca, Alcolea de Cinca, Ballobar, Chalamera, Zaid\u00edn, Brea de Arag\u00f3n, Graus, Mar\u00eda de Huerva, todos los pueblos de la Comarca de Campo de Belchite, Barbastro, Sari\u00f1ena, Tamarite de Litera y Monz\u00f3n. \u00bfPor qu\u00e9 no identificar los lugares en los que todo ocurre? Espa\u00f1a es un pa\u00eds de cuento, de novela, de realidad insuperable en cuyos escenarios todo es posible. Disfrutemos de ellos con orgullo.<\/div>\n\t\t\t\t<\/div>\n","protected":false},"excerpt":{"rendered":"<p>\u00bfPuedes apreciar lo que no conoces? Todos los rincones de las comunidades que forman Espa\u00f1a merecen ser conocidos, y visitados, ya que junstos conforman uno de los mejores paises del mundo.<\/p>\n","protected":false},"featured_media":4142,"comment_status":"open","ping_status":"closed","template":"","meta":{"_et_pb_use_builder":"","_et_pb_old_content":"","_et_gb_content_width":""},"product_brand":[],"product_cat":[248],"product_tag":[250],"class_list":{"0":"post-4141","1":"product","2":"type-product","3":"status-publish","4":"has-post-thumbnail","6":"product_cat-mileniarts-leermola","7":"product_tag-infantil","9":"first","10":"instock","11":"taxable","12":"shipping-taxable","13":"purchasable","14":"product-type-simple"},"_links":{"self":[{"href":"https:\/\/v31.es\/booksonline\/wp-json\/wp\/v2\/product\/4141","targetHints":{"allow":["GET"]}}],"collection":[{"href":"https:\/\/v31.es\/booksonline\/wp-json\/wp\/v2\/product"}],"about":[{"href":"https:\/\/v31.es\/booksonline\/wp-json\/wp\/v2\/types\/product"}],"replies":[{"embeddable":true,"href":"https:\/\/v31.es\/booksonline\/wp-json\/wp\/v2\/comments?post=4141"}],"wp:featuredmedia":[{"embeddable":true,"href":"https:\/\/v31.es\/booksonline\/wp-json\/wp\/v2\/media\/4142"}],"wp:attachment":[{"href":"https:\/\/v31.es\/booksonline\/wp-json\/wp\/v2\/media?parent=4141"}],"wp:term":[{"taxonomy":"product_brand","embeddable":true,"href":"https:\/\/v31.es\/booksonline\/wp-json\/wp\/v2\/product_brand?post=4141"},{"taxonomy":"product_cat","embeddable":true,"href":"https:\/\/v31.es\/booksonline\/wp-json\/wp\/v2\/product_cat?post=4141"},{"taxonomy":"product_tag","embeddable":true,"href":"https:\/\/v31.es\/booksonline\/wp-json\/wp\/v2\/product_tag?post=4141"}],"curies":[{"name":"wp","href":"https:\/\/api.w.org\/{rel}","templated":true}]}}