{"id":4147,"date":"2020-01-02T11:33:07","date_gmt":"2020-01-02T10:33:07","guid":{"rendered":"http:\/\/v31.es\/booksonline\/?post_type=product&#038;p=4147"},"modified":"2020-01-02T12:54:43","modified_gmt":"2020-01-02T11:54:43","slug":"lo-que-nunca-te-han-contado","status":"publish","type":"product","link":"https:\/\/v31.es\/booksonline\/producto\/lo-que-nunca-te-han-contado\/","title":{"rendered":"LO QUE NUNCA TE HAN CONTADO"},"content":{"rendered":"<p>\u00c1ngel Puertas, madrile\u00f1o de Aluche y Atl\u00e9tico de coraz\u00f3n, lleg\u00f3 a Barcelona hace quince a\u00f1os para acabar su doctorado en Derecho.<\/p>\n<div class='et-learn-more clearfix'>\n\t\t\t\t\t<h3 class='heading-more'>Leer m\u00e1s<span class='et_learnmore_arrow'><span><\/span><\/span><\/h3>\n\t\t\t\t\t<div class='learn-more-content'>Lo que vio le sorprendi\u00f3. No comprend\u00eda esa exacerbaci\u00f3n nacionalista, la anteposici\u00f3n de la tribu al individuo, propia del populismo nacionalista catal\u00e1n. Entonces, se puso a estudiar psicolog\u00eda. Actualmente se encuentra en la capital presentando su nuevo libro,\u00a0<i><b>Lo que nunca te han contado: Catalu\u00f1a vista por un madrile\u00f1o.<\/b><\/i><\/div>\n\t\t\t\t<\/div>\n","protected":false},"excerpt":{"rendered":"<p>\u00c1ngel Puertas, madrile\u00f1o de Aluche y Atl\u00e9tico de coraz\u00f3n, lleg\u00f3 a Barcelona hace quince a\u00f1os para acabar su doctorado en Derecho.<\/p>\n","protected":false},"featured_media":4148,"comment_status":"open","ping_status":"closed","template":"","meta":{"_et_pb_use_builder":"","_et_pb_old_content":"","_et_gb_content_width":""},"product_brand":[],"product_cat":[253,248],"product_tag":[228],"class_list":{"0":"post-4147","1":"product","2":"type-product","3":"status-publish","4":"has-post-thumbnail","6":"product_cat-angel-puertas","7":"product_cat-mileniarts-leermola","8":"product_tag-testimonial","10":"first","11":"instock","12":"taxable","13":"shipping-taxable","14":"purchasable","15":"product-type-simple"},"_links":{"self":[{"href":"https:\/\/v31.es\/booksonline\/wp-json\/wp\/v2\/product\/4147","targetHints":{"allow":["GET"]}}],"collection":[{"href":"https:\/\/v31.es\/booksonline\/wp-json\/wp\/v2\/product"}],"about":[{"href":"https:\/\/v31.es\/booksonline\/wp-json\/wp\/v2\/types\/product"}],"replies":[{"embeddable":true,"href":"https:\/\/v31.es\/booksonline\/wp-json\/wp\/v2\/comments?post=4147"}],"wp:featuredmedia":[{"embeddable":true,"href":"https:\/\/v31.es\/booksonline\/wp-json\/wp\/v2\/media\/4148"}],"wp:attachment":[{"href":"https:\/\/v31.es\/booksonline\/wp-json\/wp\/v2\/media?parent=4147"}],"wp:term":[{"taxonomy":"product_brand","embeddable":true,"href":"https:\/\/v31.es\/booksonline\/wp-json\/wp\/v2\/product_brand?post=4147"},{"taxonomy":"product_cat","embeddable":true,"href":"https:\/\/v31.es\/booksonline\/wp-json\/wp\/v2\/product_cat?post=4147"},{"taxonomy":"product_tag","embeddable":true,"href":"https:\/\/v31.es\/booksonline\/wp-json\/wp\/v2\/product_tag?post=4147"}],"curies":[{"name":"wp","href":"https:\/\/api.w.org\/{rel}","templated":true}]}}