{"id":4197,"date":"2020-01-03T09:43:36","date_gmt":"2020-01-03T08:43:36","guid":{"rendered":"http:\/\/v31.es\/booksonline\/?post_type=product&#038;p=4197"},"modified":"2021-12-27T13:09:34","modified_gmt":"2021-12-27T12:09:34","slug":"tono-cazaimposibles","status":"publish","type":"product","link":"https:\/\/v31.es\/booksonline\/producto\/tono-cazaimposibles\/","title":{"rendered":"To\u00f1o Cazaimposibles"},"content":{"rendered":"<p>\u201cSoy To\u00f1o, Cazaimposibles. Ya s\u00e9 que suena raro, pero es mi oficio.<\/p>\n<div class='et-learn-more clearfix'>\n\t\t\t\t\t<h3 class='heading-more'>Leer m\u00e1s<span class='et_learnmore_arrow'><span><\/span><\/span><\/h3>\n\t\t\t\t\t<div class='learn-more-content'><p>Soy capaz de encontrar para el teatro al mejor Capit\u00e1n Garfio, a una Cenicienta verdadera o a un incre\u00edble hombre lobo. Mi \u00faltimo reto anda entre ogros y puedo asegurarte que no est\u00e1 siendo nada f\u00e1cil\u201d.<\/p>\n<p>Novela infantil en la que el protagonista se mueve de manera c\u00f3mica entre ogros y curiosos personajes. Tiene la habilidad de hacerte re\u00edr y atraparte hasta la \u00faltima p\u00e1gina al igual que las ilustraciones de David Guirao.<\/p><\/div>\n\t\t\t\t<\/div>\n","protected":false},"excerpt":{"rendered":"<p>\u201cSoy To\u00f1o, Cazaimposibles. Ya s\u00e9 que suena raro, pero es mi oficio.<\/p>\n","protected":false},"featured_media":4198,"comment_status":"open","ping_status":"closed","template":"","meta":{"_et_pb_use_builder":"","_et_pb_old_content":"","_et_gb_content_width":""},"product_brand":[],"product_cat":[255,242],"product_tag":[250],"class_list":{"0":"post-4197","1":"product","2":"type-product","3":"status-publish","4":"has-post-thumbnail","6":"product_cat-sandra-araguas","7":"product_cat-sin-cabeza","8":"product_tag-infantil","9":"product_shipping_class-envio-estandar","11":"first","12":"instock","13":"taxable","14":"shipping-taxable","15":"purchasable","16":"product-type-simple"},"_links":{"self":[{"href":"https:\/\/v31.es\/booksonline\/wp-json\/wp\/v2\/product\/4197","targetHints":{"allow":["GET"]}}],"collection":[{"href":"https:\/\/v31.es\/booksonline\/wp-json\/wp\/v2\/product"}],"about":[{"href":"https:\/\/v31.es\/booksonline\/wp-json\/wp\/v2\/types\/product"}],"replies":[{"embeddable":true,"href":"https:\/\/v31.es\/booksonline\/wp-json\/wp\/v2\/comments?post=4197"}],"wp:featuredmedia":[{"embeddable":true,"href":"https:\/\/v31.es\/booksonline\/wp-json\/wp\/v2\/media\/4198"}],"wp:attachment":[{"href":"https:\/\/v31.es\/booksonline\/wp-json\/wp\/v2\/media?parent=4197"}],"wp:term":[{"taxonomy":"product_brand","embeddable":true,"href":"https:\/\/v31.es\/booksonline\/wp-json\/wp\/v2\/product_brand?post=4197"},{"taxonomy":"product_cat","embeddable":true,"href":"https:\/\/v31.es\/booksonline\/wp-json\/wp\/v2\/product_cat?post=4197"},{"taxonomy":"product_tag","embeddable":true,"href":"https:\/\/v31.es\/booksonline\/wp-json\/wp\/v2\/product_tag?post=4197"}],"curies":[{"name":"wp","href":"https:\/\/api.w.org\/{rel}","templated":true}]}}