{"id":4199,"date":"2020-01-03T09:48:30","date_gmt":"2020-01-03T08:48:30","guid":{"rendered":"http:\/\/v31.es\/booksonline\/?post_type=product&#038;p=4199"},"modified":"2021-12-27T13:09:27","modified_gmt":"2021-12-27T12:09:27","slug":"lagrimas-en-los-tejados","status":"publish","type":"product","link":"https:\/\/v31.es\/booksonline\/producto\/lagrimas-en-los-tejados\/","title":{"rendered":"L\u00e1grimas en los tejados"},"content":{"rendered":"<p>Mi abuelo Ant\u00f3n, el gran abuelo Ant\u00f3n de manos calientes, callosas y fuertes que me lanzaba por los aires como si fuera un gorri\u00f3n, se va.<\/p>\n<div class='et-learn-more clearfix'>\n\t\t\t\t\t<h3 class='heading-more'>Leer m\u00e1s<span class='et_learnmore_arrow'><span><\/span><\/span><\/h3>\n\t\t\t\t\t<div class='learn-more-content'><div class=\"et_pb_module et_pb_text et_pb_text_2 et_pb_bg_layout_light et_pb_text_align_left\">\n<div class=\"et_pb_text_inner\">\n<p>Cada d\u00eda se va un poquito m\u00e1s. Lleva ya varios meses que no me reconoce. Cada vez que voy a verlo me llama Pilar, creyendo que soy mi abuela. \u00c9l me confunde porque esa maldita enfermedad le est\u00e1 dejando el cerebro como un queso gruyere.<\/p>\n<p>Primera novela de Sandra Aragu\u00e1s en la que nos habla de la Bolsa de Bielsa y los olvidados de la guerra civil.<\/p>\n<\/div>\n<\/div><\/div>\n\t\t\t\t<\/div>\n","protected":false},"excerpt":{"rendered":"<p>Mi abuelo Ant\u00f3n, el gran abuelo Ant\u00f3n de manos calientes, callosas y fuertes que me lanzaba por los aires como si fuera un gorri\u00f3n, se va.<\/p>\n","protected":false},"featured_media":4200,"comment_status":"open","ping_status":"closed","template":"","meta":{"_et_pb_use_builder":"","_et_pb_old_content":"","_et_gb_content_width":""},"product_brand":[],"product_cat":[255,242],"product_tag":[256],"class_list":{"0":"post-4199","1":"product","2":"type-product","3":"status-publish","4":"has-post-thumbnail","6":"product_cat-sandra-araguas","7":"product_cat-sin-cabeza","8":"product_tag-juvenil","9":"product_shipping_class-envio-estandar","11":"first","12":"instock","13":"taxable","14":"shipping-taxable","15":"purchasable","16":"product-type-simple"},"_links":{"self":[{"href":"https:\/\/v31.es\/booksonline\/wp-json\/wp\/v2\/product\/4199","targetHints":{"allow":["GET"]}}],"collection":[{"href":"https:\/\/v31.es\/booksonline\/wp-json\/wp\/v2\/product"}],"about":[{"href":"https:\/\/v31.es\/booksonline\/wp-json\/wp\/v2\/types\/product"}],"replies":[{"embeddable":true,"href":"https:\/\/v31.es\/booksonline\/wp-json\/wp\/v2\/comments?post=4199"}],"wp:featuredmedia":[{"embeddable":true,"href":"https:\/\/v31.es\/booksonline\/wp-json\/wp\/v2\/media\/4200"}],"wp:attachment":[{"href":"https:\/\/v31.es\/booksonline\/wp-json\/wp\/v2\/media?parent=4199"}],"wp:term":[{"taxonomy":"product_brand","embeddable":true,"href":"https:\/\/v31.es\/booksonline\/wp-json\/wp\/v2\/product_brand?post=4199"},{"taxonomy":"product_cat","embeddable":true,"href":"https:\/\/v31.es\/booksonline\/wp-json\/wp\/v2\/product_cat?post=4199"},{"taxonomy":"product_tag","embeddable":true,"href":"https:\/\/v31.es\/booksonline\/wp-json\/wp\/v2\/product_tag?post=4199"}],"curies":[{"name":"wp","href":"https:\/\/api.w.org\/{rel}","templated":true}]}}

Lágrimas en los tejados

<p>Mi abuelo Antón, el gran abuelo Antón de manos calientes, callosas y fuertes que me lanzaba por los aires como si fuera un gorrión, se va.</p>
<div class='et-learn-more clearfix'>
					<h3 class='heading-more'>Leer más<span class='et_learnmore_arrow'><span></span></span></h3>
					<div class='learn-more-content'><div class="et_pb_module et_pb_text et_pb_text_2 et_pb_bg_layout_light et_pb_text_align_left">
<div class="et_pb_text_inner">
<p>Cada día se va un poquito más. Lleva ya varios meses que no me reconoce. Cada vez que voy a verlo me llama Pilar, creyendo que soy mi abuela. Él me confunde porque esa maldita enfermedad le está dejando el cerebro como un queso gruyere.</p>
<p>Primera novela de Sandra Araguás en la que nos habla de la Bolsa de Bielsa y los olvidados de la guerra civil.</p>
</div>
</div></div>
				</div>

<p>Mi abuelo Antón, el gran abuelo Antón de manos calientes, callosas y fuertes que me lanzaba por los aires como si fuera un gorrión, se va.</p>
