{"id":4202,"date":"2020-01-03T10:02:20","date_gmt":"2020-01-03T09:02:20","guid":{"rendered":"http:\/\/v31.es\/booksonline\/?post_type=product&#038;p=4202"},"modified":"2021-12-27T13:09:18","modified_gmt":"2021-12-27T12:09:18","slug":"tono-cazaimposibles-sin-azucar","status":"publish","type":"product","link":"https:\/\/v31.es\/booksonline\/producto\/tono-cazaimposibles-sin-azucar\/","title":{"rendered":"To\u00f1o Cazaimposibles \u00a1Sin&#8230;!"},"content":{"rendered":"<p>Soy To\u00f1o, Cazaimposibles. Ya s\u00e9 que suena raro, pero es mi oficio.<\/p>\n<div class='et-learn-more clearfix'>\n\t\t\t\t\t<h3 class='heading-more'>Leer m\u00e1s<span class='et_learnmore_arrow'><span><\/span><\/span><\/h3>\n\t\t\t\t\t<div class='learn-more-content'><p>\u00bfQue no sabes lo que es? Espera, te lo explico. Soy capaz de encontrar para el teatro al mejor Capit\u00e1n Garfio, a una Cenicienta verdadera o al ogro m\u00e1s impresionante del mundo.\nMi \u00faltimo encargo es bastante peculiar. Anda, abre el libro, que te sorprender\u00e1. Es una aventura demasiado azucarHada.<\/p>\n<p>Segunda entrega de las aventuras de To\u00f1o Cazaimposibles, un personaje que ve el mundo m\u00e1gico en el d\u00eda a d\u00eda y que tiene la habilidad de hacerte re\u00edr y atraparte hasta la \u00faltima p\u00e1gina. Las ilustraciones de David Guirao te llevar\u00e1n al mundo de To\u00f1o.<\/p><\/div>\n\t\t\t\t<\/div>\n","protected":false},"excerpt":{"rendered":"<p>Soy To\u00f1o, Cazaimposibles. Ya s\u00e9 que suena raro, pero es mi oficio.<\/p>\n","protected":false},"featured_media":4203,"comment_status":"open","ping_status":"closed","template":"","meta":{"_et_pb_use_builder":"","_et_pb_old_content":"","_et_gb_content_width":""},"product_brand":[],"product_cat":[255,242],"product_tag":[250],"class_list":{"0":"post-4202","1":"product","2":"type-product","3":"status-publish","4":"has-post-thumbnail","6":"product_cat-sandra-araguas","7":"product_cat-sin-cabeza","8":"product_tag-infantil","9":"product_shipping_class-envio-estandar","11":"first","12":"instock","13":"taxable","14":"shipping-taxable","15":"purchasable","16":"product-type-simple"},"_links":{"self":[{"href":"https:\/\/v31.es\/booksonline\/wp-json\/wp\/v2\/product\/4202","targetHints":{"allow":["GET"]}}],"collection":[{"href":"https:\/\/v31.es\/booksonline\/wp-json\/wp\/v2\/product"}],"about":[{"href":"https:\/\/v31.es\/booksonline\/wp-json\/wp\/v2\/types\/product"}],"replies":[{"embeddable":true,"href":"https:\/\/v31.es\/booksonline\/wp-json\/wp\/v2\/comments?post=4202"}],"wp:featuredmedia":[{"embeddable":true,"href":"https:\/\/v31.es\/booksonline\/wp-json\/wp\/v2\/media\/4203"}],"wp:attachment":[{"href":"https:\/\/v31.es\/booksonline\/wp-json\/wp\/v2\/media?parent=4202"}],"wp:term":[{"taxonomy":"product_brand","embeddable":true,"href":"https:\/\/v31.es\/booksonline\/wp-json\/wp\/v2\/product_brand?post=4202"},{"taxonomy":"product_cat","embeddable":true,"href":"https:\/\/v31.es\/booksonline\/wp-json\/wp\/v2\/product_cat?post=4202"},{"taxonomy":"product_tag","embeddable":true,"href":"https:\/\/v31.es\/booksonline\/wp-json\/wp\/v2\/product_tag?post=4202"}],"curies":[{"name":"wp","href":"https:\/\/api.w.org\/{rel}","templated":true}]}}