{"id":4351,"date":"2020-01-07T10:03:16","date_gmt":"2020-01-07T09:03:16","guid":{"rendered":"http:\/\/v31.es\/booksonline\/?post_type=product&#038;p=4351"},"modified":"2021-12-27T13:06:21","modified_gmt":"2021-12-27T12:06:21","slug":"ultimo-verano","status":"publish","type":"product","link":"https:\/\/v31.es\/booksonline\/producto\/ultimo-verano\/","title":{"rendered":"\u00daltimo verano en Ordino"},"content":{"rendered":"<p>En el oto\u00f1o de 1882, Assumpta de Areny-Plandolit se ve obligada a abandonar la calma de la casa solariega de Ordino, en los valles de Andorra, para acompa\u00f1ar a la baronesa de Senaller, su madre, a la ciudad de Barcelona. All\u00ed deber\u00e1n defender la herencia familiar de los pleitos interpuestos por sus hermanastros, los hijos de la primera esposa del bar\u00f3n, asesinada una noche de estreno en el Liceo. Durante su estancia en la ciudad, la protagonista vivir\u00e1 dos revelaciones perturbadoras: el amor malogrado por Ventura, un joven seminarista, y una serie de episodios ocultos y sorprendentes de su extensa y atormentada familia.<\/p>\n<p>La novela <em>\u00daltimo verano en Ordino<\/em>, convertida por los lectores en un cl\u00e1sico de la literatura pirenaica, es un juego brillante que desdibuja las fronteras entre la realidad y la ficci\u00f3n. Mientras transitamos por los escenarios cambiantes de Andorra y Catalu\u00f1a en las d\u00e9cadas finales del siglo XIX, se nos muestran las frustraciones, los sue\u00f1os y las esperanzas de una joven de sensibilidad exquisita.<\/p>\n<p><em>\u00daltimo verano en Ordino<\/em> apareci\u00f3 en la primavera de 1998 y, desde entonces, se han publicado numerosas ediciones en catal\u00e1n. Que una novela, despu\u00e9s de veinte a\u00f1os, conservase intacta su capacidad de seducci\u00f3n, aconsej\u00f3 a la Editorial Andorra a ofrecer una traducci\u00f3n al castellano, cuidada con esmero, para darla a conocer a un p\u00fablico m\u00e1s amplio.<\/p>\n","protected":false},"excerpt":{"rendered":"<p>En el oto\u00f1o de 1882, Assumpta de Areny-Plandolit se ve obligada a abandonar la calma de la casa solariega de Ordino, en los valles de Andorra, para acompa\u00f1ar a la baronesa de Senaller, su madre, a la ciudad de Barcelona. All\u00ed deber\u00e1n defender la herencia familiar de los pleitos interpuestos por sus hermanastros, los hijos [&hellip;]<\/p>\n","protected":false},"featured_media":4354,"comment_status":"open","ping_status":"closed","template":"","meta":{"_et_pb_use_builder":"","_et_pb_old_content":"","_et_gb_content_width":""},"product_brand":[],"product_cat":[263,262],"product_tag":[264],"class_list":{"0":"post-4351","1":"product","2":"type-product","3":"status-publish","4":"has-post-thumbnail","6":"product_cat-andorrana","7":"product_cat-joan-peruga","8":"product_tag-narrativa","9":"product_shipping_class-envio-estandar","11":"first","12":"instock","13":"taxable","14":"shipping-taxable","15":"purchasable","16":"product-type-simple"},"_links":{"self":[{"href":"https:\/\/v31.es\/booksonline\/wp-json\/wp\/v2\/product\/4351","targetHints":{"allow":["GET"]}}],"collection":[{"href":"https:\/\/v31.es\/booksonline\/wp-json\/wp\/v2\/product"}],"about":[{"href":"https:\/\/v31.es\/booksonline\/wp-json\/wp\/v2\/types\/product"}],"replies":[{"embeddable":true,"href":"https:\/\/v31.es\/booksonline\/wp-json\/wp\/v2\/comments?post=4351"}],"wp:featuredmedia":[{"embeddable":true,"href":"https:\/\/v31.es\/booksonline\/wp-json\/wp\/v2\/media\/4354"}],"wp:attachment":[{"href":"https:\/\/v31.es\/booksonline\/wp-json\/wp\/v2\/media?parent=4351"}],"wp:term":[{"taxonomy":"product_brand","embeddable":true,"href":"https:\/\/v31.es\/booksonline\/wp-json\/wp\/v2\/product_brand?post=4351"},{"taxonomy":"product_cat","embeddable":true,"href":"https:\/\/v31.es\/booksonline\/wp-json\/wp\/v2\/product_cat?post=4351"},{"taxonomy":"product_tag","embeddable":true,"href":"https:\/\/v31.es\/booksonline\/wp-json\/wp\/v2\/product_tag?post=4351"}],"curies":[{"name":"wp","href":"https:\/\/api.w.org\/{rel}","templated":true}]}}

Último verano en Ordino

<p>En el otoño de 1882, Assumpta de Areny-Plandolit se ve obligada a abandonar la calma de la casa solariega de Ordino, en los valles de Andorra, para acompañar a la baronesa de Senaller, su madre, a la ciudad de Barcelona. Allí deberán defender la herencia familiar de los pleitos interpuestos por sus hermanastros, los hijos de la primera esposa del barón, asesinada una noche de estreno en el Liceo. Durante su estancia en la ciudad, la protagonista vivirá dos revelaciones perturbadoras: el amor malogrado por Ventura, un joven seminarista, y una serie de episodios ocultos y sorprendentes de su extensa y atormentada familia.</p>
<p>La novela <em>Último verano en Ordino</em>, convertida por los lectores en un clásico de la literatura pirenaica, es un juego brillante que desdibuja las fronteras entre la realidad y la ficción. Mientras transitamos por los escenarios cambiantes de Andorra y Cataluña en las décadas finales del siglo XIX, se nos muestran las frustraciones, los sueños y las esperanzas de una joven de sensibilidad exquisita.</p>
<p><em>Último verano en Ordino</em> apareció en la primavera de 1998 y, desde entonces, se han publicado numerosas ediciones en catalán. Que una novela, después de veinte años, conservase intacta su capacidad de seducción, aconsejó a la Editorial Andorra a ofrecer una traducción al castellano, cuidada con esmero, para darla a conocer a un público más amplio.</p>

<p>En el otoño de 1882, Assumpta de Areny-Plandolit se ve obligada a abandonar la calma de la casa solariega de Ordino, en los valles de Andorra, para acompañar a la baronesa de Senaller, su madre, a la ciudad de Barcelona. Allí deberán defender la herencia familiar de los pleitos interpuestos por sus hermanastros, los hijos [&hellip;]</p>
