{"id":4440,"date":"2020-01-10T11:22:32","date_gmt":"2020-01-10T10:22:32","guid":{"rendered":"http:\/\/v31.es\/booksonline\/?post_type=product&#038;p=4440"},"modified":"2021-12-27T12:59:49","modified_gmt":"2021-12-27T11:59:49","slug":"monzon-en-autobus","status":"publish","type":"product","link":"https:\/\/v31.es\/booksonline\/producto\/monzon-en-autobus\/","title":{"rendered":"Monz\u00f3n en Autob\u00fas"},"content":{"rendered":"<p>Francisco Castill\u00f3n Cortada naci\u00f3 en Monz\u00f3n en 1927. Es eclesi\u00e1stico, cronista del Obispado de L\u00e9rida y encargado del Archivo Capitular.<\/p>\n<div class='et-learn-more clearfix'>\n\t\t\t\t\t<h3 class='heading-more'>Leer m\u00e1s<span class='et_learnmore_arrow'><span><\/span><\/span><\/h3>\n\t\t\t\t\t<div class='learn-more-content'>\u00a0En el libro ha conseguido plasmar su gran amor por la ciudad; inculcado en su infancia por su maestro D. Juan A. Permis\u00e1n, el p\u00e1rroco mos\u00e9n Mariano Ferrer y por sus padres. Castill\u00f3n nos propone un ameno viaje por Monz\u00f3n. Con un lenguaje claro y sencillo describe una ciudad milenaria en su historia y moderna en la actualidad; enmarcado en un contexto hist\u00f3rico-religioso donde el entorno y el quehacer cotidiano de los monzonenses de entonces reviven a los largo de setenta y nueve paradas. El ayer y el hoy de sus calles, plazas y acequias as\u00ed como el de sus gentes, costumbres, fiestas y tradiciones. Un libro entra\u00f1able y valioso para todo el que ama Monz\u00f3n y sus ra\u00edces.<\/div>\n\t\t\t\t<\/div>\n","protected":false},"excerpt":{"rendered":"<p>Francisco Castill\u00f3n Cortada naci\u00f3 en Monz\u00f3n en 1927. Es eclesi\u00e1stico, cronista del Obispado de L\u00e9rida y encargado del Archivo Capitular.<\/p>\n","protected":false},"featured_media":4441,"comment_status":"open","ping_status":"closed","template":"","meta":{"_et_pb_use_builder":"","_et_pb_old_content":"","_et_gb_content_width":""},"product_brand":[],"product_cat":[268,265],"product_tag":[36],"class_list":{"0":"post-4440","1":"product","2":"type-product","3":"status-publish","4":"has-post-thumbnail","6":"product_cat-francisco-castillon-cortada","7":"product_cat-la-clamor","8":"product_tag-novela","9":"product_shipping_class-envio-estandar","11":"first","12":"instock","13":"taxable","14":"shipping-taxable","15":"purchasable","16":"product-type-simple"},"_links":{"self":[{"href":"https:\/\/v31.es\/booksonline\/wp-json\/wp\/v2\/product\/4440","targetHints":{"allow":["GET"]}}],"collection":[{"href":"https:\/\/v31.es\/booksonline\/wp-json\/wp\/v2\/product"}],"about":[{"href":"https:\/\/v31.es\/booksonline\/wp-json\/wp\/v2\/types\/product"}],"replies":[{"embeddable":true,"href":"https:\/\/v31.es\/booksonline\/wp-json\/wp\/v2\/comments?post=4440"}],"wp:featuredmedia":[{"embeddable":true,"href":"https:\/\/v31.es\/booksonline\/wp-json\/wp\/v2\/media\/4441"}],"wp:attachment":[{"href":"https:\/\/v31.es\/booksonline\/wp-json\/wp\/v2\/media?parent=4440"}],"wp:term":[{"taxonomy":"product_brand","embeddable":true,"href":"https:\/\/v31.es\/booksonline\/wp-json\/wp\/v2\/product_brand?post=4440"},{"taxonomy":"product_cat","embeddable":true,"href":"https:\/\/v31.es\/booksonline\/wp-json\/wp\/v2\/product_cat?post=4440"},{"taxonomy":"product_tag","embeddable":true,"href":"https:\/\/v31.es\/booksonline\/wp-json\/wp\/v2\/product_tag?post=4440"}],"curies":[{"name":"wp","href":"https:\/\/api.w.org\/{rel}","templated":true}]}}

Monzón en Autobús

<p>Francisco Castillón Cortada nació en Monzón en 1927. Es eclesiástico, cronista del Obispado de Lérida y encargado del Archivo Capitular.</p>
<div class='et-learn-more clearfix'>
					<h3 class='heading-more'>Leer más<span class='et_learnmore_arrow'><span></span></span></h3>
					<div class='learn-more-content'> En el libro ha conseguido plasmar su gran amor por la ciudad; inculcado en su infancia por su maestro D. Juan A. Permisán, el párroco mosén Mariano Ferrer y por sus padres. Castillón nos propone un ameno viaje por Monzón. Con un lenguaje claro y sencillo describe una ciudad milenaria en su historia y moderna en la actualidad; enmarcado en un contexto histórico-religioso donde el entorno y el quehacer cotidiano de los monzonenses de entonces reviven a los largo de setenta y nueve paradas. El ayer y el hoy de sus calles, plazas y acequias así como el de sus gentes, costumbres, fiestas y tradiciones. Un libro entrañable y valioso para todo el que ama Monzón y sus raíces.</div>
				</div>

<p>Francisco Castillón Cortada nació en Monzón en 1927. Es eclesiástico, cronista del Obispado de Lérida y encargado del Archivo Capitular.</p>
