{"id":4442,"date":"2020-01-10T11:26:44","date_gmt":"2020-01-10T10:26:44","guid":{"rendered":"http:\/\/v31.es\/booksonline\/?post_type=product&#038;p=4442"},"modified":"2021-12-27T12:59:39","modified_gmt":"2021-12-27T11:59:39","slug":"retratos-al-minuto","status":"publish","type":"product","link":"https:\/\/v31.es\/booksonline\/producto\/retratos-al-minuto\/","title":{"rendered":"Retratos al minuto"},"content":{"rendered":"<p>Conocido por el amor entra\u00f1able que profesa a su ciudad natal y por su voluntad de dar a conocer de forma continua<\/p>\n<div class='et-learn-more clearfix'>\n\t\t\t\t\t<h3 class='heading-more'>Leer m\u00e1s<span class='et_learnmore_arrow'><span><\/span><\/span><\/h3>\n\t\t\t\t\t<div class='learn-more-content'>y desinteresada los acontecimientos que han perfilado la historia de esa localidad. \u201cRetratos al minuto\u201d es la primera entrega de una recopilaci\u00f3n de vivencias personales que a modo de cr\u00f3nicas, refleja el tic-tac del tiempo de Monz\u00f3n, su ciudad natal. El autor nos obliga a retroceder en el tiempo, para transmitirnos sus vivencias y el calor de los recuerdos que le han tocado vivir. La diversidad de los acontecimientos y circunstancias que se nos plasman en sus p\u00e1ginas, nos hacen part\u00edcipes del compromiso, que cada uno en su historia individual, adquiere con las costumbres y tradiciones que no se deben perder en el olvido. Tambi\u00e9n ha escrito \u201cEl Palomar\u201d<\/div>\n\t\t\t\t<\/div>\n","protected":false},"excerpt":{"rendered":"<p>Conocido por el amor entra\u00f1able que profesa a su ciudad natal y por su voluntad de dar a conocer de forma continua<\/p>\n","protected":false},"featured_media":4445,"comment_status":"open","ping_status":"closed","template":"","meta":{"_et_pb_use_builder":"","_et_pb_old_content":"","_et_gb_content_width":""},"product_brand":[],"product_cat":[265,267],"product_tag":[36],"class_list":{"0":"post-4442","1":"product","2":"type-product","3":"status-publish","4":"has-post-thumbnail","6":"product_cat-la-clamor","7":"product_cat-ramon-raluy-atanasio","8":"product_tag-novela","9":"product_shipping_class-envio-estandar","11":"first","12":"instock","13":"taxable","14":"shipping-taxable","15":"purchasable","16":"product-type-simple"},"_links":{"self":[{"href":"https:\/\/v31.es\/booksonline\/wp-json\/wp\/v2\/product\/4442","targetHints":{"allow":["GET"]}}],"collection":[{"href":"https:\/\/v31.es\/booksonline\/wp-json\/wp\/v2\/product"}],"about":[{"href":"https:\/\/v31.es\/booksonline\/wp-json\/wp\/v2\/types\/product"}],"replies":[{"embeddable":true,"href":"https:\/\/v31.es\/booksonline\/wp-json\/wp\/v2\/comments?post=4442"}],"wp:featuredmedia":[{"embeddable":true,"href":"https:\/\/v31.es\/booksonline\/wp-json\/wp\/v2\/media\/4445"}],"wp:attachment":[{"href":"https:\/\/v31.es\/booksonline\/wp-json\/wp\/v2\/media?parent=4442"}],"wp:term":[{"taxonomy":"product_brand","embeddable":true,"href":"https:\/\/v31.es\/booksonline\/wp-json\/wp\/v2\/product_brand?post=4442"},{"taxonomy":"product_cat","embeddable":true,"href":"https:\/\/v31.es\/booksonline\/wp-json\/wp\/v2\/product_cat?post=4442"},{"taxonomy":"product_tag","embeddable":true,"href":"https:\/\/v31.es\/booksonline\/wp-json\/wp\/v2\/product_tag?post=4442"}],"curies":[{"name":"wp","href":"https:\/\/api.w.org\/{rel}","templated":true}]}}

<p>Conocido por el amor entrañable que profesa a su ciudad natal y por su voluntad de dar a conocer de forma continua</p>
<div class='et-learn-more clearfix'>
					<h3 class='heading-more'>Leer más<span class='et_learnmore_arrow'><span></span></span></h3>
					<div class='learn-more-content'>y desinteresada los acontecimientos que han perfilado la historia de esa localidad. “Retratos al minuto” es la primera entrega de una recopilación de vivencias personales que a modo de crónicas, refleja el tic-tac del tiempo de Monzón, su ciudad natal. El autor nos obliga a retroceder en el tiempo, para transmitirnos sus vivencias y el calor de los recuerdos que le han tocado vivir. La diversidad de los acontecimientos y circunstancias que se nos plasman en sus páginas, nos hacen partícipes del compromiso, que cada uno en su historia individual, adquiere con las costumbres y tradiciones que no se deben perder en el olvido. También ha escrito “El Palomar”</div>
				</div>

<p>Conocido por el amor entrañable que profesa a su ciudad natal y por su voluntad de dar a conocer de forma continua</p>
