{"id":4446,"date":"2020-01-10T11:35:10","date_gmt":"2020-01-10T10:35:10","guid":{"rendered":"http:\/\/v31.es\/booksonline\/?post_type=product&#038;p=4446"},"modified":"2021-12-27T12:59:26","modified_gmt":"2021-12-27T11:59:26","slug":"el-palomar","status":"publish","type":"product","link":"https:\/\/v31.es\/booksonline\/producto\/el-palomar\/","title":{"rendered":"El palomar"},"content":{"rendered":"<p>Ram\u00f3n Raluy no pudo ver en su d\u00eda este \u00faltimo de sus hijos literarios, en el que reflej\u00f3 su extraordinario monzonismo<\/p>\n<div class='et-learn-more clearfix'>\n\t\t\t\t\t<h3 class='heading-more'>Leer m\u00e1s<span class='et_learnmore_arrow'><span><\/span><\/span><\/h3>\n\t\t\t\t\t<div class='learn-more-content'>\u00a0por la v\u00eda de dibujar el latido de una de las zonas entra\u00f1ables de Monz\u00f3n: el Barrio del Palomar. Se encuentran en el presente libro dos vitalidades sorprendentes, uno y otro respondiendo al meritorio t\u00edtulo de \u201chechos a s\u00ed mismos\u201d. Y he aqu\u00ed que el fraseo efusivo con el que Ram\u00f3n repasar\u00e1 su sentimiento hacia el querido Barrio, ir\u00e1 en direcci\u00f3n contraria a como sol\u00eda; porque \u00e9l escribi\u00f3 \u201ccartas al cielo\u201d, y ahora retrocede aquellas andaduras que tanto conoce; se recrea, igual que nos recrea, en esta remembranza de las suyas, en este revivir, que es lo bendito de las remembranzas. As\u00ed que el texto es broche de dos personalidades a los que podr\u00e1 aplicarse un mismo lema: \u201cSemper vives\u201d. \u201cSiempre vivir\u00e1s\u201d.<\/div>\n\t\t\t\t<\/div>\n","protected":false},"excerpt":{"rendered":"<p>Ram\u00f3n Raluy no pudo ver en su d\u00eda este \u00faltimo de sus hijos literarios, en el que reflej\u00f3 su extraordinario monzonismo<\/p>\n","protected":false},"featured_media":4447,"comment_status":"open","ping_status":"closed","template":"","meta":{"_et_pb_use_builder":"","_et_pb_old_content":"","_et_gb_content_width":""},"product_brand":[],"product_cat":[265,267],"product_tag":[36],"class_list":{"0":"post-4446","1":"product","2":"type-product","3":"status-publish","4":"has-post-thumbnail","6":"product_cat-la-clamor","7":"product_cat-ramon-raluy-atanasio","8":"product_tag-novela","9":"product_shipping_class-envio-estandar","11":"first","12":"instock","13":"taxable","14":"shipping-taxable","15":"purchasable","16":"product-type-simple"},"_links":{"self":[{"href":"https:\/\/v31.es\/booksonline\/wp-json\/wp\/v2\/product\/4446","targetHints":{"allow":["GET"]}}],"collection":[{"href":"https:\/\/v31.es\/booksonline\/wp-json\/wp\/v2\/product"}],"about":[{"href":"https:\/\/v31.es\/booksonline\/wp-json\/wp\/v2\/types\/product"}],"replies":[{"embeddable":true,"href":"https:\/\/v31.es\/booksonline\/wp-json\/wp\/v2\/comments?post=4446"}],"wp:featuredmedia":[{"embeddable":true,"href":"https:\/\/v31.es\/booksonline\/wp-json\/wp\/v2\/media\/4447"}],"wp:attachment":[{"href":"https:\/\/v31.es\/booksonline\/wp-json\/wp\/v2\/media?parent=4446"}],"wp:term":[{"taxonomy":"product_brand","embeddable":true,"href":"https:\/\/v31.es\/booksonline\/wp-json\/wp\/v2\/product_brand?post=4446"},{"taxonomy":"product_cat","embeddable":true,"href":"https:\/\/v31.es\/booksonline\/wp-json\/wp\/v2\/product_cat?post=4446"},{"taxonomy":"product_tag","embeddable":true,"href":"https:\/\/v31.es\/booksonline\/wp-json\/wp\/v2\/product_tag?post=4446"}],"curies":[{"name":"wp","href":"https:\/\/api.w.org\/{rel}","templated":true}]}}

<p>Ramón Raluy no pudo ver en su día este último de sus hijos literarios, en el que reflejó su extraordinario monzonismo</p>
<div class='et-learn-more clearfix'>
					<h3 class='heading-more'>Leer más<span class='et_learnmore_arrow'><span></span></span></h3>
					<div class='learn-more-content'> por la vía de dibujar el latido de una de las zonas entrañables de Monzón: el Barrio del Palomar. Se encuentran en el presente libro dos vitalidades sorprendentes, uno y otro respondiendo al meritorio título de “hechos a sí mismos”. Y he aquí que el fraseo efusivo con el que Ramón repasará su sentimiento hacia el querido Barrio, irá en dirección contraria a como solía; porque él escribió “cartas al cielo”, y ahora retrocede aquellas andaduras que tanto conoce; se recrea, igual que nos recrea, en esta remembranza de las suyas, en este revivir, que es lo bendito de las remembranzas. Así que el texto es broche de dos personalidades a los que podrá aplicarse un mismo lema: “Semper vives”. “Siempre vivirás”.</div>
				</div>

<p>Ramón Raluy no pudo ver en su día este último de sus hijos literarios, en el que reflejó su extraordinario monzonismo</p>
