{"id":4448,"date":"2020-01-10T11:41:43","date_gmt":"2020-01-10T10:41:43","guid":{"rendered":"http:\/\/v31.es\/booksonline\/?post_type=product&#038;p=4448"},"modified":"2021-12-27T12:59:16","modified_gmt":"2021-12-27T11:59:16","slug":"50-ojeadas-alredodor","status":"publish","type":"product","link":"https:\/\/v31.es\/booksonline\/producto\/50-ojeadas-alredodor\/","title":{"rendered":"50 ojeadas alredodor"},"content":{"rendered":"<p>\u201cSe est\u00e1 ba\u00f1ando Mardones;\/llega el agua a sus rodillas\u201d<\/p>\n<div class='et-learn-more clearfix'>\n\t\t\t\t\t<h3 class='heading-more'>Leer m\u00e1s<span class='et_learnmore_arrow'><span><\/span><\/span><\/h3>\n\t\t\t\t\t<div class='learn-more-content'>es preciso esperar a que suba la marea, en cambio podemos asegurar que \u201cArteria\u201d,\/la feria\/la m\u00e1s ser\u00e1\/en la materia\/de toda la periferia\u201d es poes\u00eda pura desde ya, a no ser que una norma iconoclasta se cargue su encanto como se cargo el pareado \u201cLa pereza es la madre\/de la vida padre\u201d obligando por Ley a que se enunciara \u201cLa pereza es el progenitor B de la vida del progenitor A\u201d. Est\u00e1 ocurriendo que, al modo con que la gente del circo hace \u201cprevios\u201d por las calles de las localidades en que act\u00faa, as\u00ed \u201cArteria\u201d, en las jornadas precedentes, va \u201censay\u00e1ndose\u201d por las arterias viarias de un forma peculiar, En concreto, desde las terrazas de los bares se echa un vistazo detenido a la exposici\u00f3n del personal de a pie, mientras los transe\u00fantes ven la exposici\u00f3n del personal sentado.<\/div>\n\t\t\t\t<\/div>\n","protected":false},"excerpt":{"rendered":"<p>\u201cSe est\u00e1 ba\u00f1ando Mardones;\/llega el agua a sus rodillas\u201d<\/p>\n","protected":false},"featured_media":4449,"comment_status":"open","ping_status":"closed","template":"","meta":{"_et_pb_use_builder":"","_et_pb_old_content":"","_et_gb_content_width":""},"product_brand":[],"product_cat":[265],"product_tag":[36],"class_list":{"0":"post-4448","1":"product","2":"type-product","3":"status-publish","4":"has-post-thumbnail","6":"product_cat-la-clamor","7":"product_tag-novela","8":"product_shipping_class-envio-estandar","10":"first","11":"instock","12":"taxable","13":"shipping-taxable","14":"purchasable","15":"product-type-simple"},"_links":{"self":[{"href":"https:\/\/v31.es\/booksonline\/wp-json\/wp\/v2\/product\/4448","targetHints":{"allow":["GET"]}}],"collection":[{"href":"https:\/\/v31.es\/booksonline\/wp-json\/wp\/v2\/product"}],"about":[{"href":"https:\/\/v31.es\/booksonline\/wp-json\/wp\/v2\/types\/product"}],"replies":[{"embeddable":true,"href":"https:\/\/v31.es\/booksonline\/wp-json\/wp\/v2\/comments?post=4448"}],"wp:featuredmedia":[{"embeddable":true,"href":"https:\/\/v31.es\/booksonline\/wp-json\/wp\/v2\/media\/4449"}],"wp:attachment":[{"href":"https:\/\/v31.es\/booksonline\/wp-json\/wp\/v2\/media?parent=4448"}],"wp:term":[{"taxonomy":"product_brand","embeddable":true,"href":"https:\/\/v31.es\/booksonline\/wp-json\/wp\/v2\/product_brand?post=4448"},{"taxonomy":"product_cat","embeddable":true,"href":"https:\/\/v31.es\/booksonline\/wp-json\/wp\/v2\/product_cat?post=4448"},{"taxonomy":"product_tag","embeddable":true,"href":"https:\/\/v31.es\/booksonline\/wp-json\/wp\/v2\/product_tag?post=4448"}],"curies":[{"name":"wp","href":"https:\/\/api.w.org\/{rel}","templated":true}]}}

<p>“Se está bañando Mardones;/llega el agua a sus rodillas”</p>
<div class='et-learn-more clearfix'>
					<h3 class='heading-more'>Leer más<span class='et_learnmore_arrow'><span></span></span></h3>
					<div class='learn-more-content'>es preciso esperar a que suba la marea, en cambio podemos asegurar que “Arteria”,/la feria/la más será/en la materia/de toda la periferia” es poesía pura desde ya, a no ser que una norma iconoclasta se cargue su encanto como se cargo el pareado “La pereza es la madre/de la vida padre” obligando por Ley a que se enunciara “La pereza es el progenitor B de la vida del progenitor A”. Está ocurriendo que, al modo con que la gente del circo hace “previos” por las calles de las localidades en que actúa, así “Arteria”, en las jornadas precedentes, va “ensayándose” por las arterias viarias de un forma peculiar, En concreto, desde las terrazas de los bares se echa un vistazo detenido a la exposición del personal de a pie, mientras los transeúntes ven la exposición del personal sentado.</div>
				</div>

<p>“Se está bañando Mardones;/llega el agua a sus rodillas”</p>
