{"id":4450,"date":"2020-01-10T11:49:21","date_gmt":"2020-01-10T10:49:21","guid":{"rendered":"http:\/\/v31.es\/booksonline\/?post_type=product&#038;p=4450"},"modified":"2021-12-27T12:59:06","modified_gmt":"2021-12-27T11:59:06","slug":"flora-ribagorzana","status":"publish","type":"product","link":"https:\/\/v31.es\/booksonline\/producto\/flora-ribagorzana\/","title":{"rendered":"Flora Ribagorzana"},"content":{"rendered":"<p>Caminaba por la monta\u00f1a con 22 a\u00f1os, c\u00e1mara en ristre,<\/p>\n<div class='et-learn-more clearfix'>\n\t\t\t\t\t<h3 class='heading-more'>Leer m\u00e1s<span class='et_learnmore_arrow'><span><\/span><\/span><\/h3>\n\t\t\t\t\t<div class='learn-more-content'>fascinado por la luz y la atm\u00f3sfera, el silencio y las rocas, el agua, el vuelo de los p\u00e1jaros y los colores y olores de las plantas. Adem\u00e1s de la mochila, llevaba conmigo la curiosidad por descifrar todo lo natural que encontraba a mi paso. Despu\u00e9s, ya en casa, pon\u00eda nombres a las diapositivas de mis salidas al monte. Ninguna quedaba en blanco, aunque en las flores al principio figuraba s\u00f3lo una l\u00e1nguida descripci\u00f3n del tipo: \u201cFlor roja-Mulleres\u201d. As\u00ed que me compr\u00e9 un libro\n\u2013una gu\u00eda de identificaci\u00f3n de las plantas de Francia- y entonces supe que se las pod\u00eda nombrar en lat\u00edn usando dos palabras, y que aquella planta retratada durante la ascensi\u00f3n al Mulleres se llamaba Rhodiola rosea, y que el rojo no eran sus flores, sino sus frutos<\/div>\n\t\t\t\t<\/div>\n","protected":false},"excerpt":{"rendered":"<p>Caminaba por la monta\u00f1a con 22 a\u00f1os, c\u00e1mara en ristre,<\/p>\n","protected":false},"featured_media":4451,"comment_status":"open","ping_status":"closed","template":"","meta":{"_et_pb_use_builder":"","_et_pb_old_content":"","_et_gb_content_width":""},"product_brand":[],"product_cat":[269,265],"product_tag":[214],"class_list":{"0":"post-4450","1":"product","2":"type-product","3":"status-publish","4":"has-post-thumbnail","6":"product_cat-jose-vicente-ferrandez-palacio","7":"product_cat-la-clamor","8":"product_tag-crecimiento-personal","9":"product_shipping_class-envio-estandar","11":"first","12":"instock","13":"taxable","14":"shipping-taxable","15":"purchasable","16":"product-type-simple"},"_links":{"self":[{"href":"https:\/\/v31.es\/booksonline\/wp-json\/wp\/v2\/product\/4450","targetHints":{"allow":["GET"]}}],"collection":[{"href":"https:\/\/v31.es\/booksonline\/wp-json\/wp\/v2\/product"}],"about":[{"href":"https:\/\/v31.es\/booksonline\/wp-json\/wp\/v2\/types\/product"}],"replies":[{"embeddable":true,"href":"https:\/\/v31.es\/booksonline\/wp-json\/wp\/v2\/comments?post=4450"}],"wp:featuredmedia":[{"embeddable":true,"href":"https:\/\/v31.es\/booksonline\/wp-json\/wp\/v2\/media\/4451"}],"wp:attachment":[{"href":"https:\/\/v31.es\/booksonline\/wp-json\/wp\/v2\/media?parent=4450"}],"wp:term":[{"taxonomy":"product_brand","embeddable":true,"href":"https:\/\/v31.es\/booksonline\/wp-json\/wp\/v2\/product_brand?post=4450"},{"taxonomy":"product_cat","embeddable":true,"href":"https:\/\/v31.es\/booksonline\/wp-json\/wp\/v2\/product_cat?post=4450"},{"taxonomy":"product_tag","embeddable":true,"href":"https:\/\/v31.es\/booksonline\/wp-json\/wp\/v2\/product_tag?post=4450"}],"curies":[{"name":"wp","href":"https:\/\/api.w.org\/{rel}","templated":true}]}}

<p>Caminaba por la montaña con 22 años, cámara en ristre,</p>
<div class='et-learn-more clearfix'>
					<h3 class='heading-more'>Leer más<span class='et_learnmore_arrow'><span></span></span></h3>
					<div class='learn-more-content'>fascinado por la luz y la atmósfera, el silencio y las rocas, el agua, el vuelo de los pájaros y los colores y olores de las plantas. Además de la mochila, llevaba conmigo la curiosidad por descifrar todo lo natural que encontraba a mi paso. Después, ya en casa, ponía nombres a las diapositivas de mis salidas al monte. Ninguna quedaba en blanco, aunque en las flores al principio figuraba sólo una lánguida descripción del tipo: “Flor roja-Mulleres”. Así que me compré un libro
–una guía de identificación de las plantas de Francia- y entonces supe que se las podía nombrar en latín usando dos palabras, y que aquella planta retratada durante la ascensión al Mulleres se llamaba Rhodiola rosea, y que el rojo no eran sus flores, sino sus frutos</div>
				</div>

<p>Caminaba por la montaña con 22 años, cámara en ristre,</p>
