{"id":4454,"date":"2020-01-10T11:59:51","date_gmt":"2020-01-10T10:59:51","guid":{"rendered":"http:\/\/v31.es\/booksonline\/?post_type=product&#038;p=4454"},"modified":"2021-12-27T12:58:17","modified_gmt":"2021-12-27T11:58:17","slug":"los-sugus-de-pina","status":"publish","type":"product","link":"https:\/\/v31.es\/booksonline\/producto\/los-sugus-de-pina\/","title":{"rendered":"Los sugus de pi\u00f1a"},"content":{"rendered":"<p>En su lado amable, la profesi\u00f3n de periodista te lleva a conocer a personas interesantes por su trabajo<\/p>\n<div class='et-learn-more clearfix'>\n\t\t\t\t\t<h3 class='heading-more'>Leer m\u00e1s<span class='et_learnmore_arrow'><span><\/span><\/span><\/h3>\n\t\t\t\t\t<div class='learn-more-content'>\u00a0o encantadoras por su trato o desprendidas en su quehacer o admirables por su dedicaci\u00f3n. Y en ocasiones te topas con hombres o mujeres que re\u00fanen esas cuatro cualidades. Jos\u00e9 Dami\u00e1n Moreno pertenece a este \u201cselecto\u201d grupo. Su compromiso con la naturaleza le hace interesante, y su predisposici\u00f3n a hacerte un favor, encantador. Y las horas en el campo para vigilar la casa de los otros habitantes del Cinca, desprendido. Y el empe\u00f1o en escribir, fotografiar, contar, alertar de amenazas y salir en defensa de sus amigos silvestres, admirable por su dedicaci\u00f3n. No es un tipo radical ni estramb\u00f3tico, sino realista y consecuente, y con pocas palabras convierte al apostolado de la Naturaleza al m\u00e1s descre\u00eddo en estos asuntos<\/div>\n\t\t\t\t<\/div>\n","protected":false},"excerpt":{"rendered":"<p>En su lado amable, la profesi\u00f3n de periodista te lleva a conocer a personas interesantes por su trabajo<\/p>\n","protected":false},"featured_media":4455,"comment_status":"open","ping_status":"closed","template":"","meta":{"_et_pb_use_builder":"","_et_pb_old_content":"","_et_gb_content_width":""},"product_brand":[],"product_cat":[272,271,265],"product_tag":[266],"class_list":{"0":"post-4454","1":"product","2":"type-product","3":"status-publish","4":"has-post-thumbnail","6":"product_cat-aaron-vila-madre","7":"product_cat-dario-espanol","8":"product_cat-la-clamor","9":"product_tag-historia","10":"product_shipping_class-envio-estandar","12":"first","13":"instock","14":"taxable","15":"shipping-taxable","16":"purchasable","17":"product-type-simple"},"_links":{"self":[{"href":"https:\/\/v31.es\/booksonline\/wp-json\/wp\/v2\/product\/4454","targetHints":{"allow":["GET"]}}],"collection":[{"href":"https:\/\/v31.es\/booksonline\/wp-json\/wp\/v2\/product"}],"about":[{"href":"https:\/\/v31.es\/booksonline\/wp-json\/wp\/v2\/types\/product"}],"replies":[{"embeddable":true,"href":"https:\/\/v31.es\/booksonline\/wp-json\/wp\/v2\/comments?post=4454"}],"wp:featuredmedia":[{"embeddable":true,"href":"https:\/\/v31.es\/booksonline\/wp-json\/wp\/v2\/media\/4455"}],"wp:attachment":[{"href":"https:\/\/v31.es\/booksonline\/wp-json\/wp\/v2\/media?parent=4454"}],"wp:term":[{"taxonomy":"product_brand","embeddable":true,"href":"https:\/\/v31.es\/booksonline\/wp-json\/wp\/v2\/product_brand?post=4454"},{"taxonomy":"product_cat","embeddable":true,"href":"https:\/\/v31.es\/booksonline\/wp-json\/wp\/v2\/product_cat?post=4454"},{"taxonomy":"product_tag","embeddable":true,"href":"https:\/\/v31.es\/booksonline\/wp-json\/wp\/v2\/product_tag?post=4454"}],"curies":[{"name":"wp","href":"https:\/\/api.w.org\/{rel}","templated":true}]}}

Los sugus de piña

<p>En su lado amable, la profesión de periodista te lleva a conocer a personas interesantes por su trabajo</p>
<div class='et-learn-more clearfix'>
					<h3 class='heading-more'>Leer más<span class='et_learnmore_arrow'><span></span></span></h3>
					<div class='learn-more-content'> o encantadoras por su trato o desprendidas en su quehacer o admirables por su dedicación. Y en ocasiones te topas con hombres o mujeres que reúnen esas cuatro cualidades. José Damián Moreno pertenece a este “selecto” grupo. Su compromiso con la naturaleza le hace interesante, y su predisposición a hacerte un favor, encantador. Y las horas en el campo para vigilar la casa de los otros habitantes del Cinca, desprendido. Y el empeño en escribir, fotografiar, contar, alertar de amenazas y salir en defensa de sus amigos silvestres, admirable por su dedicación. No es un tipo radical ni estrambótico, sino realista y consecuente, y con pocas palabras convierte al apostolado de la Naturaleza al más descreído en estos asuntos</div>
				</div>

<p>En su lado amable, la profesión de periodista te lleva a conocer a personas interesantes por su trabajo</p>
