{"id":4458,"date":"2020-01-10T12:31:32","date_gmt":"2020-01-10T11:31:32","guid":{"rendered":"http:\/\/v31.es\/booksonline\/?post_type=product&#038;p=4458"},"modified":"2022-01-03T08:14:51","modified_gmt":"2022-01-03T07:14:51","slug":"plaza-de-san-juan","status":"publish","type":"product","link":"https:\/\/v31.es\/booksonline\/producto\/plaza-de-san-juan\/","title":{"rendered":"Plaza de San Juan"},"content":{"rendered":"<p>En \u201cPlaza de San Juan\u201d, es la segunda incursi\u00f3n del autor en la gran imprenta.<\/p>\n<p>Aborda con un estilo de escritura llano y popular la historia cotidiana del Monz\u00f3n de los a\u00f1os cuarenta y cincuenta del pasado siglo. Temas y cuadros costumbrista en los que se ver\u00e1n reflejados los coet\u00e1neos del autor, y que a los j\u00f3venes les servir\u00e1n para describir tradiciones, oficios, comportamiento y la \u201cforma de vida\u201d de la generaci\u00f3n de sus abuelos. Un libro muy ameno y de f\u00e1cil lectura. Un ejercicio de memoria admirable. Una fotograf\u00eda imprescindible para conocer el Monz\u00f3n anterior al de al desarrollo industrial. Cuando el campo y las manos de los labradores y su mujeres lo eran todo.<br \/>\nJos\u00e9 Rivera Port\u00e9 naci\u00f3 en Monz\u00f3n en 1937 y en 2012 publico el libros \u201cEl ferrocarril en Monz\u00f3n, 150 a\u00f1os de historia\u201d<\/p>\n","protected":false},"excerpt":{"rendered":"<p>En \u201cPlaza de San Juan\u201d, es la segunda incursi\u00f3n del autor en la gran imprenta. Aborda con un estilo de escritura llano y popular la historia cotidiana del Monz\u00f3n de los a\u00f1os cuarenta y cincuenta del pasado siglo. Temas y cuadros costumbrista en los que se ver\u00e1n reflejados los coet\u00e1neos del autor, y que a [&hellip;]<\/p>\n","protected":false},"featured_media":4459,"comment_status":"open","ping_status":"closed","template":"","meta":{"_et_pb_use_builder":"","_et_pb_old_content":"","_et_gb_content_width":""},"product_brand":[],"product_cat":[271,273,265],"product_tag":[228],"class_list":{"0":"post-4458","1":"product","2":"type-product","3":"status-publish","4":"has-post-thumbnail","6":"product_cat-dario-espanol","7":"product_cat-jose-rivera","8":"product_cat-la-clamor","9":"product_tag-testimonial","10":"product_shipping_class-envio-estandar","12":"first","13":"instock","14":"taxable","15":"shipping-taxable","16":"purchasable","17":"product-type-simple"},"_links":{"self":[{"href":"https:\/\/v31.es\/booksonline\/wp-json\/wp\/v2\/product\/4458","targetHints":{"allow":["GET"]}}],"collection":[{"href":"https:\/\/v31.es\/booksonline\/wp-json\/wp\/v2\/product"}],"about":[{"href":"https:\/\/v31.es\/booksonline\/wp-json\/wp\/v2\/types\/product"}],"replies":[{"embeddable":true,"href":"https:\/\/v31.es\/booksonline\/wp-json\/wp\/v2\/comments?post=4458"}],"wp:featuredmedia":[{"embeddable":true,"href":"https:\/\/v31.es\/booksonline\/wp-json\/wp\/v2\/media\/4459"}],"wp:attachment":[{"href":"https:\/\/v31.es\/booksonline\/wp-json\/wp\/v2\/media?parent=4458"}],"wp:term":[{"taxonomy":"product_brand","embeddable":true,"href":"https:\/\/v31.es\/booksonline\/wp-json\/wp\/v2\/product_brand?post=4458"},{"taxonomy":"product_cat","embeddable":true,"href":"https:\/\/v31.es\/booksonline\/wp-json\/wp\/v2\/product_cat?post=4458"},{"taxonomy":"product_tag","embeddable":true,"href":"https:\/\/v31.es\/booksonline\/wp-json\/wp\/v2\/product_tag?post=4458"}],"curies":[{"name":"wp","href":"https:\/\/api.w.org\/{rel}","templated":true}]}}

<p>En “Plaza de San Juan”, es la segunda incursión del autor en la gran imprenta.</p>
<p>Aborda con un estilo de escritura llano y popular la historia cotidiana del Monzón de los años cuarenta y cincuenta del pasado siglo. Temas y cuadros costumbrista en los que se verán reflejados los coetáneos del autor, y que a los jóvenes les servirán para describir tradiciones, oficios, comportamiento y la “forma de vida” de la generación de sus abuelos. Un libro muy ameno y de fácil lectura. Un ejercicio de memoria admirable. Una fotografía imprescindible para conocer el Monzón anterior al de al desarrollo industrial. Cuando el campo y las manos de los labradores y su mujeres lo eran todo.<br />
José Rivera Porté nació en Monzón en 1937 y en 2012 publico el libros “El ferrocarril en Monzón, 150 años de historia”</p>

<p>En “Plaza de San Juan”, es la segunda incursión del autor en la gran imprenta. Aborda con un estilo de escritura llano y popular la historia cotidiana del Monzón de los años cuarenta y cincuenta del pasado siglo. Temas y cuadros costumbrista en los que se verán reflejados los coetáneos del autor, y que a [&hellip;]</p>
