{"id":485,"date":"2019-06-05T11:17:20","date_gmt":"2019-06-05T09:17:20","guid":{"rendered":"http:\/\/v31.es\/booksonline\/producto\/import-placeholder-for-247\/"},"modified":"2026-03-27T13:56:03","modified_gmt":"2026-03-27T12:56:03","slug":"anatoly-y-la-ruta-de-los-espiritus-errantes","status":"publish","type":"product","link":"https:\/\/v31.es\/booksonline\/producto\/anatoly-y-la-ruta-de-los-espiritus-errantes\/","title":{"rendered":"Anatoly y la Ruta de los Esp\u00edritus Errantes"},"content":{"rendered":"","protected":false},"excerpt":{"rendered":"<p style=\"text-align: justify;\">Anatoly sabe perfectamente que nadie seguir\u00eda a un ni\u00f1o en un mot\u00edn. Pero si pudiera, echar\u00eda al piloto del avi\u00f3n de una patada, y \u00e9l mismo lo har\u00eda volar sin m\u00e1s retrasos rumbo a Espa\u00f1a a la velocidad de un cohete espacial. No tiene ni idea de pilotar aviones, por supuesto. Pero imagina que no debe de ser muy diferente de conducir tractores. En su Ucrania natal, todos los ni\u00f1os y ni\u00f1as de su edad saben manejar uno. \u00a1Dos horas inmovilizados en la pista de despegue! \u00a1Por una vaca muerta! Fijo que le da un ataque.<\/p>\n<p style=\"text-align: justify;\">[read more=\u00bbLeer m\u00e1s\u00bb less=\u00bbOcultar\u00a0\u00ab]<b>\u00a0<\/b><\/p>\n<p>Es su segundo verano de acogida con su familia espa\u00f1ola y se muere por verlos. Sobre todo al abuelo Antonio. L\u00e1stima lo de la abuela Carmen; la va a echar de menos. Este a\u00f1o, desgraciadamente, como al padre de Ariel, su \u00abhermano\u00bb espa\u00f1ol, lo han despedido de su trabajo, se han quedado sin el viaje a la playa de todos los veranos. As\u00ed que el abuelo Antonio ha urdido un plan alternativo: La Ruta de los Esp\u00edritus Errantes. Con Gabriela y su reci\u00e9n aprobado carn\u00e9 de conducir de copiloto, el abuelo Antonio al volante de su viejo taxi, y Ariel a su lado dando botes en la parte de atr\u00e1s, Anatoly emprender\u00e1 una aventura que lo llevar\u00e1 a explorar los rincones m\u00e1gicos de la provincia de Huesca donde habitan toda clase de seres sobrenaturales: duendes, gigantes, fantasmas, brujas&#8230;<\/p>\n<p style=\"text-align: justify;\"><b>\u00a0<\/b>[\/read]<\/p>\n<p style=\"text-align: justify;\">\n","protected":false},"featured_media":526,"comment_status":"open","ping_status":"closed","template":"","meta":{"_et_pb_use_builder":"","_et_pb_old_content":"","_et_gb_content_width":""},"product_brand":[],"product_cat":[217,39,243],"product_tag":[44,45,46,47],"class_list":{"0":"post-485","1":"product","2":"type-product","3":"status-publish","4":"has-post-thumbnail","6":"product_cat-daniel-vilalta","7":"product_cat-infantil-juvenil","8":"product_cat-millenniars","9":"product_tag-anatoly","10":"product_tag-aragon-tiene-talento","11":"product_tag-daniel-vilalta","12":"product_tag-millenniars","13":"product_shipping_class-envio-estandar","15":"first","16":"instock","17":"taxable","18":"shipping-taxable","19":"purchasable","20":"product-type-simple"},"_links":{"self":[{"href":"https:\/\/v31.es\/booksonline\/wp-json\/wp\/v2\/product\/485","targetHints":{"allow":["GET"]}}],"collection":[{"href":"https:\/\/v31.es\/booksonline\/wp-json\/wp\/v2\/product"}],"about":[{"href":"https:\/\/v31.es\/booksonline\/wp-json\/wp\/v2\/types\/product"}],"replies":[{"embeddable":true,"href":"https:\/\/v31.es\/booksonline\/wp-json\/wp\/v2\/comments?post=485"}],"wp:featuredmedia":[{"embeddable":true,"href":"https:\/\/v31.es\/booksonline\/wp-json\/wp\/v2\/media\/526"}],"wp:attachment":[{"href":"https:\/\/v31.es\/booksonline\/wp-json\/wp\/v2\/media?parent=485"}],"wp:term":[{"taxonomy":"product_brand","embeddable":true,"href":"https:\/\/v31.es\/booksonline\/wp-json\/wp\/v2\/product_brand?post=485"},{"taxonomy":"product_cat","embeddable":true,"href":"https:\/\/v31.es\/booksonline\/wp-json\/wp\/v2\/product_cat?post=485"},{"taxonomy":"product_tag","embeddable":true,"href":"https:\/\/v31.es\/booksonline\/wp-json\/wp\/v2\/product_tag?post=485"}],"curies":[{"name":"wp","href":"https:\/\/api.w.org\/{rel}","templated":true}]}}