{"id":486,"date":"2019-06-05T11:17:21","date_gmt":"2019-06-05T09:17:21","guid":{"rendered":"http:\/\/v31.es\/booksonline\/producto\/import-placeholder-for-271\/"},"modified":"2019-06-05T11:18:48","modified_gmt":"2019-06-05T09:18:48","slug":"la-publicidad-tiene-la-palabra","status":"publish","type":"product","link":"https:\/\/v31.es\/booksonline\/producto\/la-publicidad-tiene-la-palabra\/","title":{"rendered":"La Publicidad Tiene la Palabra"},"content":{"rendered":"","protected":false},"excerpt":{"rendered":"<p style=\"text-align: justify;\">Este libro es para dos tipos de personas: las que se han cre\u00eddo eso de que \u201cuna imagen vale m\u00e1s que mil palabras\u201d y las que prefieren quedarse con aquello de \u201cen el principio fue el verbo\u201d.<\/p>\n<p style=\"text-align: justify;\">[read more=\u00bbLeer m\u00e1s\u00bb less=\u00bbOcultar\u00a0\u00ab]<b>\u00a0<\/b><\/p>\n<p>Si eres de los primeros, piensa: \u00bfQu\u00e9 es lo que m\u00e1s recuerdas de esos anuncios que todos tenemos en la memoria? Palabras, letras, esl\u00f3ganes.Incluso la dichosa frase \u201cuna imagen vale\u2026\u201d est\u00e1 escrita con 7 magn\u00edficas palabras. Aunque un anuncio sea todo imagen, antes hay que escribirlo y describirlo.Hay unos tipos -de Letras- que se dedican a cavilar y, sobre todo, a escribir.<br \/>\nRicardo P\u00e9rez cree en la palabra y crea con palabras.<\/p>\n<p>En estas p\u00e1ginas empieza por mostrar las joyas de los maestros creativos de Madison Avenue y de Londres y termina por ofrecernos jugosos ejemplos de su cosecha, que nos ense\u00f1an a hacer spots, cu\u00f1as y p\u00e1ginas que lleguen, seduzcan y dejen marca.<br \/>\nUn libro imprescindible para quien quiera acercarse al bello arte de vender por todos los medios. La publicidad tiene la palabra.<\/p>\n<p style=\"text-align: justify;\"><b>\u00a0<\/b>[\/read]<\/p>\n<p style=\"text-align: justify;\">\n","protected":false},"featured_media":527,"comment_status":"open","ping_status":"closed","template":"","meta":{"_et_pb_use_builder":"","_et_pb_old_content":"","_et_gb_content_width":""},"product_brand":[],"product_cat":[49],"product_tag":[45,50,47,51],"class_list":{"0":"post-486","1":"product","2":"type-product","3":"status-publish","4":"has-post-thumbnail","6":"product_cat-asi-se-hace","7":"product_tag-aragon-tiene-talento","8":"product_tag-la-publicidad-tiene-la-palabra","9":"product_tag-millenniars","10":"product_tag-ricardo-perez","11":"product_shipping_class-envio-estandar","13":"first","14":"instock","15":"taxable","16":"shipping-taxable","17":"purchasable","18":"product-type-simple"},"_links":{"self":[{"href":"https:\/\/v31.es\/booksonline\/wp-json\/wp\/v2\/product\/486","targetHints":{"allow":["GET"]}}],"collection":[{"href":"https:\/\/v31.es\/booksonline\/wp-json\/wp\/v2\/product"}],"about":[{"href":"https:\/\/v31.es\/booksonline\/wp-json\/wp\/v2\/types\/product"}],"replies":[{"embeddable":true,"href":"https:\/\/v31.es\/booksonline\/wp-json\/wp\/v2\/comments?post=486"}],"wp:featuredmedia":[{"embeddable":true,"href":"https:\/\/v31.es\/booksonline\/wp-json\/wp\/v2\/media\/527"}],"wp:attachment":[{"href":"https:\/\/v31.es\/booksonline\/wp-json\/wp\/v2\/media?parent=486"}],"wp:term":[{"taxonomy":"product_brand","embeddable":true,"href":"https:\/\/v31.es\/booksonline\/wp-json\/wp\/v2\/product_brand?post=486"},{"taxonomy":"product_cat","embeddable":true,"href":"https:\/\/v31.es\/booksonline\/wp-json\/wp\/v2\/product_cat?post=486"},{"taxonomy":"product_tag","embeddable":true,"href":"https:\/\/v31.es\/booksonline\/wp-json\/wp\/v2\/product_tag?post=486"}],"curies":[{"name":"wp","href":"https:\/\/api.w.org\/{rel}","templated":true}]}}

<p style="text-align: justify;">Este libro es para dos tipos de personas: las que se han creído eso de que “una imagen vale más que mil palabras” y las que prefieren quedarse con aquello de “en el principio fue el verbo”.</p>
<p style="text-align: justify;">[read more=»Leer más» less=»Ocultar «]<b> </b></p>
<p>Si eres de los primeros, piensa: ¿Qué es lo que más recuerdas de esos anuncios que todos tenemos en la memoria? Palabras, letras, eslóganes.Incluso la dichosa frase “una imagen vale…” está escrita con 7 magníficas palabras. Aunque un anuncio sea todo imagen, antes hay que escribirlo y describirlo.Hay unos tipos -de Letras- que se dedican a cavilar y, sobre todo, a escribir.<br />
Ricardo Pérez cree en la palabra y crea con palabras.</p>
<p>En estas páginas empieza por mostrar las joyas de los maestros creativos de Madison Avenue y de Londres y termina por ofrecernos jugosos ejemplos de su cosecha, que nos enseñan a hacer spots, cuñas y páginas que lleguen, seduzcan y dejen marca.<br />
Un libro imprescindible para quien quiera acercarse al bello arte de vender por todos los medios. La publicidad tiene la palabra.</p>
<p style="text-align: justify;"><b> </b>[/read]</p>
<p style="text-align: justify;">
