{"id":490,"date":"2019-06-05T11:17:22","date_gmt":"2019-06-05T09:17:22","guid":{"rendered":"http:\/\/v31.es\/booksonline\/producto\/import-placeholder-for-308\/"},"modified":"2022-01-11T11:28:20","modified_gmt":"2022-01-11T10:28:20","slug":"markus-stegherr","status":"publish","type":"product","link":"https:\/\/v31.es\/booksonline\/producto\/markus-stegherr\/","title":{"rendered":"Markus Stegherr"},"content":{"rendered":"","protected":false},"excerpt":{"rendered":"<p>Cuando pensamos en turismo de aventura nunca\u00a0pensamos en el turismo de pesca, sin embargo Markus\u00a0Stegherr lleg\u00f3 a Mequinenza con veinte a\u00f1os y se\u00a0convirti\u00f3 adem\u00e1s de en aventurero en descubridor.\u00a0Leyendo este libro te contagiar\u00e1s de su entusiasmo, de\u00a0su esp\u00edritu empresarial, de su pasi\u00f3n por la pesca y, sobre\u00a0todo, de su capacidad por compartir conocimiento y dar\u00a0a conocer su para\u00edso a propios y extra\u00f1os.<\/p>\n<p style=\"text-align: justify;\">[read more=\u00bbLeer m\u00e1s\u00bb less=\u00bbOcultar\u00a0\u00ab]<b>\u00a0<\/b><\/p>\n<p>Markus es un ejemplo a seguir por todos aquellos\u00a0que est\u00e9n pensando en encontrar nuevas oportunidades\u00a0de negocio a trav\u00e9s de dar a conocer nuestro patrimonio\u00a0natural.<\/p>\n<p>JORGE HERAS, el autor de la entrevista, narra con\u00a0precisi\u00f3n las haza\u00f1as de nuestro rey pescador. Tan grande\u00a0como los peces que ense\u00f1a a pescar. Una entrevista que\u00a0cuenta c\u00f3mo empez\u00f3 el negocio tur\u00edstico basado en la\u00a0pesca del siluro en Mequinenza.<\/p>\n<p style=\"text-align: justify;\"><b>\u00a0<\/b>[\/read]<\/p>\n<p>&nbsp;<\/p>\n","protected":false},"featured_media":538,"comment_status":"open","ping_status":"closed","template":"","meta":{"_et_pb_use_builder":"","_et_pb_old_content":"","_et_gb_content_width":""},"product_brand":[],"product_cat":[243,57],"product_tag":[45,58,59,47],"class_list":{"0":"post-490","1":"product","2":"type-product","3":"status-publish","4":"has-post-thumbnail","6":"product_cat-millenniars","7":"product_cat-por-ejemplo","8":"product_tag-aragon-tiene-talento","9":"product_tag-jorge-heras-pastor","10":"product_tag-markus-stegherr","11":"product_tag-millenniars","12":"product_shipping_class-envio-estandar","14":"first","15":"instock","16":"taxable","17":"shipping-taxable","18":"purchasable","19":"product-type-simple"},"_links":{"self":[{"href":"https:\/\/v31.es\/booksonline\/wp-json\/wp\/v2\/product\/490","targetHints":{"allow":["GET"]}}],"collection":[{"href":"https:\/\/v31.es\/booksonline\/wp-json\/wp\/v2\/product"}],"about":[{"href":"https:\/\/v31.es\/booksonline\/wp-json\/wp\/v2\/types\/product"}],"replies":[{"embeddable":true,"href":"https:\/\/v31.es\/booksonline\/wp-json\/wp\/v2\/comments?post=490"}],"wp:featuredmedia":[{"embeddable":true,"href":"https:\/\/v31.es\/booksonline\/wp-json\/wp\/v2\/media\/538"}],"wp:attachment":[{"href":"https:\/\/v31.es\/booksonline\/wp-json\/wp\/v2\/media?parent=490"}],"wp:term":[{"taxonomy":"product_brand","embeddable":true,"href":"https:\/\/v31.es\/booksonline\/wp-json\/wp\/v2\/product_brand?post=490"},{"taxonomy":"product_cat","embeddable":true,"href":"https:\/\/v31.es\/booksonline\/wp-json\/wp\/v2\/product_cat?post=490"},{"taxonomy":"product_tag","embeddable":true,"href":"https:\/\/v31.es\/booksonline\/wp-json\/wp\/v2\/product_tag?post=490"}],"curies":[{"name":"wp","href":"https:\/\/api.w.org\/{rel}","templated":true}]}}