{"id":495,"date":"2019-06-05T11:17:23","date_gmt":"2019-06-05T09:17:23","guid":{"rendered":"http:\/\/v31.es\/booksonline\/producto\/import-placeholder-for-319\/"},"modified":"2022-01-11T11:27:52","modified_gmt":"2022-01-11T10:27:52","slug":"juan-arnau","status":"publish","type":"product","link":"https:\/\/v31.es\/booksonline\/producto\/juan-arnau\/","title":{"rendered":"Juan Arnau"},"content":{"rendered":"","protected":false},"excerpt":{"rendered":"<p style=\"text-align: justify;\">Juan Arnau es uno de los empresarios musicales m\u00e1s\u00a0reconocidos de nuestro pa\u00eds. La discoteca Florida 135,\u00a0que hered\u00f3 de su familia, fue y a\u00fan es un referente mundial\u00a0en su sector. En sus mejores momentos acud\u00edan a\u00a0Fraga j\u00f3venes de toda Espa\u00f1a deseosos de conocer el emblem\u00e1tico<br \/>\nespacio.<\/p>\n<p style=\"text-align: justify;\">[read more=\u00bbLeer m\u00e1s\u00bb less=\u00bbOcultar\u00a0\u00ab]<b>\u00a0<\/b><\/p>\n<p>LUC\u00cdA AREST\u00c9, autora del libro, por motivos de\u00a0edad no ha vivido en primera persona esos momentos,\u00a0aunque s\u00ed ha o\u00eddo hablar de ellos. Y los evoca con inter\u00e9s\u00a0a trav\u00e9s de sus h\u00e1biles preguntas.<\/p>\n<p>Luc\u00eda de forma perspicaz consigue animar a Juan Arnau\u00a0a desvelar toda la pasi\u00f3n con la que \u00e9l y su familia\u00a0viven su negocio. Un negocio que han hecho crecer y\u00a0multiplicar y en el que est\u00e1n innovando continuamente.\u00a0Su misi\u00f3n: Entretener a los j\u00f3venes. Y al leer a Lucia\u00a0doy fe de que lo consiguen.<\/p>\n<p>Juan Arnau es un millenniArs de coraz\u00f3n, siempre tres\u00a0pasos por delante de las nuevas tendencias, siempre investigando,\u00a0y siempre volviendo a su hogar, a Fraga, a Arag\u00f3n.<\/p>\n<p>Si te gusta la m\u00fasica, si te gusta divertirte, si te gusta\u00a0bailar, este es tu libro y Juan Arnau tu millenniArs.\u00a0Un libro imprescindible para todos los que sue\u00f1en con\u00a0convertir un bar de copas, un bar musical, un teatro o\u00a0un cine de verano en un gran negocio.<\/p>\n<p style=\"text-align: justify;\"><b>\u00a0<\/b>[\/read]<\/p>\n<p style=\"text-align: justify;\">\n","protected":false},"featured_media":547,"comment_status":"open","ping_status":"closed","template":"","meta":{"_et_pb_use_builder":"","_et_pb_old_content":"","_et_gb_content_width":""},"product_brand":[],"product_cat":[243,57],"product_tag":[45,69,70,47],"class_list":{"0":"post-495","1":"product","2":"type-product","3":"status-publish","4":"has-post-thumbnail","6":"product_cat-millenniars","7":"product_cat-por-ejemplo","8":"product_tag-aragon-tiene-talento","9":"product_tag-juan-arnau","10":"product_tag-lucia-areste","11":"product_tag-millenniars","12":"product_shipping_class-envio-estandar","14":"first","15":"instock","16":"taxable","17":"shipping-taxable","18":"purchasable","19":"product-type-simple"},"_links":{"self":[{"href":"https:\/\/v31.es\/booksonline\/wp-json\/wp\/v2\/product\/495","targetHints":{"allow":["GET"]}}],"collection":[{"href":"https:\/\/v31.es\/booksonline\/wp-json\/wp\/v2\/product"}],"about":[{"href":"https:\/\/v31.es\/booksonline\/wp-json\/wp\/v2\/types\/product"}],"replies":[{"embeddable":true,"href":"https:\/\/v31.es\/booksonline\/wp-json\/wp\/v2\/comments?post=495"}],"wp:featuredmedia":[{"embeddable":true,"href":"https:\/\/v31.es\/booksonline\/wp-json\/wp\/v2\/media\/547"}],"wp:attachment":[{"href":"https:\/\/v31.es\/booksonline\/wp-json\/wp\/v2\/media?parent=495"}],"wp:term":[{"taxonomy":"product_brand","embeddable":true,"href":"https:\/\/v31.es\/booksonline\/wp-json\/wp\/v2\/product_brand?post=495"},{"taxonomy":"product_cat","embeddable":true,"href":"https:\/\/v31.es\/booksonline\/wp-json\/wp\/v2\/product_cat?post=495"},{"taxonomy":"product_tag","embeddable":true,"href":"https:\/\/v31.es\/booksonline\/wp-json\/wp\/v2\/product_tag?post=495"}],"curies":[{"name":"wp","href":"https:\/\/api.w.org\/{rel}","templated":true}]}}

<p style="text-align: justify;">Juan Arnau es uno de los empresarios musicales más reconocidos de nuestro país. La discoteca Florida 135, que heredó de su familia, fue y aún es un referente mundial en su sector. En sus mejores momentos acudían a Fraga jóvenes de toda España deseosos de conocer el emblemático<br />
espacio.</p>
<p style="text-align: justify;">[read more=»Leer más» less=»Ocultar «]<b> </b></p>
<p>LUCÍA ARESTÉ, autora del libro, por motivos de edad no ha vivido en primera persona esos momentos, aunque sí ha oído hablar de ellos. Y los evoca con interés a través de sus hábiles preguntas.</p>
<p>Lucía de forma perspicaz consigue animar a Juan Arnau a desvelar toda la pasión con la que él y su familia viven su negocio. Un negocio que han hecho crecer y multiplicar y en el que están innovando continuamente. Su misión: Entretener a los jóvenes. Y al leer a Lucia doy fe de que lo consiguen.</p>
<p>Juan Arnau es un millenniArs de corazón, siempre tres pasos por delante de las nuevas tendencias, siempre investigando, y siempre volviendo a su hogar, a Fraga, a Aragón.</p>
<p>Si te gusta la música, si te gusta divertirte, si te gusta bailar, este es tu libro y Juan Arnau tu millenniArs. Un libro imprescindible para todos los que sueñen con convertir un bar de copas, un bar musical, un teatro o un cine de verano en un gran negocio.</p>
<p style="text-align: justify;"><b> </b>[/read]</p>
<p style="text-align: justify;">
