{"id":501,"date":"2019-06-05T11:17:25","date_gmt":"2019-06-05T09:17:25","guid":{"rendered":"http:\/\/v31.es\/booksonline\/producto\/import-placeholder-for-332\/"},"modified":"2022-01-11T11:24:57","modified_gmt":"2022-01-11T10:24:57","slug":"corazon-de-chocolate","status":"publish","type":"product","link":"https:\/\/v31.es\/booksonline\/producto\/corazon-de-chocolate\/","title":{"rendered":"Coraz\u00f3n de chocolate"},"content":{"rendered":"","protected":false},"excerpt":{"rendered":"<p style=\"text-align: justify;\">Teruel, Par\u00eds, B\u00e9lgica, Sudam\u00e9rica y vuelta a Teruel. A Isabel, como a tantos, le gustaba el chocolate, quiz\u00e1s lo que m\u00e1s le gustaba del mundo. Viaj\u00f3 y se form\u00f3 con los mejores. Busc\u00f3 el mejor cacao, entendiendo por mejor no s\u00f3lo que supiera de maravilla, sino que adem\u00e1s en su proceso no hubiera trabajo infantil y que los sueldos fueran dignos, lo que responde al comercio justo.<\/p>\n<p style=\"text-align: justify;\">[read more=\u00bbLeer m\u00e1s\u00bb less=\u00bbOcultar\u00a0\u00ab]<b>\u00a0<\/b><\/p>\n<p>Con las ideas as\u00ed de claras volvi\u00f3 a Teruel y mont\u00f3 su empresa, para hacer lo que m\u00e1s le gusta como m\u00e1s le gusta: el mejor chocolate posible.<br \/>\nReyes Ferrer pregunta, Isabel F\u00e9lez responde. Una pregunta m\u00e1s: \u00bfte sirve de ejemplo? Desc\u00fabrelo en sus p\u00e1ginas.<\/p>\n<p style=\"text-align: justify;\"><b>\u00a0<\/b>[\/read]<\/p>\n","protected":false},"featured_media":559,"comment_status":"open","ping_status":"closed","template":"","meta":{"_et_pb_use_builder":"","_et_pb_old_content":"","_et_gb_content_width":""},"product_brand":[],"product_cat":[243,57],"product_tag":[45,78,79,47,74],"class_list":{"0":"post-501","1":"product","2":"type-product","3":"status-publish","4":"has-post-thumbnail","6":"product_cat-millenniars","7":"product_cat-por-ejemplo","8":"product_tag-aragon-tiene-talento","9":"product_tag-corazon-de-chocolate","10":"product_tag-isabel-felez","11":"product_tag-millenniars","12":"product_tag-reyes-ferrer","13":"product_shipping_class-envio-estandar","15":"first","16":"instock","17":"taxable","18":"shipping-taxable","19":"purchasable","20":"product-type-simple"},"_links":{"self":[{"href":"https:\/\/v31.es\/booksonline\/wp-json\/wp\/v2\/product\/501","targetHints":{"allow":["GET"]}}],"collection":[{"href":"https:\/\/v31.es\/booksonline\/wp-json\/wp\/v2\/product"}],"about":[{"href":"https:\/\/v31.es\/booksonline\/wp-json\/wp\/v2\/types\/product"}],"replies":[{"embeddable":true,"href":"https:\/\/v31.es\/booksonline\/wp-json\/wp\/v2\/comments?post=501"}],"wp:featuredmedia":[{"embeddable":true,"href":"https:\/\/v31.es\/booksonline\/wp-json\/wp\/v2\/media\/559"}],"wp:attachment":[{"href":"https:\/\/v31.es\/booksonline\/wp-json\/wp\/v2\/media?parent=501"}],"wp:term":[{"taxonomy":"product_brand","embeddable":true,"href":"https:\/\/v31.es\/booksonline\/wp-json\/wp\/v2\/product_brand?post=501"},{"taxonomy":"product_cat","embeddable":true,"href":"https:\/\/v31.es\/booksonline\/wp-json\/wp\/v2\/product_cat?post=501"},{"taxonomy":"product_tag","embeddable":true,"href":"https:\/\/v31.es\/booksonline\/wp-json\/wp\/v2\/product_tag?post=501"}],"curies":[{"name":"wp","href":"https:\/\/api.w.org\/{rel}","templated":true}]}}

Corazón de chocolate

<p style="text-align: justify;">Teruel, París, Bélgica, Sudamérica y vuelta a Teruel. A Isabel, como a tantos, le gustaba el chocolate, quizás lo que más le gustaba del mundo. Viajó y se formó con los mejores. Buscó el mejor cacao, entendiendo por mejor no sólo que supiera de maravilla, sino que además en su proceso no hubiera trabajo infantil y que los sueldos fueran dignos, lo que responde al comercio justo.</p>
<p style="text-align: justify;">[read more=»Leer más» less=»Ocultar «]<b> </b></p>
<p>Con las ideas así de claras volvió a Teruel y montó su empresa, para hacer lo que más le gusta como más le gusta: el mejor chocolate posible.<br />
Reyes Ferrer pregunta, Isabel Félez responde. Una pregunta más: ¿te sirve de ejemplo? Descúbrelo en sus páginas.</p>
<p style="text-align: justify;"><b> </b>[/read]</p>
