{"id":551,"date":"2019-06-05T11:21:52","date_gmt":"2019-06-05T09:21:52","guid":{"rendered":"http:\/\/v31.es\/booksonline\/producto\/import-placeholder-for-511\/"},"modified":"2019-06-05T11:26:45","modified_gmt":"2019-06-05T09:26:45","slug":"el-zagal-que-le-dio-vuelta-a-la-tortilla-e-book","status":"publish","type":"product","link":"https:\/\/v31.es\/booksonline\/producto\/el-zagal-que-le-dio-vuelta-a-la-tortilla-e-book\/","title":{"rendered":"El zagal que le dio vuelta a la tortilla, e-book"},"content":{"rendered":"","protected":false},"excerpt":{"rendered":"<p style=\"text-align: justify;\">Rub\u00e9n, de cr\u00edo no se apasionaba por ecuaciones, complementos\u00a0directos o indirectos, pero en cambio supo bastante pronto lo que\u00a0quer\u00eda ser de mayor. Lo cual fue una suerte para \u00e9l y para todos\u00a0los que ahora podemos disfrutar de los sabrosos platos con que\u00a0este joven chef oscense nos deleita.<\/p>\n<p style=\"text-align: justify;\">[read more=\u00bbLeer m\u00e1s\u00bb less=\u00bbOcultar\u00a0\u00ab]<b>\u00a0<\/b><\/p>\n<p>Primero ingres\u00f3 en la Escuela de Gastronom\u00eda de Huesca. Pronto\u00a0ampli\u00f3 y puso en pr\u00e1ctica lo aprendido en La Venta del Sot\u00f3n, m\u00e1s\u00a0tarde en el Flor (8 a\u00f1os como segundo de cocina) y despu\u00e9s en el Paraninfo\u00a0Truf\u00e9 de Zaragoza. Actualmente desempe\u00f1a su cargo en el\u00a0restaurante La Cucharilla del Hotel MasMonz\u00f3n.<\/p>\n<p>En este libro, a trav\u00e9s de las p\u00e1ginas aderezadas con la pizca\u00a0literaria de Amanda Compa\u00f1et, descubrimos que el camino no\u00a0siempre es f\u00e1cil. No es llegar a un concurso de televisi\u00f3n \u00a1y ya!<\/p>\n<p>En la cocina, como en la vida, se aprende practicando. Triunfar\u00a0es trabajar cada d\u00eda en aquello que te gusta.<\/p>\n<p style=\"text-align: justify;\"><b>\u00a0<\/b>[\/read]<\/p>\n<p style=\"text-align: justify;\">\n","protected":false},"featured_media":554,"comment_status":"open","ping_status":"closed","template":"","meta":{"_et_pb_use_builder":"","_et_pb_old_content":"","_et_gb_content_width":""},"product_brand":[],"product_cat":[145,57],"product_tag":[76,45,77,47],"class_list":{"0":"post-551","1":"product","2":"type-product","3":"status-publish","4":"has-post-thumbnail","6":"product_cat-e-book","7":"product_cat-por-ejemplo","8":"product_tag-amanda-companet","9":"product_tag-aragon-tiene-talento","10":"product_tag-el-zagal-que-le-dio-vuelta-a-la-tortilla","11":"product_tag-millenniars","12":"product_shipping_class-envio-estandar","14":"first","15":"instock","16":"downloadable","17":"virtual","18":"taxable","19":"purchasable","20":"product-type-simple"},"_links":{"self":[{"href":"https:\/\/v31.es\/booksonline\/wp-json\/wp\/v2\/product\/551","targetHints":{"allow":["GET"]}}],"collection":[{"href":"https:\/\/v31.es\/booksonline\/wp-json\/wp\/v2\/product"}],"about":[{"href":"https:\/\/v31.es\/booksonline\/wp-json\/wp\/v2\/types\/product"}],"replies":[{"embeddable":true,"href":"https:\/\/v31.es\/booksonline\/wp-json\/wp\/v2\/comments?post=551"}],"wp:featuredmedia":[{"embeddable":true,"href":"https:\/\/v31.es\/booksonline\/wp-json\/wp\/v2\/media\/554"}],"wp:attachment":[{"href":"https:\/\/v31.es\/booksonline\/wp-json\/wp\/v2\/media?parent=551"}],"wp:term":[{"taxonomy":"product_brand","embeddable":true,"href":"https:\/\/v31.es\/booksonline\/wp-json\/wp\/v2\/product_brand?post=551"},{"taxonomy":"product_cat","embeddable":true,"href":"https:\/\/v31.es\/booksonline\/wp-json\/wp\/v2\/product_cat?post=551"},{"taxonomy":"product_tag","embeddable":true,"href":"https:\/\/v31.es\/booksonline\/wp-json\/wp\/v2\/product_tag?post=551"}],"curies":[{"name":"wp","href":"https:\/\/api.w.org\/{rel}","templated":true}]}}

<p style="text-align: justify;">Rubén, de crío no se apasionaba por ecuaciones, complementos directos o indirectos, pero en cambio supo bastante pronto lo que quería ser de mayor. Lo cual fue una suerte para él y para todos los que ahora podemos disfrutar de los sabrosos platos con que este joven chef oscense nos deleita.</p>
<p style="text-align: justify;">[read more=»Leer más» less=»Ocultar «]<b> </b></p>
<p>Primero ingresó en la Escuela de Gastronomía de Huesca. Pronto amplió y puso en práctica lo aprendido en La Venta del Sotón, más tarde en el Flor (8 años como segundo de cocina) y después en el Paraninfo Trufé de Zaragoza. Actualmente desempeña su cargo en el restaurante La Cucharilla del Hotel MasMonzón.</p>
<p>En este libro, a través de las páginas aderezadas con la pizca literaria de Amanda Compañet, descubrimos que el camino no siempre es fácil. No es llegar a un concurso de televisión ¡y ya!</p>
<p>En la cocina, como en la vida, se aprende practicando. Triunfar es trabajar cada día en aquello que te gusta.</p>
<p style="text-align: justify;"><b> </b>[/read]</p>
<p style="text-align: justify;">
