{"id":574,"date":"2019-06-05T11:24:12","date_gmt":"2019-06-05T09:24:12","guid":{"rendered":"http:\/\/v31.es\/booksonline\/producto\/import-placeholder-for-544\/"},"modified":"2019-08-06T12:04:54","modified_gmt":"2019-08-06T10:04:54","slug":"maria-marinera-feliz","status":"publish","type":"product","link":"https:\/\/v31.es\/booksonline\/producto\/maria-marinera-feliz\/","title":{"rendered":"Mar\u00eda, Marinera Feliz"},"content":{"rendered":"<p><span style=\"color: #808080;\"><strong>Ideas pr\u00e1ctica para ayudar a los ni\u00f1os a crecer felices<\/strong><\/span><\/p>\n<p>Libros que ense\u00f1ar a desarrollar las habilidades necesarias para resolver eficazmente sus conflictos emocionales, superar sus retos y aprender a pensar en positivo.<\/p>\n<p style=\"text-align: justify;\"><div class='et-learn-more clearfix'>\n\t\t\t\t\t<h3 class='heading-more'>leer m\u00e1s<span class='et_learnmore_arrow'><span><\/span><\/span><\/h3>\n\t\t\t\t\t<div class='learn-more-content'>En este cuento se explica c\u00f3mo una situaci\u00f3n dif\u00edcil de sobrellevar puede hacerse m\u00e1s f\u00e1cil utilizando la imaginaci\u00f3n y la visualizaci\u00f3n. El objetivo es calmar nuestra mente, pobl\u00e1ndola de im\u00e1genes que nos produzcan paz y bienestar. Superar tus retos emocionales de forma positiva (resiliencia).<\/div>\n\t\t\t\t<\/div><\/p>\n","protected":false},"excerpt":{"rendered":"<p>Ideas pr\u00e1ctica para ayudar a los ni\u00f1os a crecer felices Libros que ense\u00f1ar a desarrollar las habilidades necesarias para resolver eficazmente sus conflictos emocionales, superar sus retos y aprender a pensar en positivo.<\/p>\n","protected":false},"featured_media":587,"comment_status":"open","ping_status":"closed","template":"","meta":{"_et_pb_use_builder":"","_et_pb_old_content":"","_et_gb_content_width":""},"product_brand":[],"product_cat":[180,243],"product_tag":[45,181,182,47],"class_list":{"0":"post-574","1":"product","2":"type-product","3":"status-publish","4":"has-post-thumbnail","6":"product_cat-crecer-felices","7":"product_cat-millenniars","8":"product_tag-aragon-tiene-talento","9":"product_tag-enca-fernandez","10":"product_tag-maria-tallon","11":"product_tag-millenniars","12":"product_shipping_class-envio-estandar","14":"first","15":"instock","16":"taxable","17":"shipping-taxable","18":"purchasable","19":"product-type-simple"},"_links":{"self":[{"href":"https:\/\/v31.es\/booksonline\/wp-json\/wp\/v2\/product\/574","targetHints":{"allow":["GET"]}}],"collection":[{"href":"https:\/\/v31.es\/booksonline\/wp-json\/wp\/v2\/product"}],"about":[{"href":"https:\/\/v31.es\/booksonline\/wp-json\/wp\/v2\/types\/product"}],"replies":[{"embeddable":true,"href":"https:\/\/v31.es\/booksonline\/wp-json\/wp\/v2\/comments?post=574"}],"wp:featuredmedia":[{"embeddable":true,"href":"https:\/\/v31.es\/booksonline\/wp-json\/wp\/v2\/media\/587"}],"wp:attachment":[{"href":"https:\/\/v31.es\/booksonline\/wp-json\/wp\/v2\/media?parent=574"}],"wp:term":[{"taxonomy":"product_brand","embeddable":true,"href":"https:\/\/v31.es\/booksonline\/wp-json\/wp\/v2\/product_brand?post=574"},{"taxonomy":"product_cat","embeddable":true,"href":"https:\/\/v31.es\/booksonline\/wp-json\/wp\/v2\/product_cat?post=574"},{"taxonomy":"product_tag","embeddable":true,"href":"https:\/\/v31.es\/booksonline\/wp-json\/wp\/v2\/product_tag?post=574"}],"curies":[{"name":"wp","href":"https:\/\/api.w.org\/{rel}","templated":true}]}}

María, Marinera Feliz

<p><span style="color: #808080;"><strong>Ideas práctica para ayudar a los niños a crecer felices</strong></span></p>
<p>Libros que enseñar a desarrollar las habilidades necesarias para resolver eficazmente sus conflictos emocionales, superar sus retos y aprender a pensar en positivo.</p>
<p style="text-align: justify;"><div class='et-learn-more clearfix'>
					<h3 class='heading-more'>leer más<span class='et_learnmore_arrow'><span></span></span></h3>
					<div class='learn-more-content'>En este cuento se explica cómo una situación difícil de sobrellevar puede hacerse más fácil utilizando la imaginación y la visualización. El objetivo es calmar nuestra mente, poblándola de imágenes que nos produzcan paz y bienestar. Superar tus retos emocionales de forma positiva (resiliencia).</div>
				</div></p>

<p>Ideas práctica para ayudar a los niños a crecer felices Libros que enseñar a desarrollar las habilidades necesarias para resolver eficazmente sus conflictos emocionales, superar sus retos y aprender a pensar en positivo.</p>
