{"id":600,"date":"2019-06-05T11:26:59","date_gmt":"2019-06-05T09:26:59","guid":{"rendered":"http:\/\/v31.es\/booksonline\/producto\/import-placeholder-for-763\/"},"modified":"2019-08-06T10:59:45","modified_gmt":"2019-08-06T08:59:45","slug":"los-seis-en-barcelona-en-bicicleta-por-ciutat-vella","status":"publish","type":"product","link":"https:\/\/v31.es\/booksonline\/producto\/los-seis-en-barcelona-en-bicicleta-por-ciutat-vella\/","title":{"rendered":"Los Seis en Barcelona &#8211; en bicicleta por Ciutat Vella"},"content":{"rendered":"<p style=\"text-align: justify;\">&#8216;Los seis en Barcelona&#8217; es una colecci\u00f3n de doce cuentos infantiles que se ubican alrededor de los distritos de Barcelona. Su autora, Isabel de Villalonga, se ha inspirado en sus seis nietos para crear esta historia ambientada en la Ciudad Condal.<\/p>\n<p style=\"text-align: justify;\"><div class='et-learn-more clearfix'>\n\t\t\t\t\t<h3 class='heading-more'>leer m\u00e1s<span class='et_learnmore_arrow'><span><\/span><\/span><\/h3>\n\t\t\t\t\t<div class='learn-more-content'><p>Los protagonistas -La abuela, sus seis nietos y un perro- vivir\u00e1n una serie de aventuras en busca de un tesoro. Con ilustraciones de Antonio Isla, esta colecci\u00f3n que coeditan la editorial millenniArs y el Ayuntamiento de Barcelona va dirigida a ni\u00f1os y ni\u00f1as de entre 4 y 8 a\u00f1os con el objetivo de estimular el gusto por la lectura y educarlos en valores como la igualdad, la integraci\u00f3n, el civismo o el amor a los libros.<\/p>\n<p style=\"text-align: justify;\">\n<p style=\"text-align: justify;\"><\/div>\n\t\t\t\t<\/div><\/p>\n","protected":false},"excerpt":{"rendered":"<p>&#8216;Los seis en Barcelona&#8217; es una colecci\u00f3n de doce cuentos infantiles que se ubican alrededor de los distritos de Barcelona. Su autora, Isabel de Villalonga, se ha inspirado en sus seis nietos para crear esta historia ambientada en la Ciudad Condal.<\/p>\n","protected":false},"featured_media":633,"comment_status":"open","ping_status":"closed","template":"","meta":{"_et_pb_use_builder":"","_et_pb_old_content":"","_et_gb_content_width":""},"product_brand":[],"product_cat":[197,243],"product_tag":[120,45,198,47],"class_list":{"0":"post-600","1":"product","2":"type-product","3":"status-publish","4":"has-post-thumbnail","6":"product_cat-los-seis-en-barcelona","7":"product_cat-millenniars","8":"product_tag-antonio-isla","9":"product_tag-aragon-tiene-talento","10":"product_tag-isabel-de-villalonga","11":"product_tag-millenniars","12":"product_shipping_class-envio-estandar","14":"first","15":"instock","16":"taxable","17":"shipping-taxable","18":"purchasable","19":"product-type-simple"},"_links":{"self":[{"href":"https:\/\/v31.es\/booksonline\/wp-json\/wp\/v2\/product\/600","targetHints":{"allow":["GET"]}}],"collection":[{"href":"https:\/\/v31.es\/booksonline\/wp-json\/wp\/v2\/product"}],"about":[{"href":"https:\/\/v31.es\/booksonline\/wp-json\/wp\/v2\/types\/product"}],"replies":[{"embeddable":true,"href":"https:\/\/v31.es\/booksonline\/wp-json\/wp\/v2\/comments?post=600"}],"wp:featuredmedia":[{"embeddable":true,"href":"https:\/\/v31.es\/booksonline\/wp-json\/wp\/v2\/media\/633"}],"wp:attachment":[{"href":"https:\/\/v31.es\/booksonline\/wp-json\/wp\/v2\/media?parent=600"}],"wp:term":[{"taxonomy":"product_brand","embeddable":true,"href":"https:\/\/v31.es\/booksonline\/wp-json\/wp\/v2\/product_brand?post=600"},{"taxonomy":"product_cat","embeddable":true,"href":"https:\/\/v31.es\/booksonline\/wp-json\/wp\/v2\/product_cat?post=600"},{"taxonomy":"product_tag","embeddable":true,"href":"https:\/\/v31.es\/booksonline\/wp-json\/wp\/v2\/product_tag?post=600"}],"curies":[{"name":"wp","href":"https:\/\/api.w.org\/{rel}","templated":true}]}}