{"id":611,"date":"2019-06-05T11:27:01","date_gmt":"2019-06-05T09:27:01","guid":{"rendered":"http:\/\/v31.es\/booksonline\/producto\/import-placeholder-for-797\/"},"modified":"2019-08-06T10:10:33","modified_gmt":"2019-08-06T08:10:33","slug":"barbastre-es-massa","status":"publish","type":"product","link":"https:\/\/v31.es\/booksonline\/producto\/barbastre-es-massa\/","title":{"rendered":"BARBASTRE, \u00c9S MASSA!"},"content":{"rendered":"","protected":false},"excerpt":{"rendered":"<p><span style=\"color: #808080;\"><strong>No hi ha millor joguina que un conte<\/strong><\/span><\/p>\n<p>En aquest conte els nens aprenen a fixar-se en el patrimoni cultural d\u2019una localitat i s\u2019endinsen en un mitj\u00e0 de comunicaci\u00f3 com \u00e9s la r\u00e0dio.<\/p>\n<p style=\"text-align: justify;\">\n","protected":false},"featured_media":643,"comment_status":"open","ping_status":"closed","template":"","meta":{"_et_pb_use_builder":"","_et_pb_old_content":"","_et_gb_content_width":""},"product_brand":[],"product_cat":[146,111,243],"product_tag":[120,45,121,122,47,123],"class_list":{"0":"post-611","1":"product","2":"type-product","3":"status-publish","4":"has-post-thumbnail","6":"product_cat-catalan","7":"product_cat-mi-pueblo-mola","8":"product_cat-millenniars","9":"product_tag-antonio-isla","10":"product_tag-aragon-tiene-talento","11":"product_tag-barbastro","12":"product_tag-maria-jose-martinez","13":"product_tag-millenniars","14":"product_tag-sara-fernandez","15":"product_shipping_class-envio-estandar","17":"first","18":"instock","19":"taxable","20":"shipping-taxable","21":"purchasable","22":"product-type-simple"},"_links":{"self":[{"href":"https:\/\/v31.es\/booksonline\/wp-json\/wp\/v2\/product\/611","targetHints":{"allow":["GET"]}}],"collection":[{"href":"https:\/\/v31.es\/booksonline\/wp-json\/wp\/v2\/product"}],"about":[{"href":"https:\/\/v31.es\/booksonline\/wp-json\/wp\/v2\/types\/product"}],"replies":[{"embeddable":true,"href":"https:\/\/v31.es\/booksonline\/wp-json\/wp\/v2\/comments?post=611"}],"wp:featuredmedia":[{"embeddable":true,"href":"https:\/\/v31.es\/booksonline\/wp-json\/wp\/v2\/media\/643"}],"wp:attachment":[{"href":"https:\/\/v31.es\/booksonline\/wp-json\/wp\/v2\/media?parent=611"}],"wp:term":[{"taxonomy":"product_brand","embeddable":true,"href":"https:\/\/v31.es\/booksonline\/wp-json\/wp\/v2\/product_brand?post=611"},{"taxonomy":"product_cat","embeddable":true,"href":"https:\/\/v31.es\/booksonline\/wp-json\/wp\/v2\/product_cat?post=611"},{"taxonomy":"product_tag","embeddable":true,"href":"https:\/\/v31.es\/booksonline\/wp-json\/wp\/v2\/product_tag?post=611"}],"curies":[{"name":"wp","href":"https:\/\/api.w.org\/{rel}","templated":true}]}}