{"id":616,"date":"2019-06-05T11:27:43","date_gmt":"2019-06-05T09:27:43","guid":{"rendered":"http:\/\/v31.es\/booksonline\/producto\/import-placeholder-for-807\/"},"modified":"2019-08-06T10:03:27","modified_gmt":"2019-08-06T08:03:27","slug":"brea-de-aragon","status":"publish","type":"product","link":"https:\/\/v31.es\/booksonline\/producto\/brea-de-aragon\/","title":{"rendered":"Brea de Arag\u00f3n"},"content":{"rendered":"","protected":false},"excerpt":{"rendered":"<p><span style=\"color: #808080;\"><strong>No hay mejor juguete que un cuento<\/strong><\/span><\/p>\n<p>En este cuento aprendemos que cuando identificamos las necesidades de los dem\u00e1s y deseamos contribuir a satisfacerlas, estamos siendo solidarios.<\/p>\n<p style=\"text-align: justify;\">[read more=\u00bbLeer m\u00e1s\u00bb less=\u00bbOcultar\u00a0\u00ab]<b>\u00a0<\/b><\/p>\n<p><span style=\"color: #808080;\"><strong>\u00a0\u00bfSab\u00edas que&#8230;<\/strong><\/span><\/p>\n<p>Hace solo 4 millones de a\u00f1os que los seres humanos andamos con nuestros dos pies?<\/p>\n<p>Para proteger nuestros pies nuestros antepasados inventaron el calzado?<\/p>\n<p>Desde hace cientos de a\u00f1os pueblos como Brea y sus habitantes han contribuido a mejorar la salud y la calidad de vida de millones de personas fabricando zapatos?<\/p>\n<p>Brea fue el primer pueblo de la comarca del aranda que elabor\u00f3 calzado hace m\u00e1s de 400 a\u00f1os?<\/p>\n<p>Los vecinos de Brea destacan por su actitud solidaria y colaborativa?<\/p>\n<p>La tradici\u00f3n de curtir la piel es m\u00e1s antigua? para ello siempre se cultivaba un arbusto llamado zumaque.<\/p>\n<p>Al visitar el museo del calzado de Brea vives una experiencia inolvidable? All\u00ed compruebas c\u00f3mo la historia del calzado, paso a paso, es tambi\u00e9n la historia de Brea<br \/>\n\u00bfDe d\u00f3nde son los zapatos que llevas?<\/p>\n<p>\u00bfHas visto el zumaque de Brea?<\/p>\n<p style=\"text-align: justify;\"><b>\u00a0<\/b>[\/read]<\/p>\n<p style=\"text-align: justify;\">\n","protected":false},"featured_media":645,"comment_status":"open","ping_status":"closed","template":"","meta":{"_et_pb_use_builder":"","_et_pb_old_content":"","_et_gb_content_width":""},"product_brand":[],"product_cat":[111,243],"product_tag":[45,192,203,112,113,47],"class_list":{"0":"post-616","1":"product","2":"type-product","3":"status-publish","4":"has-post-thumbnail","6":"product_cat-mi-pueblo-mola","7":"product_cat-millenniars","8":"product_tag-aragon-tiene-talento","9":"product_tag-benabarre","10":"product_tag-brea-de-aragon","11":"product_tag-eleuterio-pueyo","12":"product_tag-emeri-mur","13":"product_tag-millenniars","14":"product_shipping_class-envio-estandar","16":"first","17":"instock","18":"taxable","19":"shipping-taxable","20":"purchasable","21":"product-type-simple"},"_links":{"self":[{"href":"https:\/\/v31.es\/booksonline\/wp-json\/wp\/v2\/product\/616","targetHints":{"allow":["GET"]}}],"collection":[{"href":"https:\/\/v31.es\/booksonline\/wp-json\/wp\/v2\/product"}],"about":[{"href":"https:\/\/v31.es\/booksonline\/wp-json\/wp\/v2\/types\/product"}],"replies":[{"embeddable":true,"href":"https:\/\/v31.es\/booksonline\/wp-json\/wp\/v2\/comments?post=616"}],"wp:featuredmedia":[{"embeddable":true,"href":"https:\/\/v31.es\/booksonline\/wp-json\/wp\/v2\/media\/645"}],"wp:attachment":[{"href":"https:\/\/v31.es\/booksonline\/wp-json\/wp\/v2\/media?parent=616"}],"wp:term":[{"taxonomy":"product_brand","embeddable":true,"href":"https:\/\/v31.es\/booksonline\/wp-json\/wp\/v2\/product_brand?post=616"},{"taxonomy":"product_cat","embeddable":true,"href":"https:\/\/v31.es\/booksonline\/wp-json\/wp\/v2\/product_cat?post=616"},{"taxonomy":"product_tag","embeddable":true,"href":"https:\/\/v31.es\/booksonline\/wp-json\/wp\/v2\/product_tag?post=616"}],"curies":[{"name":"wp","href":"https:\/\/api.w.org\/{rel}","templated":true}]}}

Brea de Aragón

<p><span style="color: #808080;"><strong>No hay mejor juguete que un cuento</strong></span></p>
<p>En este cuento aprendemos que cuando identificamos las necesidades de los demás y deseamos contribuir a satisfacerlas, estamos siendo solidarios.</p>
<p style="text-align: justify;">[read more=»Leer más» less=»Ocultar «]<b> </b></p>
<p><span style="color: #808080;"><strong> ¿Sabías que&#8230;</strong></span></p>
<p>Hace solo 4 millones de años que los seres humanos andamos con nuestros dos pies?</p>
<p>Para proteger nuestros pies nuestros antepasados inventaron el calzado?</p>
<p>Desde hace cientos de años pueblos como Brea y sus habitantes han contribuido a mejorar la salud y la calidad de vida de millones de personas fabricando zapatos?</p>
<p>Brea fue el primer pueblo de la comarca del aranda que elaboró calzado hace más de 400 años?</p>
<p>Los vecinos de Brea destacan por su actitud solidaria y colaborativa?</p>
<p>La tradición de curtir la piel es más antigua? para ello siempre se cultivaba un arbusto llamado zumaque.</p>
<p>Al visitar el museo del calzado de Brea vives una experiencia inolvidable? Allí compruebas cómo la historia del calzado, paso a paso, es también la historia de Brea<br />
¿De dónde son los zapatos que llevas?</p>
<p>¿Has visto el zumaque de Brea?</p>
<p style="text-align: justify;"><b> </b>[/read]</p>
<p style="text-align: justify;">
