{"id":654,"date":"2019-06-10T08:59:57","date_gmt":"2019-06-10T06:59:57","guid":{"rendered":"http:\/\/v31.es\/booksonline\/?post_type=product&#038;p=654"},"modified":"2019-06-12T12:58:41","modified_gmt":"2019-06-12T10:58:41","slug":"y-si-tu-fueras-dios","status":"publish","type":"product","link":"https:\/\/v31.es\/booksonline\/producto\/y-si-tu-fueras-dios\/","title":{"rendered":"\u00bfY si t\u00fa fueras Dios?"},"content":{"rendered":"<p>Este Libro no trata en absoluto de defender ning\u00fan credo, ni pretende abanderar ninguna causa religiosa.<\/p>\n<p><strong>A trav\u00e9s de dibujos, historias y an\u00e9cdotas sencillas y profundas, este Libro te lleva a comprender por qu\u00e9 el ser humano se ha alejado de su DIVINIDAD y por qu\u00e9, durante milenios, ha buscado EL SENTIDO de la Vida en lugares que no eran los correctos.<\/strong><\/p>\n<p>De manera clara y sencilla te proporciona las claves para que\u00a0<strong>TU CONSCIENCIA<\/strong>se abra a encontrar el\u00a0<strong>PODER<\/strong>\u00a0que habita en cada\u00a0<strong>SER.<\/strong><\/p>\n<p><strong>El SAGRADO PODER que habita en Ti. <\/strong>Porque es desde ese lugar desde donde el sentido de TU VIDA, simplemente comienza\u2026<\/p>\n<p><iframe loading=\"lazy\" title=\"\u00c1NGELES ABELLA.  \u00bfY si TU fueras DIOS...?\" width=\"1080\" height=\"608\" src=\"https:\/\/www.youtube.com\/embed\/Rv8VjFFkUls?feature=oembed\" frameborder=\"0\" allow=\"accelerometer; autoplay; encrypted-media; gyroscope; picture-in-picture\" allowfullscreen><\/iframe><\/p>\n<p>&nbsp;<\/p>\n","protected":false},"excerpt":{"rendered":"<p>Este Libro no trata en absoluto de defender ning\u00fan credo, ni pretende abanderar ninguna causa religiosa. A trav\u00e9s de dibujos, historias y an\u00e9cdotas sencillas y profundas, este Libro te lleva a comprender por qu\u00e9 el ser humano se ha alejado de su DIVINIDAD y por qu\u00e9, durante milenios, ha buscado EL SENTIDO de la Vida [&hellip;]<\/p>\n","protected":false},"featured_media":655,"comment_status":"open","ping_status":"closed","template":"","meta":{"_et_pb_use_builder":"","_et_pb_old_content":"","_et_gb_content_width":""},"product_brand":[],"product_cat":[213],"product_tag":[214],"class_list":{"0":"post-654","1":"product","2":"type-product","3":"status-publish","4":"has-post-thumbnail","6":"product_cat-angeles-abella","7":"product_tag-crecimiento-personal","9":"first","10":"instock","11":"taxable","12":"shipping-taxable","13":"purchasable","14":"product-type-simple"},"_links":{"self":[{"href":"https:\/\/v31.es\/booksonline\/wp-json\/wp\/v2\/product\/654","targetHints":{"allow":["GET"]}}],"collection":[{"href":"https:\/\/v31.es\/booksonline\/wp-json\/wp\/v2\/product"}],"about":[{"href":"https:\/\/v31.es\/booksonline\/wp-json\/wp\/v2\/types\/product"}],"replies":[{"embeddable":true,"href":"https:\/\/v31.es\/booksonline\/wp-json\/wp\/v2\/comments?post=654"}],"wp:featuredmedia":[{"embeddable":true,"href":"https:\/\/v31.es\/booksonline\/wp-json\/wp\/v2\/media\/655"}],"wp:attachment":[{"href":"https:\/\/v31.es\/booksonline\/wp-json\/wp\/v2\/media?parent=654"}],"wp:term":[{"taxonomy":"product_brand","embeddable":true,"href":"https:\/\/v31.es\/booksonline\/wp-json\/wp\/v2\/product_brand?post=654"},{"taxonomy":"product_cat","embeddable":true,"href":"https:\/\/v31.es\/booksonline\/wp-json\/wp\/v2\/product_cat?post=654"},{"taxonomy":"product_tag","embeddable":true,"href":"https:\/\/v31.es\/booksonline\/wp-json\/wp\/v2\/product_tag?post=654"}],"curies":[{"name":"wp","href":"https:\/\/api.w.org\/{rel}","templated":true}]}}