{"id":657,"date":"2019-06-10T09:19:04","date_gmt":"2019-06-10T07:19:04","guid":{"rendered":"http:\/\/v31.es\/booksonline\/?post_type=product&#038;p=657"},"modified":"2022-02-21T12:40:23","modified_gmt":"2022-02-21T11:40:23","slug":"en-aras-del-amor","status":"publish","type":"product","link":"https:\/\/v31.es\/booksonline\/producto\/en-aras-del-amor\/","title":{"rendered":"En Aras del Amor"},"content":{"rendered":"<p>Es un libro que te lleva de la mano por diferentes situaciones de la vida en las que\u00a0<strong>puedes llegar a tomar decisiones por Amor.<\/strong><\/p>\n<div class='et-learn-more clearfix'>\n\t\t\t\t\t<h3 class='heading-more'>Click here to learn more<span class='et_learnmore_arrow'><span><\/span><\/span><\/h3>\n\t\t\t\t\t<div class='learn-more-content'>Algunas de ellas son muy \u00edntimas y, como tal, son tratadas con el m\u00e1ximo respeto y delicadeza. Son situaciones en las que puedes llegar a creer y a defender que el \u00fanico motor que te empuja es el Amor. Pero, cuando las observas y las comprendes desde otras perspectivas, acabas descubriendo que ese motor que te impulsa, realmente recibe otro nombre. Acabar\u00e1s descubriendo El Verdadero Sentido del AMOR.<\/p>\n<p><iframe loading=\"lazy\" title=\"Angeles Abella  PART 2  Entrevista de radio en Valencia\" width=\"1080\" height=\"810\" src=\"https:\/\/www.youtube.com\/embed\/kJGlOU7cqHU?feature=oembed\" frameborder=\"0\" allow=\"accelerometer; autoplay; clipboard-write; encrypted-media; gyroscope; picture-in-picture\" allowfullscreen><\/iframe><\/p><\/div>\n\t\t\t\t<\/div>\n","protected":false},"excerpt":{"rendered":"<p>Es un libro que te lleva de la mano por diferentes situaciones de la vida en las que\u00a0puedes llegar a tomar decisiones por Amor.<\/p>\n","protected":false},"featured_media":658,"comment_status":"open","ping_status":"closed","template":"","meta":{"_et_pb_use_builder":"off","_et_pb_old_content":"","_et_gb_content_width":""},"product_brand":[],"product_cat":[213,199,350],"product_tag":[214],"class_list":{"0":"post-657","1":"product","2":"type-product","3":"status-publish","4":"has-post-thumbnail","6":"product_cat-angeles-abella","7":"product_cat-aragones","8":"product_cat-kiosco-de-libros","9":"product_tag-crecimiento-personal","11":"first","12":"instock","13":"taxable","14":"shipping-taxable","15":"purchasable","16":"product-type-simple"},"_links":{"self":[{"href":"https:\/\/v31.es\/booksonline\/wp-json\/wp\/v2\/product\/657","targetHints":{"allow":["GET"]}}],"collection":[{"href":"https:\/\/v31.es\/booksonline\/wp-json\/wp\/v2\/product"}],"about":[{"href":"https:\/\/v31.es\/booksonline\/wp-json\/wp\/v2\/types\/product"}],"replies":[{"embeddable":true,"href":"https:\/\/v31.es\/booksonline\/wp-json\/wp\/v2\/comments?post=657"}],"wp:featuredmedia":[{"embeddable":true,"href":"https:\/\/v31.es\/booksonline\/wp-json\/wp\/v2\/media\/658"}],"wp:attachment":[{"href":"https:\/\/v31.es\/booksonline\/wp-json\/wp\/v2\/media?parent=657"}],"wp:term":[{"taxonomy":"product_brand","embeddable":true,"href":"https:\/\/v31.es\/booksonline\/wp-json\/wp\/v2\/product_brand?post=657"},{"taxonomy":"product_cat","embeddable":true,"href":"https:\/\/v31.es\/booksonline\/wp-json\/wp\/v2\/product_cat?post=657"},{"taxonomy":"product_tag","embeddable":true,"href":"https:\/\/v31.es\/booksonline\/wp-json\/wp\/v2\/product_tag?post=657"}],"curies":[{"name":"wp","href":"https:\/\/api.w.org\/{rel}","templated":true}]}}