{"id":8476,"date":"2021-02-04T09:46:27","date_gmt":"2021-02-04T08:46:27","guid":{"rendered":"http:\/\/v31.es\/booksonline\/?post_type=product&#038;p=8476"},"modified":"2021-12-27T12:56:31","modified_gmt":"2021-12-27T11:56:31","slug":"cuando-tienes-dolor","status":"publish","type":"product","link":"https:\/\/v31.es\/booksonline\/producto\/cuando-tienes-dolor\/","title":{"rendered":"CUANDO TIENES DOLOR"},"content":{"rendered":"<p>El dolor f\u00edsico o emocional es parte inevitable de alg\u00fan momento de nuestra vida.<\/p>\n<p>En este cuento, la protagonista recuerda que para aliviar su dolor tiene que calmar su mente y su cuerpo. Ella nos ayuda a gestionar esos instantes que son dif\u00edciles tanto para ni\u00f1os como para adultos.<br \/>\nTodos los problemas pueden verse como oportunidades de aprendizaje y crecimiento. Es mejor afrontar las situaciones dif\u00edciles que huir de ellas. Cuestionar nuestros pensamientos, prestar atenci\u00f3n a las cosas bellas que nos rodean o crear un espacio interior de calma y serenidad son herramientas que, utilizadas en el d\u00eda a d\u00eda, nos ayudar\u00e1n a vivir la vida con mayor plenitud y alegr\u00eda.<\/p>\n<p>&nbsp;<\/p>\n","protected":false},"excerpt":{"rendered":"<p>El dolor f\u00edsico o emocional es parte inevitable de alg\u00fan momento de nuestra vida. En este cuento, la protagonista recuerda que para aliviar su dolor tiene que calmar su mente y su cuerpo. Ella nos ayuda a gestionar esos instantes que son dif\u00edciles tanto para ni\u00f1os como para adultos. Todos los problemas pueden verse como [&hellip;]<\/p>\n","protected":false},"featured_media":8477,"comment_status":"open","ping_status":"closed","template":"","meta":{"_et_pb_use_builder":"","_et_pb_old_content":"","_et_gb_content_width":""},"product_brand":[],"product_cat":[218,280,283],"product_tag":[250],"class_list":{"0":"post-8476","1":"product","2":"type-product","3":"status-publish","4":"has-post-thumbnail","6":"product_cat-booksonline","7":"product_cat-maria-tallon","8":"product_cat-silvia-romeral-andres","9":"product_tag-infantil","10":"product_shipping_class-envio-estandar","12":"first","13":"instock","14":"taxable","15":"shipping-taxable","16":"purchasable","17":"product-type-simple"},"_links":{"self":[{"href":"https:\/\/v31.es\/booksonline\/wp-json\/wp\/v2\/product\/8476","targetHints":{"allow":["GET"]}}],"collection":[{"href":"https:\/\/v31.es\/booksonline\/wp-json\/wp\/v2\/product"}],"about":[{"href":"https:\/\/v31.es\/booksonline\/wp-json\/wp\/v2\/types\/product"}],"replies":[{"embeddable":true,"href":"https:\/\/v31.es\/booksonline\/wp-json\/wp\/v2\/comments?post=8476"}],"wp:featuredmedia":[{"embeddable":true,"href":"https:\/\/v31.es\/booksonline\/wp-json\/wp\/v2\/media\/8477"}],"wp:attachment":[{"href":"https:\/\/v31.es\/booksonline\/wp-json\/wp\/v2\/media?parent=8476"}],"wp:term":[{"taxonomy":"product_brand","embeddable":true,"href":"https:\/\/v31.es\/booksonline\/wp-json\/wp\/v2\/product_brand?post=8476"},{"taxonomy":"product_cat","embeddable":true,"href":"https:\/\/v31.es\/booksonline\/wp-json\/wp\/v2\/product_cat?post=8476"},{"taxonomy":"product_tag","embeddable":true,"href":"https:\/\/v31.es\/booksonline\/wp-json\/wp\/v2\/product_tag?post=8476"}],"curies":[{"name":"wp","href":"https:\/\/api.w.org\/{rel}","templated":true}]}}

<p>El dolor físico o emocional es parte inevitable de algún momento de nuestra vida.</p>
<p>En este cuento, la protagonista recuerda que para aliviar su dolor tiene que calmar su mente y su cuerpo. Ella nos ayuda a gestionar esos instantes que son difíciles tanto para niños como para adultos.<br />
Todos los problemas pueden verse como oportunidades de aprendizaje y crecimiento. Es mejor afrontar las situaciones difíciles que huir de ellas. Cuestionar nuestros pensamientos, prestar atención a las cosas bellas que nos rodean o crear un espacio interior de calma y serenidad son herramientas que, utilizadas en el día a día, nos ayudarán a vivir la vida con mayor plenitud y alegría.</p>
<p>&nbsp;</p>

<p>El dolor físico o emocional es parte inevitable de algún momento de nuestra vida. En este cuento, la protagonista recuerda que para aliviar su dolor tiene que calmar su mente y su cuerpo. Ella nos ayuda a gestionar esos instantes que son difíciles tanto para niños como para adultos. Todos los problemas pueden verse como [&hellip;]</p>
