{"id":883,"date":"2019-06-26T08:03:59","date_gmt":"2019-06-26T06:03:59","guid":{"rendered":"http:\/\/v31.es\/booksonline\/?post_type=product&#038;p=883"},"modified":"2022-01-11T09:59:55","modified_gmt":"2022-01-11T08:59:55","slug":"palabras-desde-la-vida","status":"publish","type":"product","link":"https:\/\/v31.es\/booksonline\/producto\/palabras-desde-la-vida\/","title":{"rendered":"PALABRAS DESDE LA VIDA"},"content":{"rendered":"<p><strong>Educa quien contagia humanidad<\/strong><\/p>\n<div class='et-learn-more clearfix'>\n\t\t\t\t\t<h3 class='heading-more'>Click here to learn more<span class='et_learnmore_arrow'><span><\/span><\/span><\/h3>\n\t\t\t\t\t<div class='learn-more-content'><div>\n<p class=\"yiv1209704046MsoNormal\"><i>Palabras desde la vida<\/i> invita a una reflexi\u00f3n sobre la educaci\u00f3n. El libro parte de la convicci\u00f3n de que \u00abeduca quien contagia humanidad\u00bb. Ese contagio que se logra en la convivencia y con el ejemplo que debe ense\u00f1ar a vivir en armon\u00eda consigo mismo, con Dios y con el mundo.\u00a0 El autor nos instruye con argumentos y sabios consejos, no sin antes mostrarnos el valor de la palabra como instrumento de comunicaci\u00f3n y conocimiento.<\/p>\n<\/div><\/div>\n\t\t\t\t<\/div>\n","protected":false},"excerpt":{"rendered":"<p>Educa quien contagia humanidad<\/p>\n","protected":false},"featured_media":884,"comment_status":"open","ping_status":"closed","template":"","meta":{"_et_pb_use_builder":"off","_et_pb_old_content":"","_et_gb_content_width":""},"product_brand":[],"product_cat":[222,221],"product_tag":[214],"class_list":{"0":"post-883","1":"product","2":"type-product","3":"status-publish","4":"has-post-thumbnail","6":"product_cat-editorial-anteo","7":"product_cat-pedro-perez-perez","8":"product_tag-crecimiento-personal","10":"first","11":"instock","12":"taxable","13":"shipping-taxable","14":"purchasable","15":"product-type-simple"},"_links":{"self":[{"href":"https:\/\/v31.es\/booksonline\/wp-json\/wp\/v2\/product\/883","targetHints":{"allow":["GET"]}}],"collection":[{"href":"https:\/\/v31.es\/booksonline\/wp-json\/wp\/v2\/product"}],"about":[{"href":"https:\/\/v31.es\/booksonline\/wp-json\/wp\/v2\/types\/product"}],"replies":[{"embeddable":true,"href":"https:\/\/v31.es\/booksonline\/wp-json\/wp\/v2\/comments?post=883"}],"wp:featuredmedia":[{"embeddable":true,"href":"https:\/\/v31.es\/booksonline\/wp-json\/wp\/v2\/media\/884"}],"wp:attachment":[{"href":"https:\/\/v31.es\/booksonline\/wp-json\/wp\/v2\/media?parent=883"}],"wp:term":[{"taxonomy":"product_brand","embeddable":true,"href":"https:\/\/v31.es\/booksonline\/wp-json\/wp\/v2\/product_brand?post=883"},{"taxonomy":"product_cat","embeddable":true,"href":"https:\/\/v31.es\/booksonline\/wp-json\/wp\/v2\/product_cat?post=883"},{"taxonomy":"product_tag","embeddable":true,"href":"https:\/\/v31.es\/booksonline\/wp-json\/wp\/v2\/product_tag?post=883"}],"curies":[{"name":"wp","href":"https:\/\/api.w.org\/{rel}","templated":true}]}}