{"id":885,"date":"2019-06-26T08:26:58","date_gmt":"2019-06-26T06:26:58","guid":{"rendered":"http:\/\/v31.es\/booksonline\/?post_type=product&#038;p=885"},"modified":"2022-01-11T10:01:03","modified_gmt":"2022-01-11T09:01:03","slug":"escrito-al-atardecer","status":"publish","type":"product","link":"https:\/\/v31.es\/booksonline\/producto\/escrito-al-atardecer\/","title":{"rendered":"ESCRITO AL ATARDECER"},"content":{"rendered":"<p><i>Escrito al atardecer<\/i>\u00a0forma parte de un proyecto iniciado hace a\u00f1os por Pedro P\u00e9rez P\u00e9rez y que naci\u00f3 como la idea de publicar un libro con varios de sus escritos.<\/p>\n<div>\n<div>\n<p class=\"yiv1209704046MsoNormal\">Dada la cantidad de material, el plan original hubo de ser modificado y lo que en un principio iba a ser un \u00fanico volumen acab\u00f3 plante\u00e1ndose como una sucesi\u00f3n de tres libros. El primero de la serie acaba de ser publicado por la editorial PPC bajo el t\u00edtulo\u00a0<i>Paisajes del camino interior-Hacia una interioridad gozosa y fecunda<\/i>. El segundo, tambi\u00e9n de reciente aparici\u00f3n responde al t\u00edtulo\u00a0<i>Palabras desde la vida-Educa quien contagia humanidad<\/i>.<\/p>\n<\/div>\n<div>\n<p class=\"yiv1209704046MsoNormal\">A este tercer volumen seguir\u00e1 un cuarto puesto que los textos pendientes as\u00ed lo sugieren.<\/p>\n<\/div>\n<\/div>\n<p>&nbsp;<\/p>\n","protected":false},"excerpt":{"rendered":"<p>Escrito al atardecer\u00a0forma parte de un proyecto iniciado hace a\u00f1os por Pedro P\u00e9rez P\u00e9rez y que naci\u00f3 como la idea de publicar un libro con varios de sus escritos. Dada la cantidad de material, el plan original hubo de ser modificado y lo que en un principio iba a ser un \u00fanico volumen acab\u00f3 plante\u00e1ndose [&hellip;]<\/p>\n","protected":false},"featured_media":977,"comment_status":"open","ping_status":"closed","template":"","meta":{"_et_pb_use_builder":"off","_et_pb_old_content":"","_et_gb_content_width":""},"product_brand":[],"product_cat":[222,221],"product_tag":[214],"class_list":{"0":"post-885","1":"product","2":"type-product","3":"status-publish","4":"has-post-thumbnail","6":"product_cat-editorial-anteo","7":"product_cat-pedro-perez-perez","8":"product_tag-crecimiento-personal","10":"first","11":"instock","12":"taxable","13":"shipping-taxable","14":"purchasable","15":"product-type-simple"},"_links":{"self":[{"href":"https:\/\/v31.es\/booksonline\/wp-json\/wp\/v2\/product\/885","targetHints":{"allow":["GET"]}}],"collection":[{"href":"https:\/\/v31.es\/booksonline\/wp-json\/wp\/v2\/product"}],"about":[{"href":"https:\/\/v31.es\/booksonline\/wp-json\/wp\/v2\/types\/product"}],"replies":[{"embeddable":true,"href":"https:\/\/v31.es\/booksonline\/wp-json\/wp\/v2\/comments?post=885"}],"wp:featuredmedia":[{"embeddable":true,"href":"https:\/\/v31.es\/booksonline\/wp-json\/wp\/v2\/media\/977"}],"wp:attachment":[{"href":"https:\/\/v31.es\/booksonline\/wp-json\/wp\/v2\/media?parent=885"}],"wp:term":[{"taxonomy":"product_brand","embeddable":true,"href":"https:\/\/v31.es\/booksonline\/wp-json\/wp\/v2\/product_brand?post=885"},{"taxonomy":"product_cat","embeddable":true,"href":"https:\/\/v31.es\/booksonline\/wp-json\/wp\/v2\/product_cat?post=885"},{"taxonomy":"product_tag","embeddable":true,"href":"https:\/\/v31.es\/booksonline\/wp-json\/wp\/v2\/product_tag?post=885"}],"curies":[{"name":"wp","href":"https:\/\/api.w.org\/{rel}","templated":true}]}}