{"id":8871,"date":"2021-04-15T11:00:09","date_gmt":"2021-04-15T09:00:09","guid":{"rendered":"https:\/\/v31.es\/booksonline\/?post_type=product&#038;p=8871"},"modified":"2022-04-05T11:43:19","modified_gmt":"2022-04-05T09:43:19","slug":"soplo-poetico","status":"publish","type":"product","link":"https:\/\/v31.es\/booksonline\/producto\/soplo-poetico\/","title":{"rendered":"Soplo Po\u00e9tico"},"content":{"rendered":"<p>\u201cSoplo po\u00e9tico\u201d es una recopilaci\u00f3n de poemas organizados en cuatro partes.<br \/>\n\u201cAdentr\u00e1ndome\u201d,<br \/>\n\u201cMirada social\u201d,<br \/>\n\u201cLo que la Vejez oculta\u201d<br \/>\ny \u201cNaturaleza cercana\u201d<br \/>\nque expresan sentimientos reales<br \/>\no imaginarios a los que todos<br \/>\nestamos expuestos cuando<br \/>\ndialogamos con nuestras emociones.<\/p>\n","protected":false},"excerpt":{"rendered":"<p>\u201cSoplo po\u00e9tico\u201d es una recopilaci\u00f3n de poemas organizados en cuatro partes. \u201cAdentr\u00e1ndome\u201d, \u201cMirada social\u201d, \u201cLo que la Vejez oculta\u201d y \u201cNaturaleza cercana\u201d que expresan sentimientos reales o imaginarios a los que todos estamos expuestos cuando dialogamos con nuestras emociones.<\/p>\n","protected":false},"featured_media":10263,"comment_status":"open","ping_status":"closed","template":"","meta":{"_et_pb_use_builder":"off","_et_pb_old_content":"\u201cNada es lo que parece, nada parece lo que es\u201d\r\n\r\n[learn_more caption=\"leer m\u00e1s\"]Nos pasamos la mayor parte de nuestra existencia sumidos en una profunda oscuridad, y no somos conscientes de que con un simple gesto, podemos pulsar el interruptor que llenar\u00eda nuestra vida de luz y felicidad. Pocas son las personas capaces de ver que malgastando nuestro tiempo en esa pelea constante con nosotros mismos y con los dem\u00e1s nunca llegaremos a encontrar lo que realmente buscamos, el amor. El amor llegar\u00e1 a ti si le abres la puerta, o al menos una ventana. El amor no es perfecto, pero es lo \u00fanico por lo que merece la pena sufrir, y sobre todo vivir.[\/learn_more]","_et_gb_content_width":""},"product_brand":[],"product_cat":[218,294],"product_tag":[227],"class_list":{"0":"post-8871","1":"product","2":"type-product","3":"status-publish","4":"has-post-thumbnail","6":"product_cat-booksonline","7":"product_cat-ma-teresa-casasnovas-manau","8":"product_tag-poesia","9":"product_shipping_class-envio-estandar","11":"first","12":"instock","13":"taxable","14":"shipping-taxable","15":"purchasable","16":"product-type-simple"},"_links":{"self":[{"href":"https:\/\/v31.es\/booksonline\/wp-json\/wp\/v2\/product\/8871","targetHints":{"allow":["GET"]}}],"collection":[{"href":"https:\/\/v31.es\/booksonline\/wp-json\/wp\/v2\/product"}],"about":[{"href":"https:\/\/v31.es\/booksonline\/wp-json\/wp\/v2\/types\/product"}],"replies":[{"embeddable":true,"href":"https:\/\/v31.es\/booksonline\/wp-json\/wp\/v2\/comments?post=8871"}],"wp:featuredmedia":[{"embeddable":true,"href":"https:\/\/v31.es\/booksonline\/wp-json\/wp\/v2\/media\/10263"}],"wp:attachment":[{"href":"https:\/\/v31.es\/booksonline\/wp-json\/wp\/v2\/media?parent=8871"}],"wp:term":[{"taxonomy":"product_brand","embeddable":true,"href":"https:\/\/v31.es\/booksonline\/wp-json\/wp\/v2\/product_brand?post=8871"},{"taxonomy":"product_cat","embeddable":true,"href":"https:\/\/v31.es\/booksonline\/wp-json\/wp\/v2\/product_cat?post=8871"},{"taxonomy":"product_tag","embeddable":true,"href":"https:\/\/v31.es\/booksonline\/wp-json\/wp\/v2\/product_tag?post=8871"}],"curies":[{"name":"wp","href":"https:\/\/api.w.org\/{rel}","templated":true}]}}