{"id":9256,"date":"2021-06-03T10:58:44","date_gmt":"2021-06-03T08:58:44","guid":{"rendered":"https:\/\/v31.es\/booksonline\/?post_type=product&#038;p=9256"},"modified":"2022-03-28T12:45:28","modified_gmt":"2022-03-28T10:45:28","slug":"camino-de-santiago-plato-a-plato","status":"publish","type":"product","link":"https:\/\/v31.es\/booksonline\/producto\/camino-de-santiago-plato-a-plato\/","title":{"rendered":"Camino de Santiago, plato a plato"},"content":{"rendered":"<p>En el Camino de Santiago, declarado Patrimonio de la Humanidad por la Unesco, la sabidur\u00eda popular aprovecha con acierto los productos de la tierra para ofrecer al peregrino aut\u00e9nticas delicias gastron\u00f3micas basadas siempre en la calidad natural de las materias primas. Este libro pretende acercar al lector a esa gastronom\u00eda tan especial. Para ello se han seleccionado setenta lugares de todo tipo: mesones, fondas, restaurantes, paradores, conventos, etc. Cada uno de ellos ha preparado un men\u00fa completo, resultando en total m\u00e1s de doscientas recetas diferentes que podemos hacer en nuestras casas.<\/p>\n","protected":false},"excerpt":{"rendered":"<p>En el Camino de Santiago, declarado Patrimonio de la Humanidad por la Unesco, la sabidur\u00eda popular aprovecha con acierto los productos de la tierra para ofrecer al peregrino aut\u00e9nticas delicias gastron\u00f3micas basadas siempre en la calidad natural de las materias primas. Este libro pretende acercar al lector a esa gastronom\u00eda tan especial. Para ello se [&hellip;]<\/p>\n","protected":false},"featured_media":10101,"comment_status":"open","ping_status":"closed","template":"","meta":{"_et_pb_use_builder":"","_et_pb_old_content":"","_et_gb_content_width":""},"product_brand":[],"product_cat":[222,300],"product_tag":[301],"class_list":{"0":"post-9256","1":"product","2":"type-product","3":"status-publish","4":"has-post-thumbnail","6":"product_cat-editorial-anteo","7":"product_cat-pedro-martin","8":"product_tag-pedro-martin","9":"product_shipping_class-envio-estandar","11":"first","12":"instock","13":"taxable","14":"shipping-taxable","15":"purchasable","16":"product-type-simple"},"_links":{"self":[{"href":"https:\/\/v31.es\/booksonline\/wp-json\/wp\/v2\/product\/9256","targetHints":{"allow":["GET"]}}],"collection":[{"href":"https:\/\/v31.es\/booksonline\/wp-json\/wp\/v2\/product"}],"about":[{"href":"https:\/\/v31.es\/booksonline\/wp-json\/wp\/v2\/types\/product"}],"replies":[{"embeddable":true,"href":"https:\/\/v31.es\/booksonline\/wp-json\/wp\/v2\/comments?post=9256"}],"wp:featuredmedia":[{"embeddable":true,"href":"https:\/\/v31.es\/booksonline\/wp-json\/wp\/v2\/media\/10101"}],"wp:attachment":[{"href":"https:\/\/v31.es\/booksonline\/wp-json\/wp\/v2\/media?parent=9256"}],"wp:term":[{"taxonomy":"product_brand","embeddable":true,"href":"https:\/\/v31.es\/booksonline\/wp-json\/wp\/v2\/product_brand?post=9256"},{"taxonomy":"product_cat","embeddable":true,"href":"https:\/\/v31.es\/booksonline\/wp-json\/wp\/v2\/product_cat?post=9256"},{"taxonomy":"product_tag","embeddable":true,"href":"https:\/\/v31.es\/booksonline\/wp-json\/wp\/v2\/product_tag?post=9256"}],"curies":[{"name":"wp","href":"https:\/\/api.w.org\/{rel}","templated":true}]}}