{"id":9258,"date":"2021-06-03T11:05:36","date_gmt":"2021-06-03T09:05:36","guid":{"rendered":"https:\/\/v31.es\/booksonline\/?post_type=product&#038;p=9258"},"modified":"2022-03-28T12:44:31","modified_gmt":"2022-03-28T10:44:31","slug":"carne-en-nuestra-cocina","status":"publish","type":"product","link":"https:\/\/v31.es\/booksonline\/producto\/carne-en-nuestra-cocina\/","title":{"rendered":"Carne en nuestra cocina"},"content":{"rendered":"<p>Txuno Etxaniz nos presenta una selecci\u00f3n de recetas tanto nacionales como extranjeras, f\u00e1ciles de elaborar y en las que el ingrediente principal es la carne o sus derivados. El bovino, el ovino y el porcino est\u00e1n recogidos en las m\u00e1s de doscientas cincuenta f\u00f3rmulas culinarias con las que cuenta este libro.<br \/>\nTxuno Etxaniz ha escrito \u00e9sta obra como es habitual en \u00e9l, con un lenguaje claro y sencillo y utilizando ingredientes y componentes para que todo el que lo desee pueda cocinar sin grandes complicaciones.<\/p>\n","protected":false},"excerpt":{"rendered":"<p>Txuno Etxaniz nos presenta una selecci\u00f3n de recetas tanto nacionales como extranjeras, f\u00e1ciles de elaborar y en las que el ingrediente principal es la carne o sus derivados. El bovino, el ovino y el porcino est\u00e1n recogidos en las m\u00e1s de doscientas cincuenta f\u00f3rmulas culinarias con las que cuenta este libro. Txuno Etxaniz ha escrito [&hellip;]<\/p>\n","protected":false},"featured_media":10121,"comment_status":"open","ping_status":"closed","template":"","meta":{"_et_pb_use_builder":"","_et_pb_old_content":"","_et_gb_content_width":""},"product_brand":[],"product_cat":[222,299],"product_tag":[298],"class_list":{"0":"post-9258","1":"product","2":"type-product","3":"status-publish","4":"has-post-thumbnail","6":"product_cat-editorial-anteo","7":"product_cat-txuno-etxaniz","8":"product_tag-txuno-etxaniz","9":"product_shipping_class-envio-estandar","11":"first","12":"instock","13":"taxable","14":"shipping-taxable","15":"purchasable","16":"product-type-simple"},"_links":{"self":[{"href":"https:\/\/v31.es\/booksonline\/wp-json\/wp\/v2\/product\/9258","targetHints":{"allow":["GET"]}}],"collection":[{"href":"https:\/\/v31.es\/booksonline\/wp-json\/wp\/v2\/product"}],"about":[{"href":"https:\/\/v31.es\/booksonline\/wp-json\/wp\/v2\/types\/product"}],"replies":[{"embeddable":true,"href":"https:\/\/v31.es\/booksonline\/wp-json\/wp\/v2\/comments?post=9258"}],"wp:featuredmedia":[{"embeddable":true,"href":"https:\/\/v31.es\/booksonline\/wp-json\/wp\/v2\/media\/10121"}],"wp:attachment":[{"href":"https:\/\/v31.es\/booksonline\/wp-json\/wp\/v2\/media?parent=9258"}],"wp:term":[{"taxonomy":"product_brand","embeddable":true,"href":"https:\/\/v31.es\/booksonline\/wp-json\/wp\/v2\/product_brand?post=9258"},{"taxonomy":"product_cat","embeddable":true,"href":"https:\/\/v31.es\/booksonline\/wp-json\/wp\/v2\/product_cat?post=9258"},{"taxonomy":"product_tag","embeddable":true,"href":"https:\/\/v31.es\/booksonline\/wp-json\/wp\/v2\/product_tag?post=9258"}],"curies":[{"name":"wp","href":"https:\/\/api.w.org\/{rel}","templated":true}]}}